000
CXUS54 KOUN 010810
CF6SPS
PRELIMINARY LOCAL CLIMATOLOGICAL DATA (WS FORM: F-6)
STATION: WICHITA FALLS
MONTH: SEPTEMBER
YEAR: 2021
LATITUDE: 33 58 N
LONGITUDE: 98 29 W
TEMPERATURE IN F: :PCPN: SNOW: WIND :SUNSHINE: SKY :PK WND
================================================================================
1 2 3 4 5 6A 6B 7 8 9 10 11 12 13 14 15 16 17 18
12Z AVG MX 2MIN
DY MAX MIN AVG DEP HDD CDD WTR SNW DPTH SPD SPD DIR MIN PSBL S-S WX SPD DR
================================================================================
1 100 71 86 5 0 21 0.00 0.0 0 8.3 18 150 M M 1 23 140
2 98 71 85 5 0 20 0.00 0.0 0 11.0 23 140 M M 1 1 27 140
3 98 74 86 6 0 21 0.00 0.0 0 12.1 21 150 M M 1 27 150
4 102 75 89 9 0 24 T 0.0 0 10.4 21 220 M M 1 25 230
5 91 71 81 1 0 16 0.00 0.0 0 7.9 18 20 M M 4 21 20
6 94 65 80 1 0 15 0.00 0.0 0 6.8 16 150 M M 1 20 150
7 96 67 82 3 0 17 0.00 0.0 0 9.5 18 190 M M 3 27 180
8 94 68 81 2 0 16 T 0.0 0 8.8 21 50 M M 1 3 27 30
9 93 60 77 -1 0 12 0.00 0.0 0 9.2 17 150 M M 0 22 180
10 95 65 80 2 0 15 0.00 0.0 0 12.9 23 180 M M 1 30 190
11 96 60 78 0 0 13 0.00 0.0 0 11.6 21 150 M M 0 31 150
12 94 59 77 0 0 12 0.00 0.0 0 10.1 20 140 M M 0 23 150
13 94 61 78 1 0 13 0.00 0.0 0 10.8 22 150 M M 1 27 170
14 91 64 78 1 0 13 0.00 0.0 0 10.3 21 150 M M 1 26 130
15 92 63 78 2 0 13 0.00 0.0 0 6.4 20 50 M M 2 23 50
16 93 65 79 3 0 14 0.00 0.0 0 7.5 17 130 M M 1 24 130
17 95 66 81 5 0 16 0.00 0.0 0 8.0 16 70 M M 1 21 60
18 96 66 81 6 0 16 0.00 0.0 0 4.6 14 40 M M 0 19 40
19 96 64 80 5 0 15 0.00 0.0 0 7.0 16 160 M M 0 22 170
20 102 72 87 12 0 22 0.00 0.0 0 13.3 24 30 M M 3 30 10
21 84 57 71 -3 0 6 0.00 0.0 0 20.1 32 10 M M 3 39 10
22 83 51 67 -7 0 2 0.00 0.0 0 6.0 14 330 M M 0 17 330
23 87 51 69 -5 0 4 0.00 0.0 0 8.2 16 170 M M 1 21 180
24 88 54 71 -2 0 6 0.00 0.0 0 7.0 15 160 M M 3 19 210
25 93 52 73 0 0 8 0.00 0.0 0 6.7 15 190 M M 0 19 200
26 93 60 77 5 0 12 0.00 0.0 0 11.9 21 190 M M 1 27 180
27 93 62 78 6 0 13 0.00 0.0 0 12.4 21 210 M M 2 26 190
28 97 60 79 7 0 14 0.11 0.0 0 8.3 32 160 M M 3 3 39 170
29 90 63 77 6 0 12 T 0.0 M 11.9 21 140 M M 1 13 29 170
30 85 66 76 5 0 11 0.23 0.0 0 7.9 26 110 M M 5 13 32 110
================================================================================
SM 2803 1903 0 412 0.34 0.0 286.9 M 42
================================================================================
AV 93.4 63.4 9.6 FASTST M M 1 MAX(MPH)
MISC ----> # 32 10 # 39 10
================================================================================
NOTES:
# LAST OF SEVERAL OCCURRENCES
COLUMN 17 PEAK WIND IN M.P.H.
PRELIMINARY LOCAL CLIMATOLOGICAL DATA (WS FORM: F-6) , PAGE 2
STATION: WICHITA FALLS
MONTH: SEPTEMBER
YEAR: 2021
LATITUDE: 33 58 N
LONGITUDE: 98 29 W
[TEMPERATURE DATA] [PRECIPITATION DATA] SYMBOLS USED IN COLUMN 16
AVERAGE MONTHLY: 78.4 TOTAL FOR MONTH: 0.34 1 = FOG OR MIST
DPTR FM NORMAL: 2.4 DPTR FM NORMAL: -2.65 2 = FOG REDUCING VISIBILITY
HIGHEST: 102 ON 20, 4 GRTST 24HR 0.23 ON 30-30 TO 1/4 MILE OR LESS
LOWEST: 51 ON 23,22 3 = THUNDER
SNOW, ICE PELLETS, HAIL 4 = ICE PELLETS
TOTAL MONTH: 0.0 INCH 5 = HAIL
GRTST 24HR 0.0 6 = FREEZING RAIN OR DRIZZLE
GRTST DEPTH: 0 7 = DUSTSTORM OR SANDSTORM:
VSBY 1/2 MILE OR LESS
8 = SMOKE OR HAZE
[NO. OF DAYS WITH] [WEATHER - DAYS WITH] 9 = BLOWING SNOW
X = TORNADO
MAX 32 OR BELOW: 0 0.01 INCH OR MORE: 2
MAX 90 OR ABOVE: 25 0.10 INCH OR MORE: 2
MIN 32 OR BELOW: 0 0.50 INCH OR MORE: 0
MIN 0 OR BELOW: 0 1.00 INCH OR MORE: 0
[HDD (BASE 65) ]
TOTAL THIS MO. 0 CLEAR (SCALE 0-3) 27
DPTR FM NORMAL -10 PTCLDY (SCALE 4-7) 3
TOTAL FM JUL 1 0 CLOUDY (SCALE 8-10) 0
DPTR FM NORMAL -5
[CDD (BASE 65) ]
TOTAL THIS MO. 412
DPTR FM NORMAL 71 [PRESSURE DATA]
TOTAL FM JAN 1 2152 HIGHEST SLP M ON M
DPTR FM NORMAL -177 LOWEST SLP 29.67 ON 20
[REMARKS]
#FINAL-09-21#