000
CXUS54 KLZK 011230
CF6SRC
PRELIMINARY LOCAL CLIMATOLOGICAL DATA (WS FORM: F-6)
STATION: SEARCY AIRPORT
MONTH: FEBRUARY
YEAR: 2022
LATITUDE: 35 12 N
LONGITUDE: 91 44 W
TEMPERATURE IN F: :PCPN: SNOW: WIND :SUNSHINE: SKY :PK WND
================================================================================
1 2 3 4 5 6A 6B 7 8 9 10 11 12 13 14 15 16 17 18
12Z AVG MX 2MIN
DY MAX MIN AVG DEP HDD CDD WTR SNW DPTH SPD SPD DIR MIN PSBL S-S WX SPD DR
================================================================================
1 64 44 54 15 11 0 0.03 M M 6.6 16 160 M M 9 M M
2 55 28 42 3 23 0 0.20 M M 10.6 17 30 M M 10 1 28 10
3 28 24 26 -13 39 0 0.62 M M 14.3 21 20 M M 10 1 31 10
4 27 23 25 -15 40 0 T M M 8.5 10 320 M M 10 20 350
5 M M M M M M 0.00 M M M M M M M M M M
6 47 17 32 -8 33 0 0.00 M M 2.6 9 120 M M 0 M M
7 51 22 37 -3 28 0 0.00 M M 3.3 12 20 M M 0 M M
8 61 23 42 2 23 0 0.00 M M 4.9 13 180 M M 0 16 220
9 66 30 48 7 17 0 0.00 M M 5.8 15 260 M M 0 21 260
10 63 36 50 9 15 0 0.00 M M 2.0 8 170 M M 0 M M
11 70 30 50 9 15 0 T M M 6.1 14 360 M M 1 20 350
12 54 23 39 -2 26 0 0.00 M M 8.5 16 360 M M 6 21 350
13 53 17 35 -7 30 0 0.00 M M 4.1 13 190 M M 0 16 190
14 67 22 45 3 20 0 0.00 M M 3.7 10 190 M M 0 M M
15 66 28 47 5 18 0 0.00 M M 8.3 18 180 M M 0 30 180
16 69 53 61 19 4 0 0.07 M M 11.0 21 190 M M 9 30 180
17 68 32 50 7 15 0 0.97 M M 12.6 21 190 M M 10 13 29 330
18 46 21 34 -9 31 0 0.00 M M 5.6 14 360 M M 1 M M
19 52 23 38 -5 27 0 0.00 M M 4.4 12 90 M M 0 M M
20 65 26 46 2 19 0 0.00 M M 7.1 16 190 M M 0 24 190
21 67 47 57 13 8 0 0.02 M M 6.7 13 160 M M 9 1 M M
22 67 33 50 6 15 0 1.01 M M 9.5 16 240 M M 10 13 25 230
23 32 28 30 -14 35 0 0.73 M M 10.8 22 30 M M 10 12 20 20
24 33 26 30 -15 35 0 0.13 M M 6.8 15 20 M M 10 1 20 20
25 33 24 29 -16 36 0 0.00 M M 8.0 13 20 M M 9 16 330
26 32 27 30 -16 35 0 0.27 M M 9.6 14 40 M M 10 1 M M
27 50 29 40 -6 25 0 0.01 M M 4.6 10 360 M M 4 18 16 360
28 62 24 43 -3 22 0 0.00 M M 2.3 9 220 M M 0 M M
================================================================================
SM 1448 760 645 0 4.06 M 188.3 M 128
================================================================================
AV 53.6 28.1 7.0 FASTST M M 5 MAX(MPH)
MISC ----> 22 30 31 10
================================================================================
NOTES:
# LAST OF SEVERAL OCCURRENCES
COLUMN 17 PEAK WIND IN M.P.H.
PRELIMINARY LOCAL CLIMATOLOGICAL DATA (WS FORM: F-6) , PAGE 2
STATION: SEARCY AIRPORT
MONTH: FEBRUARY
YEAR: 2022
LATITUDE: 35 12 N
LONGITUDE: 91 44 W
[TEMPERATURE DATA] [PRECIPITATION DATA] SYMBOLS USED IN COLUMN 16
AVERAGE MONTHLY: 40.9 TOTAL FOR MONTH: 4.06 1 = FOG OR MIST
DPTR FM NORMAL: -1.3 DPTR FM NORMAL: 0.39 2 = FOG REDUCING VISIBILITY
HIGHEST: 70 ON 11 GRTST 24HR 1.04 ON 16-17 TO 1/4 MILE OR LESS
LOWEST: 17 ON 6,13 3 = THUNDER
SNOW, ICE PELLETS, HAIL 4 = ICE PELLETS
TOTAL MONTH: M 5 = HAIL
GRTST 24HR M ON M 6 = FREEZING RAIN OR DRIZZLE
GRTST DEPTH: M ON M 7 = DUSTSTORM OR SANDSTORM:
VSBY 1/2 MILE OR LESS
8 = SMOKE OR HAZE
[NO. OF DAYS WITH] [WEATHER - DAYS WITH] 9 = BLOWING SNOW
X = TORNADO
MAX 32 OR BELOW: 4 0.01 INCH OR MORE: 11
MAX 90 OR ABOVE: 0 0.10 INCH OR MORE: 7
MIN 32 OR BELOW: 22 0.50 INCH OR MORE: 4
MIN 0 OR BELOW: 0 1.00 INCH OR MORE: 1
[HDD (BASE 65) ]
TOTAL THIS MO. 645 CLEAR (SCALE 0-3) 13
DPTR FM NORMAL 6 PTCLDY (SCALE 4-7) 2
TOTAL FM JUL 1 2478 CLOUDY (SCALE 8-10) 13
DPTR FM NORMAL -406
[CDD (BASE 65) ]
TOTAL THIS MO. 0
DPTR FM NORMAL 0 [PRESSURE DATA]
TOTAL FM JAN 1 0 HIGHEST SLP 30.62 ON 25
DPTR FM NORMAL 0 LOWEST SLP 29.61 ON 17
[REMARKS]
#FINAL-02-22#