000
CXUS52 KJAX 021310
CF6SSI
PRELIMINARY LOCAL CLIMATOLOGICAL DATA (WS FORM: F-6)
STATION: ST SIMONS ISLAND
MONTH: JULY
YEAR: 2022
LATITUDE: 31 9 N
LONGITUDE: 81 23 W
TEMPERATURE IN F: :PCPN: SNOW: WIND :SUNSHINE: SKY :PK WND
================================================================================
1 2 3 4 5 6A 6B 7 8 9 10 11 12 13 14 15 16 17 18
12Z AVG MX 2MIN
DY MAX MIN AVG DEP HDD CDD WTR SNW DPTH SPD SPD DIR MIN PSBL S-S WX SPD DR
================================================================================
1 92 76 84 1 0 19 2.49 0.0 0 7.2 17 290 M M 5 13 36 280
2 90 76 83 0 0 18 0.08 0.0 0 7.8 20 230 M M 3 13 25 240
3 93 77 85 2 0 20 T 0.0 0 7.6 17 210 M M 1 3 30 160
4 91 78 85 2 0 20 0.00 0.0 0 8.8 16 140 M M 0 22 140
5 90 81 86 3 0 21 0.00 0.0 0 8.7 17 150 M M 0 25 160
6 91 80 86 3 0 21 0.00 0.0 0 8.6 15 140 M M 0 23 160
7 96 74 85 2 0 20 2.43 0.0 0 5.8 26 20 M M 3 13 40 320
8 92 77 85 2 0 20 0.00 0.0 0 6.5 21 240 M M 1 3 32 230
9 93 78 86 3 0 21 T 0.0 0 7.8 16 190 M M 2 3 25 260
10 91 79 85 2 0 20 T 0.0 0 8.7 20 270 M M 1 3 27 280
11 91 75 83 -1 0 18 0.97 0.0 0 7.1 21 230 M M 5 13 30 210
12 90 75 83 -1 0 18 0.80 0.0 0 6.5 16 130 M M 6 13 20 140
13 91 79 85 1 0 20 0.34 0.0 0 6.8 21 170 M M 1 13 40 170
14 91 76 84 0 0 19 0.13 0.0 0 6.8 22 300 M M 1 13 36 300
15 87 76 82 -2 0 17 T 0.0 0 4.3 13 120 M M 3 3 19 130
16 89 74 82 -2 0 17 0.06 0.0 0 6.8 21 110 M M 2 3 28 120
17 87 76 82 -2 0 17 0.21 0.0 0 6.6 16 240 M M 4 13 26 190
18 88 75 82 -2 0 17 1.16 0.0 0 7.9 26 230 M M 2 13 39 220
19 91 76 84 0 0 19 0.21 0.0 0 9.3 22 220 M M 1 3 33 330
20 92 75 84 0 0 19 1.17 0.0 0 7.7 16 210 M M 2 13 23 170
21 93 76 85 1 0 20 T 0.0 0 10.2 18 220 M M 1 24 210
22 90 76 83 -1 0 18 T 0.0 0 7.5 26 240 M M 1 41 230
23 90 74 82 -2 0 17 0.00 0.0 0 5.5 14 140 M M 1 3 20 140
24 90 75 83 -1 0 18 0.00 0.0 0 5.7 17 140 M M 0 24 160
25 90 76 83 -1 0 18 0.00 0.0 0 7.0 17 130 M M 0 23 140
26 91 80 86 2 0 21 0.00 0.0 0 8.1 16 140 M M 1 18 24 150
27 91 78 85 1 0 20 0.00 0.0 0 8.5 16 160 M M 0 26 170
28 95 78 87 3 0 22 0.00 0.0 0 8.8 16 150 M M 1 28 170
29 94 79 87 3 0 22 0.02 0.0 0 8.1 16 140 M M 2 1 28 190
30 92 80 86 2 0 21 0.00 0.0 0 7.8 15 150 M M 0 23 180
31 92 79 86 2 0 21 0.00 0.0 0 9.4 16 150 M M 0 24 150
================================================================================
SM 2824 2384 0 599 10.07 0.0 233.9 M 50
================================================================================
AV 91.1 76.9 7.5 FASTST M M 2 MAX(MPH)
MISC ----> # 26 20 41 230
================================================================================
NOTES:
# LAST OF SEVERAL OCCURRENCES
COLUMN 17 PEAK WIND IN M.P.H.
PRELIMINARY LOCAL CLIMATOLOGICAL DATA (WS FORM: F-6) , PAGE 2
STATION: ST SIMONS ISLAND
MONTH: JULY
YEAR: 2022
LATITUDE: 31 9 N
LONGITUDE: 81 23 W
[TEMPERATURE DATA] [PRECIPITATION DATA] SYMBOLS USED IN COLUMN 16
AVERAGE MONTHLY: 84.0 TOTAL FOR MONTH: 10.07 1 = FOG OR MIST
DPTR FM NORMAL: 0.4 DPTR FM NORMAL: 5.88 2 = FOG REDUCING VISIBILITY
HIGHEST: 96 ON 7 GRTST 24HR 2.55 ON 1- 2 TO 1/4 MILE OR LESS
LOWEST: 74 ON 23,16 3 = THUNDER
SNOW, ICE PELLETS, HAIL 4 = ICE PELLETS
TOTAL MONTH: 0.0 INCH 5 = HAIL
GRTST 24HR 0.0 6 = FREEZING RAIN OR DRIZZLE
GRTST DEPTH: 0 7 = DUSTSTORM OR SANDSTORM:
VSBY 1/2 MILE OR LESS
8 = SMOKE OR HAZE
[NO. OF DAYS WITH] [WEATHER - DAYS WITH] 9 = BLOWING SNOW
X = TORNADO
MAX 32 OR BELOW: 0 0.01 INCH OR MORE: 13
MAX 90 OR ABOVE: 27 0.10 INCH OR MORE: 10
MIN 32 OR BELOW: 0 0.50 INCH OR MORE: 6
MIN 0 OR BELOW: 0 1.00 INCH OR MORE: 4
[HDD (BASE 65) ]
TOTAL THIS MO. 0 CLEAR (SCALE 0-3) 26
DPTR FM NORMAL 0 PTCLDY (SCALE 4-7) 5
TOTAL FM JUL 1 0 CLOUDY (SCALE 8-10) 0
DPTR FM NORMAL 0
[CDD (BASE 65) ]
TOTAL THIS MO. 599
DPTR FM NORMAL 24 [PRESSURE DATA]
TOTAL FM JAN 1 1842 HIGHEST SLP 30.22 ON 31
DPTR FM NORMAL 258 LOWEST SLP 29.88 ON 11
[REMARKS]
#FINAL-07-22#