000
CXUS53 KMPX 011923
CLMSTC
CLIMATE REPORT
NATIONAL WEATHER SERVICE TWIN CITIES/CHANHASSEN MN
123 PM CST FRI DEC 01 2023
...................................
...THE ST CLOUD MN CLIMATE SUMMARY FOR THE MONTH OF NOVEMBER 2023...
CLIMATE NORMAL PERIOD 1991 TO 2020
CLIMATE RECORD PERIOD 1893 TO 2023
WEATHER OBSERVED NORMAL DEPART LAST YEAR`S
VALUE DATE(S) VALUE FROM VALUE DATE(S)
NORMAL
................................................................
TEMPERATURE (F)
RECORD
HIGH 76 11/06/2020
LOW -23 11/30/1905
HIGHEST 65 11/16 52 13 75 11/02
LOWEST 3 11/28 12 -9 6 11/19
AVG. MAXIMUM 45.6 39.3 6.3 39.5
AVG. MINIMUM 25.0 22.6 2.4 24.0
MEAN 35.3 30.9 4.4 31.8
DAYS MAX >= 90 0 0.0 0.0 0
DAYS MAX <= 32 4 8.9 -4.9 13
DAYS MIN <= 32 20 25.5 -5.5 26
DAYS MIN <= 0 0 1.0 -1.0 0
PRECIPITATION (INCHES)
RECORD
MAXIMUM 4.16 1922
MINIMUM 0.00 1916
TOTALS 0.08 1.37 -1.29 2.11
DAILY AVG. 0.00 0.05 -0.05 0.07
DAYS >= .01 4 7.3 -3.3 10
DAYS >= .10 0 3.2 -3.2 5
DAYS >= .50 0 0.9 -0.9 2
DAYS >= 1.00 0 0.2 -0.2 0
GREATEST
24 HR. TOTAL 0.06 11/20 TO 11/21
SNOWFALL (INCHES)
RECORDS
TOTAL 25.0 5
TOTALS 0.1 6.9 -6.8 5.0
SINCE 7/1 2.6 7.9 -5.3 MM
SNOWDEPTH AVG. 0 1
DAYS >= 1.0 0 1.9 -1.9 MM
GREATEST
SNOW DEPTH 1 11/01 4 11/16
24 HR TOTAL 0.1 11/26 TO 11/26
DEGREE DAYS
HEATING TOTAL 883 1022 -139 990
SINCE 7/1 1486 1881 -395 MM
COOLING TOTAL 0 0 0 0
SINCE 1/1 783 468 315 MM
................................................................
WIND (MPH)
AVERAGE WIND SPEED 7.9
HIGHEST WIND SPEED/DIRECTION 36/280 DATE 11/09
HIGHEST GUST SPEED/DIRECTION 47/290 DATE 11/09
SKY COVER
POSSIBLE SUNSHINE (PERCENT) MM
AVERAGE SKY COVER 0.33
NUMBER OF DAYS FAIR 18
NUMBER OF DAYS PC 6
NUMBER OF DAYS CLOUDY 6
AVERAGE RH (PERCENT) 65
WEATHER CONDITIONS. NUMBER OF DAYS WITH
THUNDERSTORM 0 MIXED PRECIP 0
HEAVY RAIN 0 RAIN 0
LIGHT RAIN 3 FREEZING RAIN 0
LT FREEZING RAIN 0 HAIL 0
HEAVY SNOW 0 SNOW 0
LIGHT SNOW 2 SLEET 0
FOG 8 FOG W/VIS <= 1/4 MILE 0
HAZE 3
- INDICATES NEGATIVE NUMBERS.
R INDICATES RECORD WAS SET OR TIED.
MM INDICATES DATA IS MISSING.
T INDICATES TRACE AMOUNT.
$$