000
CXUS53 KEAX 040435
CLSSTJ
CLIMATE REPORT
NATIONAL WEATHER SERVICE
1132 PM CDT THU SEP 03 2020
...................................
...THE ST. JOSEPH MO CLIMATE SUMMARY FOR THE SEASON, FROM
6/1/2020 TO 8/31/2020...
CLIMATE NORMAL PERIOD: 1981 TO 2010
CLIMATE RECORD PERIOD: 1892 TO 2020
WEATHER OBSERVED NORMAL DEPART LAST YEAR`S
VALUE DATE(S) VALUE FROM VALUE DATE(S)
NORMAL
................................................................
TEMPERATURE (F)
RECORD
HIGH 110 08/13/1936
08/10/1934
LOW 41 08/28/1986
06/01/1982
07/05/1972
HIGHEST 95 06/06 98 -3 96 07/20
07/18
07/19
LOWEST 51 08/04 50 1 48 06/13
AVG. MAXIMUM 87.2 85.8 1.4 85.6
AVG. MINIMUM 66.5 64.9 1.6 66.5
MEAN 76.8 75.3 1.5 76.1
DAYS MAX >= 90 38 31.2 6.8 22
DAYS MAX <= 32 0 0.0 0.0 0
DAYS MIN <= 32 0 0.0 0.0 0
DAYS MIN <= 0 0 0.0 0.0 0
PRECIPITATION (INCHES)
RECORD
MAXIMUM 28.88 1951
MINIMUM 3.94 1901
TOTALS 17.68 13.35 4.33 14.07
DAILY AVG. 0.19 0.15 0.04 0.15
DAYS >= .01 26 26.4 -0.4 32
DAYS >= .10 15 16.4 -1.4 20
DAYS >= .50 10 8.2 1.8 10
DAYS >= 1.00 5 3.9 1.1 4
GREATEST
24 HR. TOTAL 4.00 07/29 TO 07/30
DEGREE DAYS
HEATING TOTAL 1 13 -12 1
COOLING TOTAL 1056 965 91 1043
................................................................
WIND (MPH)
AVERAGE WIND SPEED 7.0
HIGHEST WIND SPEED/DIRECTION 49/330 DATE 06/27
HIGHEST GUST SPEED/DIRECTION 70/290 DATE 06/04
SKY COVER
POSSIBLE SUNSHINE (PERCENT) MM
AVERAGE SKY COVER 0.19
NUMBER OF DAYS FAIR 73
NUMBER OF DAYS PC 17
NUMBER OF DAYS CLOUDY 2
AVERAGE RH (PERCENT) 71
WEATHER CONDITIONS. NUMBER OF DAYS WITH
THUNDERSTORM 4 MIXED PRECIP 0
HEAVY RAIN 13 RAIN 15
LIGHT RAIN 26 FREEZING RAIN 0
LT FREEZING RAIN 0 HAIL 0
HEAVY SNOW 0 SNOW 0
LIGHT SNOW 0 SLEET 0
FOG 40 FOG W/VIS <= 1/4 MILE 10
HAZE 13
- INDICATES NEGATIVE NUMBERS.
R INDICATES RECORD WAS SET OR TIED.
MM INDICATES DATA IS MISSING.
T INDICATES TRACE AMOUNT.
$$