000
CXUS53 KLSX 011400
CF6SUS
PRELIMINARY LOCAL CLIMATOLOGICAL DATA (WS FORM: F-6)
STATION: SPIRIT OF ST LOUIS MO
MONTH: MARCH
YEAR: 2022
LATITUDE: 38 39 N
LONGITUDE: 90 38 W
TEMPERATURE IN F: :PCPN: SNOW: WIND :SUNSHINE: SKY :PK WND
================================================================================
1 2 3 4 5 6A 6B 7 8 9 10 11 12 13 14 15 16 17 18
12Z AVG MX 2MIN
DY MAX MIN AVG DEP HDD CDD WTR SNW DPTH SPD SPD DIR MIN PSBL S-S WX SPD DR
================================================================================
1 75 27 51 10 14 0 0.00 0.0 0 5.4 20 250 M M 0 28 260
2 82 31 57 16 8 0 0.00 0.0 0 4.8 22 230 M M 0 32 230
3 53 32 43 2 22 0 0.00 0.0 0 10.4 17 70 M M 0 8 24 80
4 63 28 46 4 19 0 0.00 0.0 0 6.1 12 100 M M 0 20 90
5 78 44 61 19 4 0 0.23 0.0 0 12.5 28 200 M M 7 3 46 200
6 62 41 52 10 13 0 1.53 0.0 0 8.5 17 280 M M 7 13 24 270
7 42 31 37 -6 28 0 T 0.0 0 12.8 23 290 M M 10 1 32 300
8 43 28 36 -7 29 0 0.00 0.0 0 2.8 9 90 M M 4 14 100
9 53 27 40 -4 25 0 0.00 0.0 0 5.1 13 50 M M 4 19 60
10 45 29 37 -7 28 0 0.00 0.0 0 8.9 16 40 M M 6 8 22 60
11 34 21 28 -16 37 0 0.03 M M 12.4 22 320 M M 6 18 31 330
12 33 14 24 -20 41 0 0.00 0.0 0 11.2 21 330 M M 0 31 340
13 70 32 51 6 14 0 0.00 0.0 0 12.4 25 250 M M 3 39 230
14 68 44 56 11 9 0 0.00 0.0 0 9.4 18 230 M M 2 27 190
15 71 37 54 8 11 0 0.00 0.0 0 1.4 9 200 M M 3 1 13 220
16 75 38 57 11 8 0 0.00 0.0 0 4.2 14 150 M M 0 20 200
17 78 43 61 15 4 0 0.00 0.0 0 5.0 15 140 M M 1 22 160
18 64 44 54 7 11 0 M 0.0 0 9.4 23 250 M M 9 18 34 250
19 59 34 47 0 18 0 0.06 0.0 0 11.8 24 300 M M 5 1 36 310
20 75 30 53 6 12 0 0.00 0.0 0 4.8 16 240 M M 0 22 250
21 76 44 60 12 5 0 0.35 0.0 0 7.9 20 180 M M 2 1 31 180
22 60 51 56 8 9 0 0.20 0.0 0 8.3 31 120 M M 8 1 55 120
23 56 42 49 1 16 0 0.07 0.0 0 10.2 21 230 M M 10 18 33 240
24 47 38 43 -6 22 0 0.22 0.0 0 9.7 17 280 M M 10 18 26 260
25 60 41 51 2 14 0 0.00 0.0 0 13.4 30 270 M M 6 41 270
26 55 35 45 -4 20 0 0.00 0.0 0 15.6 31 300 M M 0 43 300
27 50 33 42 -8 23 0 0.00 0.0 0 6.0 13 330 M M 1 19 340
28 52 36 44 -6 21 0 0.00 0.0 0 9.0 16 80 M M 5 27 90
29 75 44 60 10 5 0 T 0.0 0 11.2 23 170 M M 6 36 90
30 72 41 57 6 8 0 1.64 0.0 0 10.0 30 250 M M 10 128 38 250
31 43 37 40 -11 25 0 0.04 M 0 11.0 25 250 M M 10 18 35 250
================================================================================
SM 1869 1097 523 0 4.37 0.0 271.6 M 135
================================================================================
AV 60.3 35.4 8.8 FASTST M M 4 MAX(MPH)
MISC ----> # 31 300 55 120
================================================================================
NOTES:
# LAST OF SEVERAL OCCURRENCES
COLUMN 17 PEAK WIND IN M.P.H.
PRELIMINARY LOCAL CLIMATOLOGICAL DATA (WS FORM: F-6) , PAGE 2
STATION: SPIRIT OF ST LOUIS MO
MONTH: MARCH
YEAR: 2022
LATITUDE: 38 39 N
LONGITUDE: 90 38 W
[TEMPERATURE DATA] [PRECIPITATION DATA] SYMBOLS USED IN COLUMN 16
AVERAGE MONTHLY: 47.8 TOTAL FOR MONTH: 4.37 1 = FOG OR MIST
DPTR FM NORMAL: 1.9 DPTR FM NORMAL: 0.89 2 = FOG REDUCING VISIBILITY
HIGHEST: 82 ON 2 GRTST 24HR 1.73 ON 5- 6 TO 1/4 MILE OR LESS
LOWEST: 14 ON 12 3 = THUNDER
SNOW, ICE PELLETS, HAIL 4 = ICE PELLETS
TOTAL MONTH: 0.0 INCH 5 = HAIL
GRTST 24HR 0.0 6 = FREEZING RAIN OR DRIZZLE
GRTST DEPTH: 0 7 = DUSTSTORM OR SANDSTORM:
VSBY 1/2 MILE OR LESS
8 = SMOKE OR HAZE
[NO. OF DAYS WITH] [WEATHER - DAYS WITH] 9 = BLOWING SNOW
X = TORNADO
MAX 32 OR BELOW: 0 0.01 INCH OR MORE: 10
MAX 90 OR ABOVE: 0 0.10 INCH OR MORE: 6
MIN 32 OR BELOW: 12 0.50 INCH OR MORE: 2
MIN 0 OR BELOW: 0 1.00 INCH OR MORE: 2
[HDD (BASE 65) ]
TOTAL THIS MO. 523 CLEAR (SCALE 0-3) 14
DPTR FM NORMAL -75 PTCLDY (SCALE 4-7) 10
TOTAL FM JUL 1 3934 CLOUDY (SCALE 8-10) 7
DPTR FM NORMAL -335
[CDD (BASE 65) ]
TOTAL THIS MO. 0
DPTR FM NORMAL -6 [PRESSURE DATA]
TOTAL FM JAN 1 0 HIGHEST SLP 30.42 ON 12
DPTR FM NORMAL -6 LOWEST SLP 29.23 ON 30
[REMARKS]
#FINAL-03-22#