000
CXUS53 KLSX 011500
CF6SUS
PRELIMINARY LOCAL CLIMATOLOGICAL DATA (WS FORM: F-6)
STATION: SPIRIT OF ST LOUIS MO
MONTH: FEBRUARY
YEAR: 2022
LATITUDE: 38 39 N
LONGITUDE: 90 38 W
TEMPERATURE IN F: :PCPN: SNOW: WIND :SUNSHINE: SKY :PK WND
================================================================================
1 2 3 4 5 6A 6B 7 8 9 10 11 12 13 14 15 16 17 18
12Z AVG MX 2MIN
DY MAX MIN AVG DEP HDD CDD WTR SNW DPTH SPD SPD DIR MIN PSBL S-S WX SPD DR
================================================================================
1 65 33 49 17 16 0 0.73 0.0 0 5.7 18 360 M M 7 18 29 360
2 33 18 26 -7 39 0 0.34 M M 11.4 17 340 M M 10 1268 27 10
3 20 15 18 -15 47 0 M M M 9.6 16 360 M M 10 18 27 360
4 29 3 16 -17 49 0 0.00 0.0 M 6.4 17 230 M M 3 23 220
5 35 -2 17 -16 48 0 0.00 0.0 M 3.6 14 150 M M 0 21 150
6 46 6 26 -8 39 0 0.00 0.0 M 3.1 14 220 M M 0 18 20 220
7 41 16 29 -5 36 0 0.00 0.0 M 1.9 7 250 M M 3 1 10 250
8 57 20 39 5 26 0 0.00 0.0 M 7.7 18 250 M M 1 26 220
9 53 27 40 6 25 0 0.00 0.0 M 6.1 26 280 M M 2 40 250
10 48 23 36 1 29 0 0.00 0.0 M 4.9 20 240 M M 0 26 250
11 49 31 40 5 25 0 0.04 0.0 0 11.4 24 310 M M 8 18 34 320
12 31 17 24 -11 41 0 0.00 0.0 0 10.1 23 330 M M 5 32 310
13 37 16 27 -9 38 0 0.00 0.0 0 6.0 21 330 M M 3 27 330
14 48 19 34 -2 31 0 0.00 0.0 0 4.2 10 220 M M 3 15 220
15 66 23 45 9 20 0 0.00 0.0 0 7.9 23 190 M M 0 40 190
16 65 54 60 24 5 0 0.16 0.0 0 12.6 24 180 M M 6 1 37 200
17 58 17 38 1 27 0 M M 0 12.7 24 330 M M 9 168 36 320
18 42 13 28 -9 37 0 0.00 0.0 M 9.0 23 220 M M 0 32 230
19 37 25 31 -6 34 0 0.00 0.0 M 7.2 18 350 M M 1 26 360
20 65 32 49 11 16 0 0.00 0.0 0 9.8 26 220 M M 0 40 220
21 67 40 54 16 11 0 0.00 0.0 0 8.2 23 170 M M 3 34 180
22 64 24 44 6 21 0 0.12 0.0 0 14.2 28 250 M M 8 1 33 250
23 24 17 21 -18 44 0 0.02 M 0 10.2 18 310 M M 9 18 25 330
24 29 22 26 -13 39 0 0.19 M M 7.4 17 280 M M 10 16 23 280
25 28 19 24 -15 41 0 T M M 8.3 22 280 M M 9 8 30 280
26 39 13 26 -14 39 0 0.00 0.0 M 1.5 8 360 M M 0 18 12 20
27 51 18 35 -5 30 0 0.00 0.0 0 3.4 13 240 M M 0 18 16 220
28 65 22 44 4 21 0 0.00 0.0 0 4.2 17 230 M M 0 22 250
================================================================================
SM 1292 581 874 0 1.60 0.0 208.7 M 110
================================================================================
AV 46.1 20.8 7.5 FASTST M M 4 MAX(MPH)
MISC ----> 28 250 # 40 250
================================================================================
NOTES:
# LAST OF SEVERAL OCCURRENCES
COLUMN 17 PEAK WIND IN M.P.H.
PRELIMINARY LOCAL CLIMATOLOGICAL DATA (WS FORM: F-6) , PAGE 2
STATION: SPIRIT OF ST LOUIS MO
MONTH: FEBRUARY
YEAR: 2022
LATITUDE: 38 39 N
LONGITUDE: 90 38 W
[TEMPERATURE DATA] [PRECIPITATION DATA] SYMBOLS USED IN COLUMN 16
AVERAGE MONTHLY: 33.4 TOTAL FOR MONTH: 1.60 1 = FOG OR MIST
DPTR FM NORMAL: -2.7 DPTR FM NORMAL: -0.38 2 = FOG REDUCING VISIBILITY
HIGHEST: 67 ON 21 GRTST 24HR 1.20 ON 16-17 TO 1/4 MILE OR LESS
LOWEST: -2 ON 5 3 = THUNDER
SNOW, ICE PELLETS, HAIL 4 = ICE PELLETS
TOTAL MONTH: 0.0 INCH 5 = HAIL
GRTST 24HR 0.0 6 = FREEZING RAIN OR DRIZZLE
GRTST DEPTH: 0 7 = DUSTSTORM OR SANDSTORM:
VSBY 1/2 MILE OR LESS
8 = SMOKE OR HAZE
[NO. OF DAYS WITH] [WEATHER - DAYS WITH] 9 = BLOWING SNOW
X = TORNADO
MAX 32 OR BELOW: 6 0.01 INCH OR MORE: 7
MAX 90 OR ABOVE: 0 0.10 INCH OR MORE: 5
MIN 32 OR BELOW: 25 0.50 INCH OR MORE: 1
MIN 0 OR BELOW: 1 1.00 INCH OR MORE: 0
[HDD (BASE 65) ]
TOTAL THIS MO. 874 CLEAR (SCALE 0-3) 15
DPTR FM NORMAL 66 PTCLDY (SCALE 4-7) 7
TOTAL FM JUL 1 3411 CLOUDY (SCALE 8-10) 6
DPTR FM NORMAL -260
[CDD (BASE 65) ]
TOTAL THIS MO. 0
DPTR FM NORMAL 0 [PRESSURE DATA]
TOTAL FM JAN 1 0 HIGHEST SLP 30.65 ON 25
DPTR FM NORMAL 0 LOWEST SLP 29.62 ON 22
[REMARKS]
#FINAL-02-22#