000
CXUS54 KEPZ 011130
CF6SVC
PRELIMINARY LOCAL CLIMATOLOGICAL DATA (WS FORM: F-6)
STATION: SILVER CITY
MONTH: JANUARY
YEAR: 2021
LATITUDE: 32 37 N
LONGITUDE: 108 10 W
TEMPERATURE IN F: :PCPN: SNOW: WIND :SUNSHINE: SKY :PK WND
================================================================================
1 2 3 4 5 6A 6B 7 8 9 10 11 12 13 14 15 16 17 18
12Z AVG MX 2MIN
DY MAX MIN AVG DEP HDD CDD WTR SNW DPTH SPD SPD DIR MIN PSBL S-S WX SPD DR
================================================================================
1 47 20 34 M 31 0 0.00 M M 5.4 12 350 M M 1 M M
2 51 17 34 M 31 0 0.00 M M 11.8 22 290 M M 0 27 290
3 58 23 41 M 24 0 0.00 M M 13.3 22 290 M M 0 25 290
4 58 23 41 M 24 0 0.00 M M 6.4 15 310 M M 0 M M
5 62 27 45 M 20 0 0.00 M M 11.9 17 290 M M 0 25 280
6 54 24 39 M 26 0 0.00 M M 7.1 15 330 M M 0 16 210
7 62 23 43 M 22 0 0.00 M M 9.4 15 310 M M 0 21 310
8 60 25 43 M 22 0 0.00 M M 6.2 10 360 M M 0 M M
9 57 24 41 M 24 0 0.00 M M 11.7 23 270 M M 0 32 260
10 44 18 31 M 34 0 0.00 M M 6.9 18 120 M M 1 24 10
11 43 12 28 M 37 0 0.00 M M 6.0 15 140 M M 0 21 150
12 49 12 31 M 34 0 0.00 M M 6.4 12 360 M M 0 M M
13 58 15 37 M 28 0 0.00 M M 8.5 14 320 M M 0 17 310
14 66 31 49 M 16 0 0.00 M M 11.0 15 290 M M 0 17 160
15 66 28 47 M 18 0 0.00 M M 8.4 23 350 M M 0 24 10
16 66 28 47 M 18 0 0.00 M M 12.0 23 290 M M 0 30 290
17 66 29 48 M 17 0 0.00 M M 10.8 16 270 M M 0 18 230
18 66 26 46 M 19 0 0.00 M M 8.2 18 320 M M 2 24 260
19 51 36 44 M 21 0 0.00 M M 12.4 23 100 M M 5 28 100
20 44 32 38 M 27 0 0.01 M M 3.5 13 140 M M 10 1 M M
21 53 33 43 M 22 0 0.03 M M 3.9 10 350 M M 6 M M
22 56 29 43 M 22 0 0.00 M M 6.1 13 230 M M 3 17 260
23 56 28 42 M 23 0 0.00 M M 7.0 16 260 M M 3 24 260
24 50 30 40 M 25 0 T M M 11.8 28 220 M M 8 33 220
25 45 25 35 M 30 0 0.09 M M 11.6 23 190 M M 9 29 240
26 32 20 26 M 39 0 0.01 M M 10.2 20 270 M M 7 8 25 270
27 38 4 21 M 44 0 0.00 M M 5.4 10 350 M M 0 M M
28 49 30 40 M 25 0 0.00 M M 6.3 13 140 M M 1 M M
29 57 32 45 M 20 0 0.01 M M 9.3 24 280 M M 6 33 280
30 50 25 38 M 27 0 0.00 M M 12.7 23 310 M M 1 28 310
31 56 23 40 M 25 0 0.00 M M 7.8 18 120 M M 0 22 120
================================================================================
SM 1670 752 795 0 0.15 M 269.3 M 63
================================================================================
AV 53.9 24.3 8.7 FASTST M M 2 MAX(MPH)
MISC ----> 28 220 # 33 280
================================================================================
NOTES:
# LAST OF SEVERAL OCCURRENCES
COLUMN 17 PEAK WIND IN M.P.H.
PRELIMINARY LOCAL CLIMATOLOGICAL DATA (WS FORM: F-6) , PAGE 2
STATION: SILVER CITY
MONTH: JANUARY
YEAR: 2021
LATITUDE: 32 37 N
LONGITUDE: 108 10 W
[TEMPERATURE DATA] [PRECIPITATION DATA] SYMBOLS USED IN COLUMN 16
AVERAGE MONTHLY: 39.1 TOTAL FOR MONTH: 0.15 1 = FOG OR MIST
DPTR FM NORMAL: 0.0 DPTR FM NORMAL: M 2 = FOG REDUCING VISIBILITY
HIGHEST: 66 ON 18,17 GRTST 24HR 0.09 ON 25-25 TO 1/4 MILE OR LESS
LOWEST: 4 ON 27 3 = THUNDER
SNOW, ICE PELLETS, HAIL 4 = ICE PELLETS
TOTAL MONTH: M 5 = HAIL
GRTST 24HR M ON M 6 = FREEZING RAIN OR DRIZZLE
GRTST DEPTH: M ON M 7 = DUSTSTORM OR SANDSTORM:
VSBY 1/2 MILE OR LESS
8 = SMOKE OR HAZE
[NO. OF DAYS WITH] [WEATHER - DAYS WITH] 9 = BLOWING SNOW
X = TORNADO
MAX 32 OR BELOW: 1 0.01 INCH OR MORE: 5
MAX 90 OR ABOVE: 0 0.10 INCH OR MORE: 0
MIN 32 OR BELOW: 29 0.50 INCH OR MORE: 0
MIN 0 OR BELOW: 0 1.00 INCH OR MORE: 0
[HDD (BASE 65) ]
TOTAL THIS MO. 795 CLEAR (SCALE 0-3) 24
DPTR FM NORMAL M PTCLDY (SCALE 4-7) 5
TOTAL FM JUL 1 2241 CLOUDY (SCALE 8-10) 2
DPTR FM NORMAL M
[CDD (BASE 65) ]
TOTAL THIS MO. 0
DPTR FM NORMAL M [PRESSURE DATA]
TOTAL FM JAN 1 0 HIGHEST SLP M ON M
DPTR FM NORMAL M LOWEST SLP M ON M
[REMARKS]
#FINAL-01-21#