000
CXUS54 KEWX 011011
CF6T82
PRELIMINARY LOCAL CLIMATOLOGICAL DATA (WS FORM: F-6)
STATION: FREDERICKSBURG
MONTH: OCTOBER
YEAR: 2022
LATITUDE: 30 15 N
LONGITUDE: 98 55 W
TEMPERATURE IN F: :PCPN: SNOW: WIND :SUNSHINE: SKY :PK WND
================================================================================
1 2 3 4 5 6A 6B 7 8 9 10 11 12 13 14 15 16 17 18
12Z AVG MX 2MIN
DY MAX MIN AVG DEP HDD CDD WTR SNW DPTH SPD SPD DIR MIN PSBL S-S WX SPD DR
================================================================================
1 86 52 69 M 0 4 0.00 M M 1.8 7 80 M M 0 M M
2 83 48 66 M 0 1 0.00 M M 2.4 9 40 M M 0 M M
3 84 48 66 M 0 1 0.00 M M 2.4 8 360 M M 0 M M
4 85 51 68 M 0 3 0.00 M M 2.3 10 130 M M 0 16 0
5 85 51 68 M 0 3 0.00 M M 2.8 9 190 M M 1 M M
6 87 53 70 M 0 5 0.00 M M 2.5 9 80 M M 0 M M
7 80 59 70 M 0 5 0.00 M M 0.5 5 150 M M 0 M M
8 84 53 69 M 0 4 0.00 M M 3.5 9 70 M M 1 16 70
9 84 55 70 M 0 5 0.00 M M 4.2 9 170 M M 1 M M
10 84 55 70 M 0 5 0.00 M M 5.8 14 130 M M 1 22 160
11 84 59 72 M 0 7 0.00 M M 6.3 16 180 M M 4 23 180
12 92 64 78 M 0 13 0.00 M M 6.1 13 240 M M 4 24 230
13 86 57 72 M 0 7 0.00 M M 5.3 12 30 M M 0 22 60
14 87 52 70 M 0 5 0.00 M M 3.5 10 190 M M 3 17 190
15 89 70 80 M 0 15 0.00 M M 8.1 14 180 M M 6 24 200
16 88 66 77 M 0 12 0.00 M M 7.4 17 40 M M 6 22 50
17 69 55 62 M 3 0 0.22 M M 9.4 15 50 M M 7 24 30
18 67 45 56 M 9 0 0.00 M M 7.0 15 10 M M 4 22 350
19 75 38 57 M 8 0 0.00 M M 2.3 8 300 M M 0 18 320
20 81 43 62 M 3 0 0.00 0.0 M 4.5 14 240 M M 0 17 240
21 83 47 65 M 0 0 0.00 0.0 M 4.6 14 200 M M 0 20 200
22 84 61 73 M 0 8 0.00 M M 10.6 17 200 M M 3 23 210
23 82 67 75 M 0 10 0.00 M M 13.6 22 180 M M 6 29 190
24 86 62 74 M 0 9 0.00 M M 12.8 20 180 M M 8 41 270
25 74 43 59 M 6 0 0.00 0.0 M 12.5 30 320 M M 0 41 300
26 77 38 58 M 7 0 0.00 M M 3.9 9 150 M M 0 17 150
27 77 44 61 M 4 0 0.00 M M 6.4 14 160 M M 5 21 160
28 66 53 60 M 5 0 0.26 M M 10.5 17 300 M M 9 13 24 340
29 67 48 58 M 7 0 0.00 M M 9.7 17 330 M M 6 24 320
30 74 42 58 M 7 0 0.00 M M 2.5 8 310 M M 0 M M
31 76 47 62 M 3 0 0.01 M M 1.2 5 300 M M 2 M M
================================================================================
SM 2506 1626 62 122 0.49 0.0 176.5 M 77
================================================================================
AV 80.8 52.5 5.7 FASTST M M 2 MAX(MPH)
MISC ----> 30 320 # 41 270
================================================================================
NOTES:
# LAST OF SEVERAL OCCURRENCES
COLUMN 17 PEAK WIND IN M.P.H.
PRELIMINARY LOCAL CLIMATOLOGICAL DATA (WS FORM: F-6) , PAGE 2
STATION: FREDERICKSBURG
MONTH: OCTOBER
YEAR: 2022
LATITUDE: 30 15 N
LONGITUDE: 98 55 W
[TEMPERATURE DATA] [PRECIPITATION DATA] SYMBOLS USED IN COLUMN 16
AVERAGE MONTHLY: 66.6 TOTAL FOR MONTH: 0.49 1 = FOG OR MIST
DPTR FM NORMAL: 0.0 DPTR FM NORMAL: M 2 = FOG REDUCING VISIBILITY
HIGHEST: 92 ON 12 GRTST 24HR 0.26 ON 28-28 TO 1/4 MILE OR LESS
LOWEST: 38 ON 26,19 3 = THUNDER
SNOW, ICE PELLETS, HAIL 4 = ICE PELLETS
TOTAL MONTH: 0.0 INCH 5 = HAIL
GRTST 24HR 0.0 6 = FREEZING RAIN OR DRIZZLE
GRTST DEPTH: M ON M 7 = DUSTSTORM OR SANDSTORM:
VSBY 1/2 MILE OR LESS
8 = SMOKE OR HAZE
[NO. OF DAYS WITH] [WEATHER - DAYS WITH] 9 = BLOWING SNOW
X = TORNADO
MAX 32 OR BELOW: 0 0.01 INCH OR MORE: 3
MAX 90 OR ABOVE: 1 0.10 INCH OR MORE: 2
MIN 32 OR BELOW: 0 0.50 INCH OR MORE: 0
MIN 0 OR BELOW: 0 1.00 INCH OR MORE: 0
[HDD (BASE 65) ]
TOTAL THIS MO. 62 CLEAR (SCALE 0-3) 19
DPTR FM NORMAL M PTCLDY (SCALE 4-7) 11
TOTAL FM JUL 1 62 CLOUDY (SCALE 8-10) 1
DPTR FM NORMAL M
[CDD (BASE 65) ]
TOTAL THIS MO. 122
DPTR FM NORMAL M [PRESSURE DATA]
TOTAL FM JAN 1 2909 HIGHEST SLP M ON M
DPTR FM NORMAL M LOWEST SLP M ON M
[REMARKS]
#FINAL-10-22#