000
CXUS52 KTBW 011000
CF6TBW
PRELIMINARY LOCAL CLIMATOLOGICAL DATA (WS FORM: F-6)
STATION: RUSKIN WFO
MONTH: MAY
YEAR: 2023
LATITUDE: 27 42 N
LONGITUDE: 82 24 W
TEMPERATURE IN F: :PCPN: SNOW: WIND :SUNSHINE: SKY :PK WND
================================================================================
1 2 3 4 5 6A 6B 7 8 9 10 11 12 13 14 15 16 17 18
12Z AVG MX 2MIN
DY MAX MIN AVG DEP HDD CDD WTR SNW DPTH SPD SPD DIR MIN PSBL S-S WX SPD DR
================================================================================
1 80 65 73 -2 0 8 0.00 0.0 0 M M M M M M M M
2 81 62 72 -3 0 7 0.00 0.0 0 M M M M M M M M
3 83 63 73 -2 0 8 0.00 0.0 0 M M M M M M M M
4 86 60 73 -2 0 8 0.00 0.0 0 M M M M M M M M
5 86 61 74 -2 0 9 0.00 0.0 0 M M M M M M M M
6 89 69 79 3 0 14 1.03 0.0 0 M M M M M M 13 M M
7 88 67 78 2 0 13 0.00 0.0 0 M M M M M M M M
8 87 63 75 -1 0 10 0.00 0.0 0 M M M M M M M M
9 88 66 77 1 0 12 0.00 0.0 0 M M M M M M M M
10 91 68 80 4 0 15 0.00 0.0 0 M M M M M M M M
11 95 71 83 7 0 18 0.00 0.0 0 M M M M M M M M
12 92 72 82 5 0 17 0.00 0.0 0 M M M M M M M M
13 90 71 81 4 0 16 0.00 0.0 0 M M M M M M 3 M M
14 89 70 80 3 0 15 0.00 0.0 0 M M M M M M M M
15 92 67 80 3 0 15 0.00 0.0 0 M M M M M M M M
16 88 70 79 2 0 14 0.00 0.0 0 M M M M M M M M
17 87 72 80 3 0 15 0.00 0.0 0 M M M M M M M M
18 88 70 79 1 0 14 0.00 0.0 0 M M M M M M M M
19 91 69 80 2 0 15 0.00 0.0 0 M M M M M M M M
20 92 71 82 4 0 17 0.01 0.0 0 M M M M M M M M
21 88 74 81 3 0 16 0.07 0.0 0 M M M M M M 3 M M
22 91 72 82 4 0 17 0.00 0.0 0 M M M M M M M M
23 92 70 81 3 0 16 T 0.0 0 M M M M M M 3 M M
24 86 69 78 0 0 13 1.44 0.0 0 M M M M M M 123 M M
25 85 67 76 -3 0 11 0.45 0.0 0 M M M M M M 13 M M
26 88 64 76 -3 0 11 0.00 0.0 0 M M M M M M M M
27 84 64 74 -5 0 9 0.00 0.0 0 M M M M M M M M
28 85 67 76 -3 0 11 0.00 0.0 0 M M M M M M M M
29 88 66 77 -2 0 12 0.00 0.0 0 M M M M M M M M
30 90 67 79 0 0 14 T 0.0 0 M M M M M M M M
31 89 70 80 1 0 15 0.60 0.0 0 M M M M M M 13 M M
================================================================================
SM 2729 2097 0 405 3.60 0.0 M M M
================================================================================
AV 88.0 67.6 M FASTST M M M MAX(MPH)
MISC ----> M M M M
================================================================================
NOTES:
# LAST OF SEVERAL OCCURRENCES
COLUMN 17 PEAK WIND IN M.P.H.
PRELIMINARY LOCAL CLIMATOLOGICAL DATA (WS FORM: F-6) , PAGE 2
STATION: RUSKIN WFO
MONTH: MAY
YEAR: 2023
LATITUDE: 27 42 N
LONGITUDE: 82 24 W
[TEMPERATURE DATA] [PRECIPITATION DATA] SYMBOLS USED IN COLUMN 16
AVERAGE MONTHLY: 77.8 TOTAL FOR MONTH: 3.60 1 = FOG OR MIST
DPTR FM NORMAL: 0.6 DPTR FM NORMAL: 0.59 2 = FOG REDUCING VISIBILITY
HIGHEST: 95 ON 11 GRTST 24HR 1.44 ON 24-24 TO 1/4 MILE OR LESS
LOWEST: 60 ON 4 3 = THUNDER
SNOW, ICE PELLETS, HAIL 4 = ICE PELLETS
TOTAL MONTH: 0.0 INCH 5 = HAIL
GRTST 24HR 0.0 6 = FREEZING RAIN OR DRIZZLE
GRTST DEPTH: 0 7 = DUSTSTORM OR SANDSTORM:
VSBY 1/2 MILE OR LESS
8 = SMOKE OR HAZE
[NO. OF DAYS WITH] [WEATHER - DAYS WITH] 9 = BLOWING SNOW
X = TORNADO
MAX 32 OR BELOW: 0 0.01 INCH OR MORE: 6
MAX 90 OR ABOVE: 10 0.10 INCH OR MORE: 4
MIN 32 OR BELOW: 0 0.50 INCH OR MORE: 3
MIN 0 OR BELOW: 0 1.00 INCH OR MORE: 2
[HDD (BASE 65) ]
TOTAL THIS MO. 0 CLEAR (SCALE 0-3) 0
DPTR FM NORMAL 0 PTCLDY (SCALE 4-7) 0
TOTAL FM JUL 1 289 CLOUDY (SCALE 8-10) 31
DPTR FM NORMAL -211
[CDD (BASE 65) ]
TOTAL THIS MO. 405
DPTR FM NORMAL 26 [PRESSURE DATA]
TOTAL FM JAN 1 1236 HIGHEST SLP M ON M
DPTR FM NORMAL 377 LOWEST SLP M ON M
[REMARKS]
#FINAL-05-23#