195
CXUS54 KBMX 021224
CF6TCL
PRELIMINARY LOCAL CLIMATOLOGICAL DATA (WS FORM: F-6)
STATION: TUSCALOOSA
MONTH: DECEMBER
YEAR: 2020
LATITUDE: 33 13 N
LONGITUDE: 87 37 W
TEMPERATURE IN F: :PCPN: SNOW: WIND :SUNSHINE: SKY :PK WND
================================================================================
1 2 3 4 5 6A 6B 7 8 9 10 11 12 13 14 15 16 17 18
12Z AVG MX 2MIN
DY MAX MIN AVG DEP HDD CDD WTR SNW DPTH SPD SPD DIR MIN PSBL S-S WX SPD DR
================================================================================
1 50 25 38 -12 27 0 0.00 0.0 0 3.1 14 310 M M 0 19 300
2 57 24 41 -9 24 0 0.00 0.0 0 1.8 9 40 M M 0 13 60
3 58 32 45 -5 20 0 0.00 0.0 0 5.6 12 140 M M 8 17 140
4 57 36 47 -2 18 0 0.59 0.0 0 4.7 15 290 M M 8 1 20 290
5 63 31 47 -2 18 0 0.00 0.0 0 0.9 8 40 M M 1 12 11 320
6 53 33 43 -6 22 0 T 0.0 0 1.7 8 210 M M 6 10 200
7 50 31 41 -7 24 0 0.00 0.0 0 7.2 20 350 M M 2 25 300
8 56 27 42 -6 23 0 0.00 0.0 0 0.9 7 230 M M 1 12 11 90
9 69 29 49 1 16 0 0.00 0.0 0 1.7 10 260 M M 1 12 14 210
10 71 35 53 5 12 0 0.00 0.0 0 1.4 9 170 M M 0 18 12 170
11 68 36 52 4 13 0 0.00 0.0 0 3.6 13 180 M M 3 1 19 140
12 67 48 58 11 7 0 0.33 0.0 0 4.8 20 180 M M 8 12 29 180
13 65 40 53 6 12 0 0.90 0.0 0 4.1 10 10 M M 5 12 12 10
14 58 34 46 -1 19 0 0.29 0.0 0 10.1 24 320 M M 9 1 37 330
15 54 29 42 -5 23 0 0.01 0.0 0 3.5 10 140 M M 4 18 13 150
16 50 38 44 -3 21 0 0.18 0.0 0 7.9 15 320 M M 10 1 22 300
17 47 28 38 -8 27 0 0.00 0.0 0 5.5 14 300 M M 5 21 320
18 54 25 40 -6 25 0 0.00 0.0 0 1.9 7 90 M M 0 18 10 360
19 59 27 43 -3 22 0 T 0.0 0 5.1 16 140 M M 4 1 22 140
20 60 47 54 8 11 0 0.12 0.0 0 3.2 9 300 M M 9 1 14 310
21 63 39 51 5 14 0 0.00 0.0 0 3.3 12 230 M M 4 1 16 230
22 68 33 51 5 14 0 0.00 0.0 0 2.5 10 40 M M 0 12 30
23 66 34 50 4 15 0 0.33 0.0 0 5.8 17 170 M M 5 1 26 170
24 61 28 45 -1 20 0 1.04 0.0 0 11.9 28 320 M M 6 1 37 310
25 40 25 33 -12 32 0 0.00 0.0 0 4.7 17 290 M M 1 23 300
26 53 22 38 -7 27 0 0.00 0.0 0 1.5 12 190 M M 0 14 170
27 62 27 45 0 20 0 0.00 0.0 0 4.0 15 170 M M 0 21 190
28 63 37 50 5 15 0 0.00 0.0 0 2.2 8 170 M M 6 12 12 170
29 67 36 52 7 13 0 0.00 0.0 0 4.8 9 140 M M 5 12 13 150
30 73 54 64 19 1 0 0.00 0.0 0 7.5 20 190 M M 6 25 200
31 68 56 62 17 3 0 0.12 0.0 0 5.9 13 100 M M 8 1 20 110
================================================================================
SM 1850 1046 558 0 3.91 0.0 132.8 M 125
================================================================================
AV 59.7 33.7 4.3 FASTST M M 4 MAX(MPH)
MISC ----> 28 320 # 37 330
================================================================================
NOTES:
# LAST OF SEVERAL OCCURRENCES
COLUMN 17 PEAK WIND IN M.P.H.
PRELIMINARY LOCAL CLIMATOLOGICAL DATA (WS FORM: F-6) , PAGE 2
STATION: TUSCALOOSA
MONTH: DECEMBER
YEAR: 2020
LATITUDE: 33 13 N
LONGITUDE: 87 37 W
[TEMPERATURE DATA] [PRECIPITATION DATA] SYMBOLS USED IN COLUMN 16
AVERAGE MONTHLY: 46.7 TOTAL FOR MONTH: 3.91 1 = FOG OR MIST
DPTR FM NORMAL: -0.2 DPTR FM NORMAL: -0.71 2 = FOG REDUCING VISIBILITY
HIGHEST: 73 ON 30 GRTST 24HR 1.37 ON 23-24 TO 1/4 MILE OR LESS
LOWEST: 22 ON 26 3 = THUNDER
SNOW, ICE PELLETS, HAIL 4 = ICE PELLETS
TOTAL MONTH: 0.0 INCH 5 = HAIL
GRTST 24HR 0.0 6 = FREEZING RAIN OR DRIZZLE
GRTST DEPTH: 0 7 = DUSTSTORM OR SANDSTORM:
VSBY 1/2 MILE OR LESS
8 = SMOKE OR HAZE
[NO. OF DAYS WITH] [WEATHER - DAYS WITH] 9 = BLOWING SNOW
X = TORNADO
MAX 32 OR BELOW: 0 0.01 INCH OR MORE: 10
MAX 90 OR ABOVE: 0 0.10 INCH OR MORE: 9
MIN 32 OR BELOW: 15 0.50 INCH OR MORE: 3
MIN 0 OR BELOW: 0 1.00 INCH OR MORE: 1
[HDD (BASE 65) ]
TOTAL THIS MO. 558 CLEAR (SCALE 0-3) 13
DPTR FM NORMAL -6 PTCLDY (SCALE 4-7) 12
TOTAL FM JUL 1 839 CLOUDY (SCALE 8-10) 6
DPTR FM NORMAL -161
[CDD (BASE 65) ]
TOTAL THIS MO. 0
DPTR FM NORMAL -4 [PRESSURE DATA]
TOTAL FM JAN 1 2353 HIGHEST SLP 30.48 ON 18
DPTR FM NORMAL 181 LOWEST SLP 29.66 ON 14
[REMARKS]
#FINAL-12-20#