000
CXUS54 KEPZ 221307
CF6TCS
PRELIMINARY LOCAL CLIMATOLOGICAL DATA (WS FORM: F-6)
STATION: TRUTH OR CONSEQUENCES
MONTH: JULY
YEAR: 2022
LATITUDE: 33 13 N
LONGITUDE: 107 16 W
TEMPERATURE IN F: :PCPN: SNOW: WIND :SUNSHINE: SKY :PK WND
================================================================================
1 2 3 4 5 6A 6B 7 8 9 10 11 12 13 14 15 16 17 18
12Z AVG MX 2MIN
DY MAX MIN AVG DEP HDD CDD WTR SNW DPTH SPD SPD DIR MIN PSBL S-S WX SPD DR
================================================================================
1 93 70 82 1 0 17 T M M 6.6 32 300 M M 3 3 39 300
2 93 69 81 0 0 16 T M M 8.1 32 120 M M 2 3 46 140
3 93 71 82 1 0 17 T M M 7.6 26 300 M M 3 34 350
4 94 69 82 1 0 17 0.15 M M 7.7 24 110 M M 4 3 31 120
5 93 67 80 -1 0 15 0.00 M M 7.9 22 180 M M 0 29 170
6 90 69 80 -1 0 15 0.00 M M 5.2 23 260 M M 1 30 270
7 96 71 84 3 0 19 0.00 M M 7.9 23 140 M M 1 30 130
8 94 68 81 0 0 16 0.13 M M 6.7 25 60 M M 1 3 36 60
9 95 68 82 1 0 17 T M M 7.1 30 110 M M 2 3 44 120
10 97 67 82 1 0 17 0.00 M M 7.8 25 300 M M 1 33 310
11 96 71 84 3 0 19 0.04 M M 9.3 22 20 M M 1 3 33 340
12 96 73 85 4 0 20 T M M 10.4 25 140 M M 3 3 41 140
13 95 72 84 3 0 19 T M M 6.9 17 320 M M 3 3 25 280
14 96 72 84 3 0 19 T M M 6.4 29 280 M M 2 3 44 280
15 98 71 85 5 0 20 0.00 M M 5.2 18 170 M M 2 28 170
16 99 69 84 4 0 19 0.00 M M 5.7 14 130 M M 0 19 130
17 100 70 85 5 0 20 0.00 M M 6.6 16 150 M M 0 23 140
18 101 71 86 6 0 21 0.00 M M 5.4 15 210 M M 0 20 170
19 105 76 91 11 0 26 0.00 M M 7.4 20 330 M M 0 32 330
20 103 82 93 13 0 28 T M M 10.3 25 310 M M 0 3 34 310
21 99 79 89 9 0 24 0.00 M M 7.9 28 310 M M 1 39 310
22 100 70 85 5 0 20 0.17 M M 10.7 33 10 M M 2 3 51 10
23 96 70 83 3 0 18 T M M 6.9 26 190 M M 1 3 37 180
24 93 72 83 3 0 18 T M M 7.5 20 150 M M 2 28 150
25 93 70 82 2 0 17 0.00 M M 8.9 22 310 M M 1 32 310
26 94 70 82 2 0 17 0.00 M M 9.2 24 180 M M 0 3 30 180
27 89 69 79 -1 0 14 0.20 M M 6.8 18 30 M M 3 3 27 30
28 90 68 79 -1 0 14 0.12 M M 6.3 26 110 M M 5 3 41 90
29 90 66 78 -2 0 13 0.00 M M 8.0 21 180 M M 1 3 26 170
30 92 68 80 0 0 15 0.05 M M 8.1 18 40 M M 2 3 26 20
31 94 69 82 2 0 17 T M M 7.0 17 310 M M 4 3 27 310
================================================================================
SM 2957 2187 0 564 0.86 M 233.5 M 51
================================================================================
AV 95.4 70.5 7.5 FASTST M M 2 MAX(MPH)
MISC ----> 33 10 51 10
================================================================================
NOTES:
# LAST OF SEVERAL OCCURRENCES
COLUMN 17 PEAK WIND IN M.P.H.
PRELIMINARY LOCAL CLIMATOLOGICAL DATA (WS FORM: F-6) , PAGE 2
STATION: TRUTH OR CONSEQUENCES
MONTH: JULY
YEAR: 2022
LATITUDE: 33 13 N
LONGITUDE: 107 16 W
[TEMPERATURE DATA] [PRECIPITATION DATA] SYMBOLS USED IN COLUMN 16
AVERAGE MONTHLY: 83.0 TOTAL FOR MONTH: 0.86 1 = FOG OR MIST
DPTR FM NORMAL: 2.5 DPTR FM NORMAL: -0.77 2 = FOG REDUCING VISIBILITY
HIGHEST: 105 ON 19 GRTST 24HR 0.22 ON 27-28 TO 1/4 MILE OR LESS
LOWEST: 66 ON 29 3 = THUNDER
SNOW, ICE PELLETS, HAIL 4 = ICE PELLETS
TOTAL MONTH: M 5 = HAIL
GRTST 24HR M ON M 6 = FREEZING RAIN OR DRIZZLE
GRTST DEPTH: M ON M 7 = DUSTSTORM OR SANDSTORM:
VSBY 1/2 MILE OR LESS
8 = SMOKE OR HAZE
[NO. OF DAYS WITH] [WEATHER - DAYS WITH] 9 = BLOWING SNOW
X = TORNADO
MAX 32 OR BELOW: 0 0.01 INCH OR MORE: 7
MAX 90 OR ABOVE: 30 0.10 INCH OR MORE: 5
MIN 32 OR BELOW: 0 0.50 INCH OR MORE: 0
MIN 0 OR BELOW: 0 1.00 INCH OR MORE: 0
[HDD (BASE 65) ]
TOTAL THIS MO. 0 CLEAR (SCALE 0-3) 28
DPTR FM NORMAL 0 PTCLDY (SCALE 4-7) 3
TOTAL FM JUL 1 0 CLOUDY (SCALE 8-10) 0
DPTR FM NORMAL 0
[CDD (BASE 65) ]
TOTAL THIS MO. 564
DPTR FM NORMAL 85 [PRESSURE DATA]
TOTAL FM JAN 1 1371 HIGHEST SLP 30.09 ON 9
DPTR FM NORMAL 241 LOWEST SLP 29.66 ON 22
[REMARKS]
#FINAL-07-22#