000
CXUS52 KTAE 010900
CF6TLH
PRELIMINARY LOCAL CLIMATOLOGICAL DATA (WS FORM: F-6)
STATION: TALLAHASSEE
MONTH: DECEMBER
YEAR: 2020
LATITUDE: 30 22 N
LONGITUDE: 84 22 W
TEMPERATURE IN F: :PCPN: SNOW: WIND :SUNSHINE: SKY :PK WND
================================================================================
1 2 3 4 5 6A 6B 7 8 9 10 11 12 13 14 15 16 17 18
12Z AVG MX 2MIN
DY MAX MIN AVG DEP HDD CDD WTR SNW DPTH SPD SPD DIR MIN PSBL S-S WX SPD DR
================================================================================
1 51 30 41 -15 24 0 0.00 0.0 0 7.6 20 310 M M 0 24 310
2 60 27 44 -12 21 0 0.00 0.0 0 3.5 15 10 M M 2 1 21 30
3 66 33 50 -6 15 0 0.00 0.0 0 4.3 14 130 M M 5 18 130
4 70 46 58 3 7 0 0.08 0.0 0 7.6 21 310 M M 6 1 26 310
5 62 42 52 -3 13 0 0.00 0.0 0 5.7 16 340 M M 1 20 330
6 64 46 55 0 10 0 0.00 0.0 M 2.3 9 120 M M 6 12 140
7 63 43 53 -2 12 0 0.03 0.0 M 9.7 23 330 M M 4 1 30 330
8 57 34 46 -8 19 0 0.00 0.0 M 6.8 14 320 M M 0 19 320
9 68 30 49 -5 16 0 0.00 0.0 M 3.5 16 250 M M 1 20 250
10 72 35 54 0 11 0 0.00 0.0 M 1.2 9 280 M M 3 12 11 270
11 69 38 54 0 11 0 0.00 0.0 M 2.2 12 140 M M 4 12 15 140
12 74 43 59 5 6 0 0.00 0.0 M 3.5 14 160 M M 4 12 19 190
13 74 58 66 12 0 1 0.00 0.0 M 4.4 10 150 M M 9 12 13 150
14 71 51 61 8 4 0 0.13 0.0 M 9.4 22 330 M M 6 1 28 310
15 65 46 56 3 9 0 0.00 0.0 M 4.4 12 70 M M 5 16 60
16 57 49 53 0 12 0 1.07 0.0 M 7.2 16 330 M M 10 12 20 330
17 51 37 44 -9 21 0 0.00 0.0 M 9.5 15 340 M M 10 20 340
18 58 28 43 -10 22 0 0.00 0.0 M 3.5 14 20 M M 0 18 10
19 63 29 46 -6 19 0 0.00 0.0 M 2.9 12 80 M M 4 18 15 70
20 58 52 55 3 10 0 0.28 0.0 0 5.8 10 290 M M 10 1 12 80
21 61 40 51 -1 14 0 0.00 0.0 0 5.6 14 300 M M 7 1 19 330
22 70 36 53 1 12 0 0.00 0.0 M 1.8 9 30 M M 1 1 12 10
23 70 34 52 0 13 0 0.00 0.0 M 3.0 14 140 M M 2 17 140
24 68 38 53 1 12 0 1.46 0.0 M 11.6 29 210 M M 6 13 39 330
25 49 27 38 -14 27 0 0.00 0.0 M 8.9 25 270 M M 0 30 290
26 51 22 37 -15 28 0 0.00 0.0 M 2.4 13 320 M M 1 17 310
27 61 24 43 -9 22 0 0.00 0.0 0 2.3 10 90 M M 1 15 80
28 70 34 52 1 13 0 0.00 0.0 0 1.3 9 270 M M 2 13 280
29 72 37 55 4 10 0 0.00 0.0 M 3.7 10 90 M M 1 14 110
30 73 41 57 6 8 0 0.00 0.0 M 2.7 14 150 M M 6 1 21 150
31 72 52 62 11 3 0 0.12 0.0 M 6.8 21 180 M M 9 1 26 160
================================================================================
SM 1990 1182 424 1 3.17 0.0 155.1 M 126
================================================================================
AV 64.2 38.1 5.0 FASTST M M 4 MAX(MPH)
MISC ----> 29 210 39 330
================================================================================
NOTES:
# LAST OF SEVERAL OCCURRENCES
COLUMN 17 PEAK WIND IN M.P.H.
PRELIMINARY LOCAL CLIMATOLOGICAL DATA (WS FORM: F-6) , PAGE 2
STATION: TALLAHASSEE
MONTH: DECEMBER
YEAR: 2020
LATITUDE: 30 22 N
LONGITUDE: 84 22 W
[TEMPERATURE DATA] [PRECIPITATION DATA] SYMBOLS USED IN COLUMN 16
AVERAGE MONTHLY: 51.2 TOTAL FOR MONTH: 3.17 1 = FOG OR MIST
DPTR FM NORMAL: -2.0 DPTR FM NORMAL: -0.73 2 = FOG REDUCING VISIBILITY
HIGHEST: 74 ON 13,12 GRTST 24HR 1.46 ON 24-24 TO 1/4 MILE OR LESS
LOWEST: 22 ON 26 3 = THUNDER
SNOW, ICE PELLETS, HAIL 4 = ICE PELLETS
TOTAL MONTH: 0.0 INCH 5 = HAIL
GRTST 24HR 0.0 6 = FREEZING RAIN OR DRIZZLE
GRTST DEPTH: 0 7 = DUSTSTORM OR SANDSTORM:
VSBY 1/2 MILE OR LESS
8 = SMOKE OR HAZE
[NO. OF DAYS WITH] [WEATHER - DAYS WITH] 9 = BLOWING SNOW
X = TORNADO
MAX 32 OR BELOW: 0 0.01 INCH OR MORE: 7
MAX 90 OR ABOVE: 0 0.10 INCH OR MORE: 5
MIN 32 OR BELOW: 8 0.50 INCH OR MORE: 2
MIN 0 OR BELOW: 0 1.00 INCH OR MORE: 2
[HDD (BASE 65) ]
TOTAL THIS MO. 424 CLEAR (SCALE 0-3) 13
DPTR FM NORMAL 45 PTCLDY (SCALE 4-7) 13
TOTAL FM JUL 1 509 CLOUDY (SCALE 8-10) 5
DPTR FM NORMAL -107
[CDD (BASE 65) ]
TOTAL THIS MO. 1
DPTR FM NORMAL -12 [PRESSURE DATA]
TOTAL FM JAN 1 3208 HIGHEST SLP 30.40 ON 18
DPTR FM NORMAL 615 LOWEST SLP 29.70 ON 24
[REMARKS]
#FINAL-12-20#