000
CXUS52 KTAE 011512
CLMTLH
CLIMATE REPORT
NATIONAL WEATHER SERVICE TALLAHASSEE FL
1012 AM EST FRI DEC 01 2023
...................................
...THE TALLAHASSEE CLIMATE SUMMARY FOR THE MONTH OF NOVEMBER 2023...
CLIMATE NORMAL PERIOD 1991 TO 2020
CLIMATE RECORD PERIOD 1896 TO 2023
WEATHER OBSERVED NORMAL DEPART LAST YEAR`S
VALUE DATE(S) VALUE FROM VALUE DATE(S)
NORMAL
................................................................
TEMPERATURE (F)
RECORD
HIGH 89 11/04/2016
11/04/2015
11/02/2015
LOW 13 11/25/1970
HIGHEST 87 11/10 MM MM 88 11/06
11/07
LOWEST 27 11/29 MM MM 34 11/18
AVG. MAXIMUM 73.3 72.5 0.8 74.8
AVG. MINIMUM 49.4 48.0 1.4 53.7
MEAN 61.4 60.2 1.2 64.3
DAYS MAX >= 90 0 0.0 0.0 0
DAYS MAX <= 32 0 0.0 0.0 0
DAYS MIN <= 32 2 2.3 -0.3 0
DAYS MIN <= 0 0 0.0 0.0 0
PRECIPITATION (INCHES)
RECORD
MAXIMUM 12.64 1947
MINIMUM 0.03 1931
TOTALS 3.34 3.10 0.24 2.47
SNOWFALL (INCHES)
RECORDS
TOTAL 0.0 2002
TOTALS 0.0 MM MM 0.0
SINCE 7/1 MM MM MM MM
DEGREE DAYS
HEATING TOTAL 136 190 -54 114
SINCE 7/1 158 229 -71 MM
COOLING TOTAL 36 47 -11 100
SINCE 1/1 3245 2742 503 MM
................................................................
WIND (MPH)
AVERAGE WIND SPEED 5.3
RESULTANT WIND SPEED/DIRECTION 3/030
HIGHEST WIND SPEED/DIRECTION 22/360 DATE 11/01
HIGHEST GUST SPEED/DIRECTION 31/360 DATE 11/01
SKY COVER
POSSIBLE SUNSHINE (PERCENT) MM
AVERAGE SKY COVER 0.44
NUMBER OF DAYS FAIR 13
NUMBER OF DAYS PC 8
NUMBER OF DAYS CLOUDY 9
AVERAGE RH (PERCENT) 71
WEATHER CONDITIONS. NUMBER OF DAYS WITH
THUNDERSTORM 1 MIXED PRECIP 0
HEAVY RAIN 1 RAIN 3
LIGHT RAIN 9 FREEZING RAIN 0
LT FREEZING RAIN 0 HAIL 0
HEAVY SNOW 0 SNOW 0
LIGHT SNOW 0 SLEET 0
FOG 11 FOG W/VIS <= 1/4 MILE 2
HAZE 0
- INDICATES NEGATIVE NUMBERS.
R INDICATES RECORD WAS SET OR TIED.
MM INDICATES DATA IS MISSING.
T INDICATES TRACE AMOUNT.
$$