000
CDUS44 KBMX 112116
CLITOI


CLIMATE REPORT
NATIONAL WEATHER SERVICE BIRMINGHAM, AL
416 PM CDT FRI JUL 11 2014


...................................

...THE TROY CLIMATE SUMMARY FOR JULY 11 2014...
VALID AS OF 0400 PM LOCAL TIME.

CLIMATE NORMAL PERIOD 1981 TO 2010
CLIMATE RECORD PERIOD 9999 TO 9999


WEATHER ITEM   OBSERVED TIME   RECORD YEAR NORMAL DEPARTURE LAST
                VALUE   (LST)  VALUE       VALUE  FROM      YEAR
                                                  NORMAL
..................................................................
TEMPERATURE (F)
 TODAY
  MAXIMUM         94    214 PM  MM      MM  92      2       86
  MINIMUM         70    437 AM  MM      MM  70      0       73
  AVERAGE         82                        81      1       80

PRECIPITATION (IN)
  TODAY            0.00                      0.18  -0.18     0.01
  MONTH TO DATE    0.36                      2.11  -1.75     5.58
  SINCE JUN 1      3.15                      6.94  -3.79    11.53
  SINCE JAN 1     33.21                     29.77   3.44    34.69

DEGREE DAYS
 COOLING
  TODAY           17                        16      1       15
  MONTH TO DATE  165                       169     -4      140
  SINCE JUN 1    598                       557     41      585
  SINCE JAN 1    920                       844     76      877
..................................................................


WIND (MPH)
  HIGHEST WIND SPEED    13   HIGHEST WIND DIRECTION     N (360)
  HIGHEST GUST SPEED    15   HIGHEST GUST DIRECTION     N (340)
  AVERAGE WIND SPEED     2.5


SKY COVER
  AVERAGE SKY COVER 0.3


WEATHER CONDITIONS
 THE FOLLOWING WEATHER WAS RECORDED TODAY.
  FOG
  FOG W/VISIBILITY <= 1/4 MILE


RELATIVE HUMIDITY (PERCENT)
 HIGHEST   100           300 AM
 LOWEST     36           200 PM
 AVERAGE    68

..........................................................


THE TROY CLIMATE NORMALS FOR TOMORROW
                         NORMAL    RECORD    YEAR
 MAXIMUM TEMPERATURE (F)   92        MM        MM
 MINIMUM TEMPERATURE (F)   70        MM        MM


SUNRISE AND SUNSET
JULY 11 2014..........SUNRISE   547 AM CDT   SUNSET   752 PM CDT
JULY 12 2014..........SUNRISE   547 AM CDT   SUNSET   752 PM CDT


-  INDICATES NEGATIVE NUMBERS.
R  INDICATES RECORD WAS SET OR TIED.
MM INDICATES DATA IS MISSING.
T  INDICATES TRACE AMOUNT.




$$
