000
CDUS44 KBMX 102207
CLITOI


CLIMATE REPORT
NATIONAL WEATHER SERVICE BIRMINGHAM, AL
407 PM CST SAT JAN 10 2015


...................................

...THE TROY CLIMATE SUMMARY FOR JANUARY 10 2015...
VALID AS OF 0400 PM LOCAL TIME.

CLIMATE NORMAL PERIOD 1981 TO 2010
CLIMATE RECORD PERIOD 9999 TO 9999


WEATHER ITEM   OBSERVED TIME   RECORD YEAR NORMAL DEPARTURE LAST
                VALUE   (LST)  VALUE       VALUE  FROM      YEAR
                                                  NORMAL
..................................................................
TEMPERATURE (F)
 TODAY
  MAXIMUM         53    251 PM  MM      MM  58     -5       63
  MINIMUM         28    704 AM  MM      MM  35     -7       47
  AVERAGE         41                        46     -5       55

PRECIPITATION (IN)
  TODAY            0.00                      0.11  -0.11     0.41
  MONTH TO DATE    0.73                      1.49  -0.76     0.86
  SINCE DEC 1      5.86                      6.33  -0.47     6.97
  SINCE JAN 1      0.73                      1.49  -0.76     0.86

SNOWFALL (IN)
  TODAY            0.0                      MM     MM        0.0
  MONTH TO DATE    0.0                      MM     MM        0.0
  SINCE DEC 1      0.0                      MM     MM        0.0
  SINCE JUL 1      0.0                      MM     MM        0.0
  SNOW DEPTH       0

DEGREE DAYS
 HEATING
  TODAY           24                        19      5       10
  MONTH TO DATE  203                       190     13      262
  SINCE DEC 1    605                       714   -109      690
  SINCE JUL 1   1123                      1107     16     1043
..................................................................


WIND (MPH)
  HIGHEST WIND SPEED    12   HIGHEST WIND DIRECTION     N (20)
  HIGHEST GUST SPEED    16   HIGHEST GUST DIRECTION    NE (60)
  AVERAGE WIND SPEED     6.8


SKY COVER
  AVERAGE SKY COVER 0.0


WEATHER CONDITIONS
 THE FOLLOWING WEATHER WAS RECORDED TODAY.
  NO SIGNIFICANT WEATHER WAS OBSERVED.


RELATIVE HUMIDITY (PERCENT)
 HIGHEST    63           500 AM
 LOWEST     17           300 PM
 AVERAGE    40

..........................................................


THE TROY CLIMATE NORMALS FOR TOMORROW
                         NORMAL    RECORD    YEAR
 MAXIMUM TEMPERATURE (F)   58        MM        MM
 MINIMUM TEMPERATURE (F)   35        MM        MM


SUNRISE AND SUNSET
JANUARY 10 2015.......SUNRISE   645 AM CST   SUNSET   458 PM CST
JANUARY 11 2015.......SUNRISE   645 AM CST   SUNSET   459 PM CST


-  INDICATES NEGATIVE NUMBERS.
R  INDICATES RECORD WAS SET OR TIED.
MM INDICATES DATA IS MISSING.
T  INDICATES TRACE AMOUNT.




$$
