000
CDUS44 KBMX 010756
CLITOI


CLIMATE REPORT
NATIONAL WEATHER SERVICE BIRMINGHAM, AL
256 AM CDT TUE AUG 1 2017


...................................

...THE TROY CLIMATE SUMMARY FOR JULY 31 2017...

CLIMATE NORMAL PERIOD 1981 TO 2010
CLIMATE RECORD PERIOD 9999 TO 9999


WEATHER ITEM   OBSERVED TIME   RECORD YEAR NORMAL DEPARTURE LAST
                VALUE   (LST)  VALUE       VALUE  FROM      YEAR
                                                  NORMAL
..................................................................
TEMPERATURE (F)
 YESTERDAY
  MAXIMUM         87    352 PM  MM      MM  91     -4       94
  MINIMUM         66   1151 PM  MM      MM  70     -4       73
  AVERAGE         77                        81     -4       84

PRECIPITATION (IN)
  YESTERDAY        0.00                      0.18  -0.18     0.14
  MONTH TO DATE    4.87                      5.67  -0.80     4.05
  SINCE JUN 1     13.38                     10.50   2.88    10.05
  SINCE JAN 1     45.88                     33.33  12.55    29.39

DEGREE DAYS
 COOLING
  YESTERDAY       12                        16     -4       19
  MONTH TO DATE  490                       485      5      519
  SINCE JUN 1    845                       873    -28      960
  SINCE JAN 1   1249                      1160     89     1375
..................................................................


WIND (MPH)
  HIGHEST WIND SPEED    14   HIGHEST WIND DIRECTION    NE (40)
  HIGHEST GUST SPEED    20   HIGHEST GUST DIRECTION    NE (40)
  AVERAGE WIND SPEED     4.2


SKY COVER
  AVERAGE SKY COVER 0.1


WEATHER CONDITIONS
 THE FOLLOWING WEATHER WAS RECORDED YESTERDAY.
  NO SIGNIFICANT WEATHER WAS OBSERVED.


RELATIVE HUMIDITY (PERCENT)
 HIGHEST   100           200 AM
 LOWEST     43           300 PM
 AVERAGE    72

..........................................................


THE TROY CLIMATE NORMALS FOR TODAY
                         NORMAL    RECORD    YEAR
 MAXIMUM TEMPERATURE (F)   91        MM        MM
 MINIMUM TEMPERATURE (F)   70        MM        MM


SUNRISE AND SUNSET
AUGUST  1 2017........SUNRISE   600 AM CDT   SUNSET   740 PM CDT
AUGUST  2 2017........SUNRISE   600 AM CDT   SUNSET   740 PM CDT


-  INDICATES NEGATIVE NUMBERS.
R  INDICATES RECORD WAS SET OR TIED.
MM INDICATES DATA IS MISSING.
T  INDICATES TRACE AMOUNT.




$$
