000
CDUS44 KBMX 172144
CLITOI


CLIMATE REPORT
NATIONAL WEATHER SERVICE BIRMINGHAM, AL
444 PM CDT SUN MAY 17 2015


...................................

...THE TROY CLIMATE SUMMARY FOR MAY 17 2015...
VALID TODAY AS OF 0400 PM LOCAL TIME.

CLIMATE NORMAL PERIOD 1981 TO 2010
CLIMATE RECORD PERIOD 9999 TO 9999


WEATHER ITEM   OBSERVED TIME   RECORD YEAR NORMAL DEPARTURE LAST
                VALUE   (LST)  VALUE       VALUE  FROM      YEAR
                                                  NORMAL
..................................................................
TEMPERATURE (F)
 TODAY
  MAXIMUM         90    259 PM  MM      MM  84      6       82
  MINIMUM         64    233 AM  MM      MM  59      5       48
  AVERAGE         77                        72      5       65

PRECIPITATION (IN)
  TODAY            0.00                      0.08  -0.08     0.00
  MONTH TO DATE    0.35                      1.53  -1.18     4.18
  SINCE MAR 1     10.17                     11.55  -1.38    19.84
  SINCE JAN 1     17.08                     20.68  -3.60    28.90

DEGREE DAYS
 COOLING
  TODAY           12                         7      5        0
  MONTH TO DATE  128                        89     39       88
  SINCE MAR 1    332                       161    171      160
  SINCE JAN 1    334                       166    168      171
..................................................................


WIND (MPH)
  HIGHEST WIND SPEED    12   HIGHEST WIND DIRECTION     S (160)
  HIGHEST GUST SPEED    22   HIGHEST GUST DIRECTION    NE (60)
  AVERAGE WIND SPEED     4.3


SKY COVER
  AVERAGE SKY COVER 0.1


WEATHER CONDITIONS
 THE FOLLOWING WEATHER WAS RECORDED TODAY.
  FOG


RELATIVE HUMIDITY (PERCENT)
 HIGHEST   100          1200 AM
 LOWEST     52           300 PM
 AVERAGE    76

..........................................................


THE TROY CLIMATE NORMALS FOR TOMORROW
                         NORMAL    RECORD    YEAR
 MAXIMUM TEMPERATURE (F)   85        MM        MM
 MINIMUM TEMPERATURE (F)   59        MM        MM


SUNRISE AND SUNSET
MAY 17 2015...........SUNRISE   546 AM CDT   SUNSET   735 PM CDT
MAY 18 2015...........SUNRISE   545 AM CDT   SUNSET   736 PM CDT


-  INDICATES NEGATIVE NUMBERS.
R  INDICATES RECORD WAS SET OR TIED.
MM INDICATES DATA IS MISSING.
T  INDICATES TRACE AMOUNT.




$$
