000
CDUS44 KBMX 172129
CLITOI


CLIMATE REPORT
NATIONAL WEATHER SERVICE BIRMINGHAM, AL
429 PM CDT TUE MAR 17 2015


...................................

...THE TROY CLIMATE SUMMARY FOR MARCH 17 2015...
VALID AS OF 0400 PM LOCAL TIME.

CLIMATE NORMAL PERIOD 1981 TO 2010
CLIMATE RECORD PERIOD 9999 TO 9999


WEATHER ITEM   OBSERVED TIME   RECORD YEAR NORMAL DEPARTURE LAST
                VALUE   (LST)  VALUE       VALUE  FROM      YEAR
                                                  NORMAL
..................................................................
TEMPERATURE (F)
 TODAY
  MAXIMUM         83    239 PM  MM      MM  70     13       61
  MINIMUM         52    547 AM  MM      MM  43      9       47
  AVERAGE         68                        57     11       54

PRECIPITATION (IN)
  TODAY            0.00                      0.18  -0.18     0.20
  MONTH TO DATE    1.43                      2.97  -1.54     2.75
  SINCE MAR 1      1.43                      2.97  -1.54     2.75
  SINCE JAN 1      8.34                     12.10  -3.76    11.81

SNOWFALL (IN)
  TODAY            0.0                      MM     MM        0.0
  MONTH TO DATE    0.0                      MM     MM        0.0
  SINCE MAR 1      0.0                      MM     MM        0.0
  SINCE JUL 1      0.0                      MM     MM        0.3
  SNOW DEPTH       0

DEGREE DAYS
 HEATING
  TODAY            0                         9     -9       11
  MONTH TO DATE  101                       179    -78      182
  SINCE MAR 1    101                       179    -78      182
  SINCE JUL 1   2102                      2098      4     2122

 COOLING
  TODAY            3                         0      3        0
  MONTH TO DATE   35                         0     35        0
  SINCE MAR 1     35                         0     35        0
  SINCE JAN 1     37                         5     32       11
..................................................................


WIND (MPH)
  HIGHEST WIND SPEED    21   HIGHEST WIND DIRECTION    NW (330)
  HIGHEST GUST SPEED    28   HIGHEST GUST DIRECTION    NW (300)
  AVERAGE WIND SPEED     7.0


SKY COVER
  AVERAGE SKY COVER 0.0


WEATHER CONDITIONS
 THE FOLLOWING WEATHER WAS RECORDED TODAY.
  NO SIGNIFICANT WEATHER WAS OBSERVED.


RELATIVE HUMIDITY (PERCENT)
 HIGHEST    93           300 AM
 LOWEST     36          1200 PM
 AVERAGE    65

..........................................................


THE TROY CLIMATE NORMALS FOR TOMORROW
                         NORMAL    RECORD    YEAR
 MAXIMUM TEMPERATURE (F)   70        MM        MM
 MINIMUM TEMPERATURE (F)   44        MM        MM


SUNRISE AND SUNSET
MARCH 17 2015.........SUNRISE   652 AM CDT   SUNSET   653 PM CDT
MARCH 18 2015.........SUNRISE   651 AM CDT   SUNSET   654 PM CDT


-  INDICATES NEGATIVE NUMBERS.
R  INDICATES RECORD WAS SET OR TIED.
MM INDICATES DATA IS MISSING.
T  INDICATES TRACE AMOUNT.




$$
