000
CDUS44 KBMX 030055
CLITOI


CLIMATE REPORT
NATIONAL WEATHER SERVICE BIRMINGHAM, AL
755 PM CDT FRI JUN 2 2017


...................................

...THE TROY CLIMATE SUMMARY FOR JUNE 2 2017...
VALID TODAY AS OF 0700 PM LOCAL TIME.

CLIMATE NORMAL PERIOD 1981 TO 2010
CLIMATE RECORD PERIOD 9999 TO 9999


WEATHER ITEM   OBSERVED TIME   RECORD YEAR NORMAL DEPARTURE LAST
                VALUE   (LST)  VALUE       VALUE  FROM      YEAR
                                                  NORMAL
..................................................................
TEMPERATURE (F)
 TODAY
  MAXIMUM         86    238 PM  MM      MM  87     -1       92
  MINIMUM         68    532 AM  MM      MM  64      4       68
  AVERAGE         77                        76      1       80

PRECIPITATION (IN)
  TODAY            0.06                      0.15  -0.09      T
  MONTH TO DATE    0.66                      0.31   0.35      T
  SINCE JUN 1      0.66                      0.31   0.35      T
  SINCE JAN 1     33.16                     23.14  10.02    19.34

DEGREE DAYS
 COOLING
  TODAY           12                        10      2       15
  MONTH TO DATE   22                        20      2       30
  SINCE JUN 1     22                        20      2       30
  SINCE JAN 1    426                       307    119      445
..................................................................


WIND (MPH)
  HIGHEST WIND SPEED    17   HIGHEST WIND DIRECTION     S (180)
  HIGHEST GUST SPEED    24   HIGHEST GUST DIRECTION     S (170)
  AVERAGE WIND SPEED     3.9


SKY COVER
  AVERAGE SKY COVER 0.3


WEATHER CONDITIONS
 THE FOLLOWING WEATHER WAS RECORDED TODAY.
  THUNDERSTORM
  LIGHT RAIN
  FOG


RELATIVE HUMIDITY (PERCENT)
 HIGHEST   100          1200 AM
 LOWEST     65          1200 PM
 AVERAGE    83

..........................................................


THE TROY CLIMATE NORMALS FOR TOMORROW
                         NORMAL    RECORD    YEAR
 MAXIMUM TEMPERATURE (F)   88        MM        MM
 MINIMUM TEMPERATURE (F)   64        MM        MM


SUNRISE AND SUNSET
JUNE  2 2017..........SUNRISE   539 AM CDT   SUNSET   746 PM CDT
JUNE  3 2017..........SUNRISE   539 AM CDT   SUNSET   746 PM CDT


-  INDICATES NEGATIVE NUMBERS.
R  INDICATES RECORD WAS SET OR TIED.
MM INDICATES DATA IS MISSING.
T  INDICATES TRACE AMOUNT.




$$
