258
CDUS44 KBMX 130048
CLITOI


CLIMATE REPORT
NATIONAL WEATHER SERVICE BIRMINGHAM, AL
744 PM CDT FRI MAY 12 2017


...................................

...THE TROY CLIMATE SUMMARY FOR MAY 12 2017...
VALID TODAY AS OF 0700 PM LOCAL TIME.

CLIMATE NORMAL PERIOD 1981 TO 2010
CLIMATE RECORD PERIOD 9999 TO 9999


WEATHER ITEM   OBSERVED TIME   RECORD YEAR NORMAL DEPARTURE LAST
                VALUE   (LST)  VALUE       VALUE  FROM      YEAR
                                                  NORMAL
..................................................................
TEMPERATURE (F)
 TODAY
  MAXIMUM         82   1137 AM  MM      MM  83     -1       87
  MINIMUM         62    420 PM  MM      MM  57      5       63
  AVERAGE         72                        70      2       75

PRECIPITATION (IN)
  TODAY            T                         0.09  -0.09     0.06
  MONTH TO DATE    0.56                      1.12  -0.56     1.24
  SINCE MAR 1      6.48                     11.14  -4.66    11.82
  SINCE JAN 1     25.11                     20.27   4.84    18.17

DEGREE DAYS
 COOLING
  TODAY            7                         6      1       10
  MONTH TO DATE   29                        57    -28       67
  SINCE MAR 1    211                       129     82      226
  SINCE JAN 1    233                       134     99      233
..................................................................


WIND (MPH)
  HIGHEST WIND SPEED    21   HIGHEST WIND DIRECTION    SW (230)
  HIGHEST GUST SPEED    27   HIGHEST GUST DIRECTION    SW (230)
  AVERAGE WIND SPEED     4.5


SKY COVER
  AVERAGE SKY COVER 0.2


WEATHER CONDITIONS
 THE FOLLOWING WEATHER WAS RECORDED TODAY.
  THUNDERSTORM
  RAIN
  LIGHT RAIN
  FOG


RELATIVE HUMIDITY (PERCENT)
 HIGHEST   100           100 AM
 LOWEST     49          1200 PM
 AVERAGE    75

..........................................................


THE TROY CLIMATE NORMALS FOR TOMORROW
                         NORMAL    RECORD    YEAR
 MAXIMUM TEMPERATURE (F)   84        MM        MM
 MINIMUM TEMPERATURE (F)   58        MM        MM


SUNRISE AND SUNSET
MAY 12 2017...........SUNRISE   549 AM CDT   SUNSET   732 PM CDT
MAY 13 2017...........SUNRISE   548 AM CDT   SUNSET   733 PM CDT


-  INDICATES NEGATIVE NUMBERS.
R  INDICATES RECORD WAS SET OR TIED.
MM INDICATES DATA IS MISSING.
T  INDICATES TRACE AMOUNT.




$$
