000
CDUS44 KBMX 230709
CLITOI


CLIMATE REPORT
NATIONAL WEATHER SERVICE BIRMINGHAM, AL
207 AM CDT TUE JUN 23 2015


...................................

...THE TROY CLIMATE SUMMARY FOR JUNE 22 2015...

CLIMATE NORMAL PERIOD 1981 TO 2010
CLIMATE RECORD PERIOD 9999 TO 9999


WEATHER ITEM   OBSERVED TIME   RECORD YEAR NORMAL DEPARTURE LAST
                VALUE   (LST)  VALUE       VALUE  FROM      YEAR
                                                  NORMAL
..................................................................
TEMPERATURE (F)
 YESTERDAY
  MAXIMUM         98    317 PM  MM      MM  90      8       92
  MINIMUM         70    508 AM  MM      MM  68      2       70
  AVERAGE         84                        79      5       81

PRECIPITATION (IN)
  YESTERDAY        0.00                      0.17  -0.17     0.09
  MONTH TO DATE    1.57                      3.55  -1.98     1.99
  SINCE JUN 1      1.57                      3.55  -1.98     1.99
  SINCE JAN 1     21.39                     26.38  -4.99    32.05

DEGREE DAYS
 COOLING
  YESTERDAY       19                        14      5       16
  MONTH TO DATE  334                       271     63      312
  SINCE JUN 1    334                       271     63      312
  SINCE JAN 1    817                       558    259      634
..................................................................


WIND (MPH)
  HIGHEST WIND SPEED    13   HIGHEST WIND DIRECTION     N (340)
  HIGHEST GUST SPEED    49   HIGHEST GUST DIRECTION    SW (220)
  AVERAGE WIND SPEED     3.3


SKY COVER
  AVERAGE SKY COVER 0.0


WEATHER CONDITIONS
 THE FOLLOWING WEATHER WAS RECORDED YESTERDAY.
  FOG


RELATIVE HUMIDITY (PERCENT)
 HIGHEST    94          1200 AM
 LOWEST     38           500 PM
 AVERAGE    66

..........................................................


THE TROY CLIMATE NORMALS FOR TODAY
                         NORMAL    RECORD    YEAR
 MAXIMUM TEMPERATURE (F)   90        MM        MM
 MINIMUM TEMPERATURE (F)   68        MM        MM


SUNRISE AND SUNSET
JUNE 23 2015..........SUNRISE   539 AM CDT   SUNSET   753 PM CDT
JUNE 24 2015..........SUNRISE   540 AM CDT   SUNSET   753 PM CDT


-  INDICATES NEGATIVE NUMBERS.
R  INDICATES RECORD WAS SET OR TIED.
MM INDICATES DATA IS MISSING.
T  INDICATES TRACE AMOUNT.




$$
