000
CDUS44 KBMX 102137
CLITOI


CLIMATE REPORT
NATIONAL WEATHER SERVICE BIRMINGHAM, AL
437 PM CDT FRI OCT 10 2014


...................................

...THE TROY CLIMATE SUMMARY FOR OCTOBER 10 2014...
VALID AS OF 0400 PM LOCAL TIME.

CLIMATE NORMAL PERIOD 1981 TO 2010
CLIMATE RECORD PERIOD 9999 TO 9999


WEATHER ITEM   OBSERVED TIME   RECORD YEAR NORMAL DEPARTURE LAST
                VALUE   (LST)  VALUE       VALUE  FROM      YEAR
                                                  NORMAL
..................................................................
TEMPERATURE (F)
 TODAY
  MAXIMUM         89    208 PM  MM      MM  80      9       84
  MINIMUM         61    539 AM  MM      MM  55      6       55
  AVERAGE         75                        67      8       70

PRECIPITATION (IN)
  TODAY            0.00                      0.10  -0.10     0.00
  MONTH TO DATE    0.38                      0.99  -0.61     0.35
  SINCE SEP 1      3.34                      4.95  -1.61     2.56
  SINCE JAN 1     41.34                     42.90  -1.56    48.17

SNOWFALL (IN)
  TODAY            0.0                      MM     MM        0.0
  MONTH TO DATE    0.0                      MM     MM        0.0
  SINCE SEP 1      0.0                      MM     MM        0.0
  SINCE JUL 1      0.0                      MM     MM        0.0
  SNOW DEPTH       0

DEGREE DAYS
 HEATING
  TODAY            0                         2     -2        0
  MONTH TO DATE   17                        13      4        0
  SINCE SEP 1     17                        17      0        0
  SINCE JUL 1     17                        17      0        0

 COOLING
  TODAY           10                         4      6        5
  MONTH TO DATE   66                        49     17       80
  SINCE SEP 1    449                       363     86      464
  SINCE JAN 1   2161                      1997    164     2111
..................................................................


WIND (MPH)
  HIGHEST WIND SPEED    14   HIGHEST WIND DIRECTION    SW (220)
  HIGHEST GUST SPEED    20   HIGHEST GUST DIRECTION    SW (210)
  AVERAGE WIND SPEED     3.7


SKY COVER
  AVERAGE SKY COVER 0.3


WEATHER CONDITIONS
 THE FOLLOWING WEATHER WAS RECORDED TODAY.
  FOG
  FOG W/VISIBILITY <= 1/4 MILE


RELATIVE HUMIDITY (PERCENT)
 HIGHEST   100           700 AM
 LOWEST     43           200 PM
 AVERAGE    72

..........................................................


THE TROY CLIMATE NORMALS FOR TOMORROW
                         NORMAL    RECORD    YEAR
 MAXIMUM TEMPERATURE (F)   79        MM        MM
 MINIMUM TEMPERATURE (F)   54        MM        MM


SUNRISE AND SUNSET
OCTOBER 10 2014.......SUNRISE   644 AM CDT   SUNSET   618 PM CDT
OCTOBER 11 2014.......SUNRISE   645 AM CDT   SUNSET   616 PM CDT


-  INDICATES NEGATIVE NUMBERS.
R  INDICATES RECORD WAS SET OR TIED.
MM INDICATES DATA IS MISSING.
T  INDICATES TRACE AMOUNT.




$$
