000
CDUS44 KBMX 140700
CLITOI


CLIMATE REPORT
NATIONAL WEATHER SERVICE BIRMINGHAM, AL
159 AM CDT THU APR 14 2016


...................................

...THE TROY CLIMATE SUMMARY FOR APRIL 13 2016...

CLIMATE NORMAL PERIOD 1981 TO 2010
CLIMATE RECORD PERIOD 9999 TO 9999


WEATHER ITEM   OBSERVED TIME   RECORD YEAR NORMAL DEPARTURE LAST
                VALUE   (LST)  VALUE       VALUE  FROM      YEAR
                                                  NORMAL
..................................................................
TEMPERATURE (F)
 YESTERDAY
  MAXIMUM         74    151 PM  MM      MM  76     -2       77
  MINIMUM         55    535 AM  MM      MM  49      6       68
  AVERAGE         65                        62      3       73

PRECIPITATION (IN)
  YESTERDAY        0.33                      0.15   0.18     0.52
  MONTH TO DATE    2.89                      2.06   0.83     2.15
  SINCE MAR 1      8.15                      8.09   0.06     4.73
  SINCE JAN 1     14.50                     17.22  -2.72    11.64

SNOWFALL (IN)
  YESTERDAY        0.0                      MM     MM        0.0
  MONTH TO DATE    0.0                      MM     MM        0.0
  SINCE MAR 1      0.0                      MM     MM        0.0
  SINCE JUL 1      T                        MM     MM        0.0
  SNOW DEPTH       0

DEGREE DAYS
 HEATING
  YESTERDAY        0                         4     -4        0
  MONTH TO DATE   39                        67    -28       12
  SINCE MAR 1    172                       349   -177      158
  SINCE JUL 1   1477                      2268   -791     2159

 COOLING
  YESTERDAY        0                         2     -2        8
  MONTH TO DATE    7                        17    -10       78
  SINCE MAR 1     85                        31     54      138
  SINCE JAN 1     92                        36     56      140
..................................................................


WIND (MPH)
  HIGHEST WIND SPEED    10   HIGHEST WIND DIRECTION     E (90)
  HIGHEST GUST SPEED    15   HIGHEST GUST DIRECTION     E (90)
  AVERAGE WIND SPEED     4.1


SKY COVER
  AVERAGE SKY COVER 0.6


WEATHER CONDITIONS
 THE FOLLOWING WEATHER WAS RECORDED YESTERDAY.
  HEAVY RAIN
  RAIN
  LIGHT RAIN
  FOG


RELATIVE HUMIDITY (PERCENT)
 HIGHEST   100           200 AM
 LOWEST     61          1000 AM
 AVERAGE    81

..........................................................


THE TROY CLIMATE NORMALS FOR TODAY
                         NORMAL    RECORD    YEAR
 MAXIMUM TEMPERATURE (F)   76        MM        MM
 MINIMUM TEMPERATURE (F)   49        MM        MM


SUNRISE AND SUNSET
APRIL 14 2016.........SUNRISE   616 AM CDT   SUNSET   713 PM CDT
APRIL 15 2016.........SUNRISE   615 AM CDT   SUNSET   714 PM CDT


-  INDICATES NEGATIVE NUMBERS.
R  INDICATES RECORD WAS SET OR TIED.
MM INDICATES DATA IS MISSING.
T  INDICATES TRACE AMOUNT.




$$
