000
CDUS44 KBMX 270017
CLITOI


CLIMATE REPORT
NATIONAL WEATHER SERVICE BIRMINGHAM, AL
717 PM CDT WED MAR 26 2014


...................................

...THE TROY CLIMATE SUMMARY FOR MARCH 26 2014...
VALID TODAY AS OF 0700 PM LOCAL TIME.

CLIMATE NORMAL PERIOD 1981 TO 2010
CLIMATE RECORD PERIOD 9999 TO 9999


WEATHER ITEM   OBSERVED TIME   RECORD YEAR NORMAL DEPARTURE LAST
                VALUE   (LST)  VALUE       VALUE  FROM      YEAR
                                                  NORMAL
..................................................................
TEMPERATURE (F)
 TODAY
  MAXIMUM         58    217 PM  MM      MM  72    -14       51
  MINIMUM         28    559 AM  MM      MM  45    -17       30
  AVERAGE         43                        58    -15       41

PRECIPITATION (IN)
  TODAY            0.00                      0.25  -0.25     0.00
  MONTH TO DATE    2.98                      4.92  -1.94     3.03
  SINCE MAR 1      2.98                      4.92  -1.94     3.03
  SINCE JAN 1     12.04                     14.05  -2.01    18.32

SNOWFALL (IN)
  TODAY            0.0                      MM     MM        0.0
  MONTH TO DATE    0.0                      MM     MM        0.0
  SINCE MAR 1      0.0                      MM     MM        0.0
  SINCE JUL 1      0.3                      MM     MM        0.0
  SNOW DEPTH       0

DEGREE DAYS
 HEATING
  TODAY           22                         7     15       24
  MONTH TO DATE  261                       249     12      376
  SINCE MAR 1    261                       249     12      376
  SINCE JUL 1   2201                      2168     33     1982

 COOLING
  TODAY            0                         1     -1        0
  MONTH TO DATE    1                         6     -5        3
  SINCE MAR 1      1                         6     -5        3
  SINCE JAN 1     12                        11      1       23
..................................................................


WIND (MPH)
  HIGHEST WIND SPEED    15   HIGHEST WIND DIRECTION    NE (40)
  HIGHEST GUST SPEED    20   HIGHEST GUST DIRECTION    NW (320)
  AVERAGE WIND SPEED     4.2


SKY COVER
  AVERAGE SKY COVER 0.0


WEATHER CONDITIONS
 THE FOLLOWING WEATHER WAS RECORDED TODAY.
  NO SIGNIFICANT WEATHER WAS OBSERVED.


RELATIVE HUMIDITY (PERCENT)
 HIGHEST    78           500 AM
 LOWEST     19           200 PM
 AVERAGE    49

..........................................................


THE TROY CLIMATE NORMALS FOR TOMORROW
                         NORMAL    RECORD    YEAR
 MAXIMUM TEMPERATURE (F)   72        MM        MM
 MINIMUM TEMPERATURE (F)   45        MM        MM


SUNRISE AND SUNSET
MARCH 26 2014.........SUNRISE   640 AM CDT   SUNSET   700 PM CDT
MARCH 27 2014.........SUNRISE   639 AM CDT   SUNSET   700 PM CDT


-  INDICATES NEGATIVE NUMBERS.
R  INDICATES RECORD WAS SET OR TIED.
MM INDICATES DATA IS MISSING.
T  INDICATES TRACE AMOUNT.




$$
