000
CDUS44 KBMX 110736
CLITOI


CLIMATE REPORT
NATIONAL WEATHER SERVICE BIRMINGHAM, AL
234 AM CDT THU AUG 11 2016


...................................

...THE TROY CLIMATE SUMMARY FOR AUGUST 10 2016...

CLIMATE NORMAL PERIOD 1981 TO 2010
CLIMATE RECORD PERIOD 9999 TO 9999


WEATHER ITEM   OBSERVED TIME   RECORD YEAR NORMAL DEPARTURE LAST
                VALUE   (LST)  VALUE       VALUE  FROM      YEAR
                                                  NORMAL
..................................................................
TEMPERATURE (F)
 YESTERDAY
  MAXIMUM         85    125 PM  MM      MM  91     -6       95
  MINIMUM         76    658 AM  MM      MM  70      6       73
  AVERAGE         81                        81      0       84

PRECIPITATION (IN)
  YESTERDAY        0.17                      0.17   0.00     0.00
  MONTH TO DATE    1.23                      1.77  -0.54     1.60
  SINCE JUN 1     11.28                     12.27  -0.99     8.40
  SINCE JAN 1     30.62                     35.10  -4.48    28.22

DEGREE DAYS
 COOLING
  YESTERDAY       16                        16      0       19
  MONTH TO DATE  180                       160     20      192
  SINCE JUN 1   1140                      1033    107     1228
  SINCE JAN 1   1555                      1320    235     1711
..................................................................


WIND (MPH)
  HIGHEST WIND SPEED    17   HIGHEST WIND DIRECTION     E (100)
  HIGHEST GUST SPEED    22   HIGHEST GUST DIRECTION     E (100)
  AVERAGE WIND SPEED     8.2


SKY COVER
  AVERAGE SKY COVER 0.9


WEATHER CONDITIONS
 THE FOLLOWING WEATHER WAS RECORDED YESTERDAY.
  RAIN
  LIGHT RAIN
  FOG


RELATIVE HUMIDITY (PERCENT)
 HIGHEST   100           200 AM
 LOWEST     79          1200 PM
 AVERAGE    90

..........................................................


THE TROY CLIMATE NORMALS FOR TODAY
                         NORMAL    RECORD    YEAR
 MAXIMUM TEMPERATURE (F)   91        MM        MM
 MINIMUM TEMPERATURE (F)   70        MM        MM


SUNRISE AND SUNSET
AUGUST 11 2016........SUNRISE   607 AM CDT   SUNSET   731 PM CDT
AUGUST 12 2016........SUNRISE   607 AM CDT   SUNSET   730 PM CDT


-  INDICATES NEGATIVE NUMBERS.
R  INDICATES RECORD WAS SET OR TIED.
MM INDICATES DATA IS MISSING.
T  INDICATES TRACE AMOUNT.




$$
