000
CDUS44 KBMX 092155
CLITOI


CLIMATE REPORT
NATIONAL WEATHER SERVICE BIRMINGHAM, AL
455 PM CDT SAT JUL 9 2016


...................................

...THE TROY CLIMATE SUMMARY FOR JULY 9 2016...
VALID TODAY AS OF 0400 PM LOCAL TIME.

CLIMATE NORMAL PERIOD 1981 TO 2010
CLIMATE RECORD PERIOD 9999 TO 9999


WEATHER ITEM   OBSERVED TIME   RECORD YEAR NORMAL DEPARTURE LAST
                VALUE   (LST)  VALUE       VALUE  FROM      YEAR
                                                  NORMAL
..................................................................
TEMPERATURE (F)
 TODAY
  MAXIMUM         94   1251 PM  MM      MM  92      2       96
  MINIMUM         73    510 AM  MM      MM  70      3       70
  AVERAGE         84                        81      3       83

PRECIPITATION (IN)
  TODAY            0.40                      0.19   0.21     0.35
  MONTH TO DATE    0.61                      1.73  -1.12     1.59
  SINCE JUN 1      6.61                      6.56   0.05     5.70
  SINCE JAN 1     25.95                     29.39  -3.44    25.52

DEGREE DAYS
 COOLING
  TODAY           19                        16      3       18
  MONTH TO DATE  160                       137     23      140
  SINCE JUN 1    601                       525     76      599
  SINCE JAN 1   1016                       812    204     1082
..................................................................


WIND (MPH)
  HIGHEST WIND SPEED    23   HIGHEST WIND DIRECTION     N (360)
  HIGHEST GUST SPEED    33   HIGHEST GUST DIRECTION     N (360)
  AVERAGE WIND SPEED     3.4


SKY COVER
  AVERAGE SKY COVER 0.1


WEATHER CONDITIONS
 THE FOLLOWING WEATHER WAS RECORDED TODAY.
  HEAVY RAIN
  RAIN
  LIGHT RAIN
  FOG


RELATIVE HUMIDITY (PERCENT)
 HIGHEST   100           400 AM
 LOWEST     56          1100 AM
 AVERAGE    78

..........................................................


THE TROY CLIMATE NORMALS FOR TOMORROW
                         NORMAL    RECORD    YEAR
 MAXIMUM TEMPERATURE (F)   92        MM        MM
 MINIMUM TEMPERATURE (F)   70        MM        MM


SUNRISE AND SUNSET
JULY  9 2016..........SUNRISE   546 AM CDT   SUNSET   753 PM CDT
JULY 10 2016..........SUNRISE   546 AM CDT   SUNSET   752 PM CDT


-  INDICATES NEGATIVE NUMBERS.
R  INDICATES RECORD WAS SET OR TIED.
MM INDICATES DATA IS MISSING.
T  INDICATES TRACE AMOUNT.




$$
