000
CDUS44 KBMX 072129
CLITOI


CLIMATE REPORT
NATIONAL WEATHER SERVICE BIRMINGHAM, AL
429 PM CDT SAT MAY 7 2016


...................................

...THE TROY CLIMATE SUMMARY FOR MAY 7 2016...
VALID AS OF 0400 PM LOCAL TIME.

CLIMATE NORMAL PERIOD 1981 TO 2010
CLIMATE RECORD PERIOD 9999 TO 9999


WEATHER ITEM   OBSERVED TIME   RECORD YEAR NORMAL DEPARTURE LAST
                VALUE   (LST)  VALUE       VALUE  FROM      YEAR
                                                  NORMAL
..................................................................
TEMPERATURE (F)
 TODAY
  MAXIMUM         83    302 PM  MM      MM  82      1       88
  MINIMUM         46    507 AM  MM      MM  56    -10       53
  AVERAGE         65                        69     -4       71

PRECIPITATION (IN)
  TODAY            0.00                      0.10  -0.10     0.00
  MONTH TO DATE    1.17                      0.64   0.53     0.00
  SINCE MAR 1     11.75                     10.66   1.09     9.82
  SINCE JAN 1     18.10                     19.79  -1.69    16.73

DEGREE DAYS
 COOLING
  TODAY            0                         5     -5        6
  MONTH TO DATE   27                        30     -3       21
  SINCE MAR 1    186                       102     84      225
  SINCE JAN 1    193                       107     86      227
..................................................................


WIND (MPH)
  HIGHEST WIND SPEED    14   HIGHEST WIND DIRECTION     N (340)
  HIGHEST GUST SPEED    18   HIGHEST GUST DIRECTION     W (280)
  AVERAGE WIND SPEED     2.8


SKY COVER
  AVERAGE SKY COVER 0.0


WEATHER CONDITIONS
 THE FOLLOWING WEATHER WAS RECORDED TODAY.
  NO SIGNIFICANT WEATHER WAS OBSERVED.


RELATIVE HUMIDITY (PERCENT)
 HIGHEST    93          1200 AM
 LOWEST     32           200 PM
 AVERAGE    63

..........................................................


THE TROY CLIMATE NORMALS FOR TOMORROW
                         NORMAL    RECORD    YEAR
 MAXIMUM TEMPERATURE (F)   82        MM        MM
 MINIMUM TEMPERATURE (F)   56        MM        MM


SUNRISE AND SUNSET
MAY  7 2016...........SUNRISE   553 AM CDT   SUNSET   729 PM CDT
MAY  8 2016...........SUNRISE   552 AM CDT   SUNSET   730 PM CDT


-  INDICATES NEGATIVE NUMBERS.
R  INDICATES RECORD WAS SET OR TIED.
MM INDICATES DATA IS MISSING.
T  INDICATES TRACE AMOUNT.




$$
