000
CDUS44 KBMX 110015
CLITOI


CLIMATE REPORT
NATIONAL WEATHER SERVICE BIRMINGHAM, AL
715 PM CDT SUN AUG 10 2014


...................................

...THE TROY CLIMATE SUMMARY FOR AUGUST 10 2014...
VALID TODAY AS OF 0700 PM LOCAL TIME.

CLIMATE NORMAL PERIOD 1981 TO 2010
CLIMATE RECORD PERIOD 9999 TO 9999


WEATHER ITEM   OBSERVED TIME   RECORD YEAR NORMAL DEPARTURE LAST
                VALUE   (LST)  VALUE       VALUE  FROM      YEAR
                                                  NORMAL
..................................................................
TEMPERATURE (F)
 TODAY
  MAXIMUM         89   1131 AM  MM      MM  91     -2       91
  MINIMUM         72    601 AM  MM      MM  70      2       72
  AVERAGE         81                        81      0       82

PRECIPITATION (IN)
  TODAY            0.16                      0.17  -0.01     0.07
  MONTH TO DATE    2.25                      1.77   0.48     1.20
  SINCE JUN 1      7.16                     12.27  -5.11    20.52
  SINCE JAN 1     37.22                     35.10   2.12    43.68

DEGREE DAYS
 COOLING
  TODAY           16                        16      0       17
  MONTH TO DATE  164                       160      4      175
  SINCE JUN 1   1057                      1033     24     1068
  SINCE JAN 1   1379                      1320     59     1360
..................................................................


WIND (MPH)
  HIGHEST WIND SPEED    20   HIGHEST WIND DIRECTION     N (10)
  HIGHEST GUST SPEED    24   HIGHEST GUST DIRECTION     N (10)
  AVERAGE WIND SPEED     1.6


SKY COVER
  AVERAGE SKY COVER 0.8


WEATHER CONDITIONS
 THE FOLLOWING WEATHER WAS RECORDED TODAY.
  THUNDERSTORM
  HEAVY RAIN
  RAIN
  LIGHT RAIN
  FOG
  FOG W/VISIBILITY <= 1/4 MILE


RELATIVE HUMIDITY (PERCENT)
 HIGHEST   100           300 AM
 LOWEST     63          1100 AM
 AVERAGE    82

..........................................................


THE TROY CLIMATE NORMALS FOR TOMORROW
                         NORMAL    RECORD    YEAR
 MAXIMUM TEMPERATURE (F)   91        MM        MM
 MINIMUM TEMPERATURE (F)   70        MM        MM


SUNRISE AND SUNSET
AUGUST 10 2014........SUNRISE   606 AM CDT   SUNSET   733 PM CDT
AUGUST 11 2014........SUNRISE   606 AM CDT   SUNSET   732 PM CDT


-  INDICATES NEGATIVE NUMBERS.
R  INDICATES RECORD WAS SET OR TIED.
MM INDICATES DATA IS MISSING.
T  INDICATES TRACE AMOUNT.




$$
