000
CDUS44 KBMX 072234
CLITOI


CLIMATE REPORT
NATIONAL WEATHER SERVICE BIRMINGHAM, AL
433 PM CST TUE MAR 7 2017


...................................

...THE TROY CLIMATE SUMMARY FOR MARCH 7 2017...
VALID TODAY AS OF 0400 PM LOCAL TIME.

CLIMATE NORMAL PERIOD 1981 TO 2010
CLIMATE RECORD PERIOD 9999 TO 9999


WEATHER ITEM   OBSERVED TIME   RECORD YEAR NORMAL DEPARTURE LAST
                VALUE   (LST)  VALUE       VALUE  FROM      YEAR
                                                  NORMAL
..................................................................
TEMPERATURE (F)
 TODAY
  MAXIMUM         71   1208 PM  MM      MM  67      4       75
  MINIMUM         49   1256 AM  MM      MM  41      8       42
  AVERAGE         60                        54      6       59

PRECIPITATION (IN)
  TODAY            0.02                      0.18  -0.16     0.00
  MONTH TO DATE    0.34                      1.15  -0.81     1.03
  SINCE MAR 1      0.34                      1.15  -0.81     1.03
  SINCE JAN 1     18.97                     10.28   8.69     7.38

SNOWFALL (IN)
  TODAY           MM                        MM     MM        0.0
  MONTH TO DATE    0.0                      MM     MM        0.0
  SINCE MAR 1      0.0                      MM     MM        0.0
  SINCE JUL 1      0.0                      MM     MM         T
  SNOW DEPTH       0

DEGREE DAYS
 HEATING
  TODAY            5                        11     -6        6
  MONTH TO DATE   60                        81    -21       75
  SINCE MAR 1     60                        81    -21       75
  SINCE JUL 1   1221                      2000   -779     1380

 COOLING
  TODAY            0                         0      0        0
  MONTH TO DATE    7                         0      7        0
  SINCE MAR 1      7                         0      7        0
  SINCE JAN 1     29                         5     24        7
..................................................................


WIND (MPH)
  HIGHEST WIND SPEED    18   HIGHEST WIND DIRECTION     S (180)
  HIGHEST GUST SPEED    25   HIGHEST GUST DIRECTION     S (190)
  AVERAGE WIND SPEED     9.4


SKY COVER
  AVERAGE SKY COVER 0.4


WEATHER CONDITIONS
 THE FOLLOWING WEATHER WAS RECORDED TODAY.
  RAIN
  LIGHT RAIN
  FOG


RELATIVE HUMIDITY (PERCENT)
 HIGHEST    93           100 AM
 LOWEST     66          1000 AM
 AVERAGE    80

..........................................................


THE TROY CLIMATE NORMALS FOR TOMORROW
                         NORMAL    RECORD    YEAR
 MAXIMUM TEMPERATURE (F)   68        MM        MM
 MINIMUM TEMPERATURE (F)   42        MM        MM


SUNRISE AND SUNSET
MARCH  7 2017.........SUNRISE   604 AM CST   SUNSET   547 PM CST
MARCH  8 2017.........SUNRISE   603 AM CST   SUNSET   547 PM CST


-  INDICATES NEGATIVE NUMBERS.
R  INDICATES RECORD WAS SET OR TIED.
MM INDICATES DATA IS MISSING.
T  INDICATES TRACE AMOUNT.




$$
