000
CDUS44 KBMX 232351
CLITOI


CLIMATE REPORT
NATIONAL WEATHER SERVICE BIRMINGHAM, AL
650 PM CDT THU JUL 23 2015


...................................

...THE TROY CLIMATE SUMMARY FOR JULY 23 2015...
VALID TODAY AS OF 0600 PM LOCAL TIME.

CLIMATE NORMAL PERIOD 1981 TO 2010
CLIMATE RECORD PERIOD 9999 TO 9999


WEATHER ITEM   OBSERVED TIME   RECORD YEAR NORMAL DEPARTURE LAST
                VALUE   (LST)  VALUE       VALUE  FROM      YEAR
                                                  NORMAL
..................................................................
TEMPERATURE (F)
 TODAY
  MAXIMUM         96    201 PM  MM      MM  92      4       91
  MINIMUM         74   1242 AM  MM      MM  70      4       69
  AVERAGE         85                        81      4       80

PRECIPITATION (IN)
  TODAY            0.34                      0.19   0.15     0.00
  MONTH TO DATE    2.25                      4.19  -1.94     2.02
  SINCE JUN 1      6.36                      9.02  -2.66     4.81
  SINCE JAN 1     26.18                     31.85  -5.67    34.87

DEGREE DAYS
 COOLING
  TODAY           20                        16      4       15
  MONTH TO DATE  419                       361     58      341
  SINCE JUN 1    878                       749    129      774
  SINCE JAN 1   1361                      1036    325     1096
..................................................................


WIND (MPH)
  HIGHEST WIND SPEED    24   HIGHEST WIND DIRECTION     S (190)
  HIGHEST GUST SPEED    33   HIGHEST GUST DIRECTION     S (190)
  AVERAGE WIND SPEED     4.4


SKY COVER
  AVERAGE SKY COVER 0.2


WEATHER CONDITIONS
 THE FOLLOWING WEATHER WAS RECORDED TODAY.
  THUNDERSTORM
  HEAVY RAIN
  LIGHT RAIN
  FOG


RELATIVE HUMIDITY (PERCENT)
 HIGHEST   100           600 AM
 LOWEST     49           200 PM
 AVERAGE    75

..........................................................


THE TROY CLIMATE NORMALS FOR TOMORROW
                         NORMAL    RECORD    YEAR
 MAXIMUM TEMPERATURE (F)   92        MM        MM
 MINIMUM TEMPERATURE (F)   70        MM        MM


SUNRISE AND SUNSET
JULY 23 2015..........SUNRISE   554 AM CDT   SUNSET   747 PM CDT
JULY 24 2015..........SUNRISE   554 AM CDT   SUNSET   746 PM CDT


-  INDICATES NEGATIVE NUMBERS.
R  INDICATES RECORD WAS SET OR TIED.
MM INDICATES DATA IS MISSING.
T  INDICATES TRACE AMOUNT.




$$
