000
CDUS44 KBMX 152138
CLITOI


CLIMATE REPORT
NATIONAL WEATHER SERVICE BIRMINGHAM, AL
434 PM CDT WED OCT 15 2014


...................................

...THE TROY CLIMATE SUMMARY FOR OCTOBER 15 2014...
VALID AS OF 0400 PM LOCAL TIME.

CLIMATE NORMAL PERIOD 1981 TO 2010
CLIMATE RECORD PERIOD 9999 TO 9999


WEATHER ITEM   OBSERVED TIME   RECORD YEAR NORMAL DEPARTURE LAST
                VALUE   (LST)  VALUE       VALUE  FROM      YEAR
                                                  NORMAL
..................................................................
TEMPERATURE (F)
 TODAY
  MAXIMUM         74    225 PM  MM      MM  78     -4       76
  MINIMUM         52    529 AM  MM      MM  53     -1       54
  AVERAGE         63                        65     -2       65

PRECIPITATION (IN)
  TODAY            0.00                      0.10  -0.10     0.00
  MONTH TO DATE    2.83                      1.47   1.36     0.35
  SINCE SEP 1      5.79                      5.43   0.36     2.56
  SINCE JAN 1     43.79                     43.38   0.41    48.17

SNOWFALL (IN)
  TODAY            0.0                      MM     MM        0.0
  MONTH TO DATE    0.0                      MM     MM        0.0
  SINCE SEP 1      0.0                      MM     MM        0.0
  SINCE JUL 1      0.0                      MM     MM        0.0
  SNOW DEPTH       0

DEGREE DAYS
 HEATING
  TODAY            2                         2      0        0
  MONTH TO DATE   19                        23     -4        0
  SINCE SEP 1     19                        27     -8        0
  SINCE JUL 1     19                        27     -8        0

 COOLING
  TODAY            0                         3     -3        0
  MONTH TO DATE  100                        65     35      101
  SINCE SEP 1    483                       379    104      485
  SINCE JAN 1   2195                      2013    182     2132
..................................................................


WIND (MPH)
  HIGHEST WIND SPEED    17   HIGHEST WIND DIRECTION     W (260)
  HIGHEST GUST SPEED    24   HIGHEST GUST DIRECTION     W (270)
  AVERAGE WIND SPEED     4.6


SKY COVER
  AVERAGE SKY COVER 0.1


WEATHER CONDITIONS
 THE FOLLOWING WEATHER WAS RECORDED TODAY.
  FOG


RELATIVE HUMIDITY (PERCENT)
 HIGHEST   100           200 AM
 LOWEST     31           200 PM
 AVERAGE    66

..........................................................


THE TROY CLIMATE NORMALS FOR TOMORROW
                         NORMAL    RECORD    YEAR
 MAXIMUM TEMPERATURE (F)   78        MM        MM
 MINIMUM TEMPERATURE (F)   52        MM        MM


SUNRISE AND SUNSET
OCTOBER 15 2014.......SUNRISE   647 AM CDT   SUNSET   612 PM CDT
OCTOBER 16 2014.......SUNRISE   648 AM CDT   SUNSET   611 PM CDT


-  INDICATES NEGATIVE NUMBERS.
R  INDICATES RECORD WAS SET OR TIED.
MM INDICATES DATA IS MISSING.
T  INDICATES TRACE AMOUNT.




$$
