000
CDUS44 KBMX 110042
CLITOI


CLIMATE REPORT
NATIONAL WEATHER SERVICE BIRMINGHAM, AL
742 PM CDT FRI JUN 10 2016


...................................

...THE TROY CLIMATE SUMMARY FOR JUNE 10 2016...
VALID TODAY AS OF 0700 PM LOCAL TIME.

CLIMATE NORMAL PERIOD 1981 TO 2010
CLIMATE RECORD PERIOD 9999 TO 9999


WEATHER ITEM   OBSERVED TIME   RECORD YEAR NORMAL DEPARTURE LAST
                VALUE   (LST)  VALUE       VALUE  FROM      YEAR
                                                  NORMAL
..................................................................
TEMPERATURE (F)
 TODAY
  MAXIMUM         94    243 PM  MM      MM  89      5       88
  MINIMUM         62    450 AM  MM      MM  66     -4       70
  AVERAGE         78                        77      1       79

PRECIPITATION (IN)
  TODAY            0.00                      0.16  -0.16     0.00
  MONTH TO DATE    0.92                      1.54  -0.62     0.61
  SINCE JUN 1      0.92                      1.54  -0.62     0.61
  SINCE JAN 1     20.26                     24.37  -4.11    20.43

DEGREE DAYS
 COOLING
  TODAY           13                        12      1       14
  MONTH TO DATE  139                       112     27      129
  SINCE JUN 1    139                       112     27      129
  SINCE JAN 1    554                       399    155      612
..................................................................


WIND (MPH)
  HIGHEST WIND SPEED     8   HIGHEST WIND DIRECTION     S (160)
  HIGHEST GUST SPEED    10   HIGHEST GUST DIRECTION     S (170)
  AVERAGE WIND SPEED     1.6


SKY COVER
  AVERAGE SKY COVER 0.1


WEATHER CONDITIONS
 THE FOLLOWING WEATHER WAS RECORDED TODAY.
  NO SIGNIFICANT WEATHER WAS OBSERVED.


RELATIVE HUMIDITY (PERCENT)
 HIGHEST   100           200 AM
 LOWEST     38          1000 AM
 AVERAGE    69

..........................................................


THE TROY CLIMATE NORMALS FOR TOMORROW
                         NORMAL    RECORD    YEAR
 MAXIMUM TEMPERATURE (F)   89        MM        MM
 MINIMUM TEMPERATURE (F)   66        MM        MM


SUNRISE AND SUNSET
JUNE 10 2016..........SUNRISE   538 AM CDT   SUNSET   750 PM CDT
JUNE 11 2016..........SUNRISE   538 AM CDT   SUNSET   750 PM CDT


-  INDICATES NEGATIVE NUMBERS.
R  INDICATES RECORD WAS SET OR TIED.
MM INDICATES DATA IS MISSING.
T  INDICATES TRACE AMOUNT.




$$
