000
CXUS55 KCYS 031140
CF6TOR
PRELIMINARY LOCAL CLIMATOLOGICAL DATA (WS FORM: F-6)
STATION: TORRINGTON WY AIRPORT
MONTH: MAY
YEAR: 2022
LATITUDE: 42 3 N
LONGITUDE: 104 9 W
TEMPERATURE IN F: :PCPN: SNOW: WIND :SUNSHINE: SKY :PK WND
================================================================================
1 2 3 4 5 6A 6B 7 8 9 10 11 12 13 14 15 16 17 18
12Z AVG MX 2MIN
DY MAX MIN AVG DEP HDD CDD WTR SNW DPTH SPD SPD DIR MIN PSBL S-S WX SPD DR
================================================================================
1 63 27 45 -5 20 0 T M M 11.1 23 130 M M 3 31 130
2 48 29 39 -12 26 0 0.43 M M 6.3 24 140 M M 7 12 35 130
3 49 28 39 -12 26 0 0.10 M M 14.6 30 130 M M 8 1 37 140
4 58 39 49 -2 16 0 0.02 M M 8.4 18 100 M M 9 25 110
5 71 34 53 1 12 0 0.00 M M 6.0 14 120 M M 3 128 19 140
6 80 46 63 11 2 0 0.00 M M 10.7 29 270 M M 1 39 250
7 83 48 66 14 0 1 0.00 M M 10.9 33 300 M M 3 47 300
8 68 45 57 4 8 0 0.90 M M 11.7 28 210 M M 7 13 36 210
9 62 42 52 -1 13 0 T M M 15.0 37 280 M M 5 57 250
10 70 41 56 2 9 0 0.00 M M 12.4 25 150 M M 2 35 160
11 79 48 64 10 1 0 0.00 M M 9.6 31 30 M M 0 41 30
12 62 42 52 -2 13 0 0.08 M M 15.0 41 270 M M 5 18 60 270
13 70 42 56 1 9 0 0.00 M M 14.5 37 250 M M 0 51 250
14 70 43 57 2 8 0 0.00 M M 7.1 14 50 M M 1 20 340
15 71 44 58 2 7 0 0.00 M M 8.4 22 340 M M 0 30 340
16 86 40 63 7 2 0 0.04 M M 8.2 40 220 M M 1 3 64 220
17 80 48 64 8 1 0 0.01 M M 10.2 28 10 M M 2 3 35 10
18 80 44 62 5 3 0 0.00 M M 6.3 20 300 M M 0 28 300
19 79 34 57 0 8 0 0.12 M M 15.3 33 10 M M 3 1 44 260
20 48 30 39 -19 26 0 0.04 M M 13.2 28 320 M M 6 40 330
21 56 29 43 -15 22 0 T M M 8.8 16 290 M M 3 24 330
22 63 27 45 -13 20 0 T M M 14.4 31 170 M M 2 45 180
23 57 39 48 -11 17 0 0.00 M M 10.6 23 130 M M 6 8 31 140
24 63 35 49 -10 16 0 0.00 M M 6.3 21 100 M M 4 12 28 130
25 74 35 55 -5 10 0 0.00 M M 8.2 21 310 M M 0 30 340
26 85 38 62 2 3 0 0.00 M M 4.5 17 290 M M 0 25 280
27 92 43 68 8 0 3 T M M 7.3 37 270 M M 0 53 280
28 82 50 66 5 0 1 T M M 8.9 29 210 M M 0 45 230
29 77 52 65 4 0 0 0.28 M M 9.6 46 260 M M 2 138 61 260
30 54 45 50 -12 15 0 0.49 M M 13.2 31 320 M M 8 1 45 330
31 57 45 51 -11 14 0 0.02 M M 12.6 28 360 M M 8 35 360
================================================================================
SM 2137 1232 327 5 2.53 M 319.3 M 99
================================================================================
AV 68.9 39.7 10.3 FASTST M M 3 MAX(MPH)
MISC ----> 46 260 64 220
================================================================================
NOTES:
# LAST OF SEVERAL OCCURRENCES
COLUMN 17 PEAK WIND IN M.P.H.
PRELIMINARY LOCAL CLIMATOLOGICAL DATA (WS FORM: F-6) , PAGE 2
STATION: TORRINGTON WY AIRPORT
MONTH: MAY
YEAR: 2022
LATITUDE: 42 3 N
LONGITUDE: 104 9 W
[TEMPERATURE DATA] [PRECIPITATION DATA] SYMBOLS USED IN COLUMN 16
AVERAGE MONTHLY: 54.3 TOTAL FOR MONTH: 2.53 1 = FOG OR MIST
DPTR FM NORMAL: -1.7 DPTR FM NORMAL: 0.00 2 = FOG REDUCING VISIBILITY
HIGHEST: 92 ON 27 GRTST 24HR 0.90 ON 8- 8 TO 1/4 MILE OR LESS
LOWEST: 27 ON 22, 1 3 = THUNDER
SNOW, ICE PELLETS, HAIL 4 = ICE PELLETS
TOTAL MONTH: M 5 = HAIL
GRTST 24HR M ON M 6 = FREEZING RAIN OR DRIZZLE
GRTST DEPTH: M ON M 7 = DUSTSTORM OR SANDSTORM:
VSBY 1/2 MILE OR LESS
8 = SMOKE OR HAZE
[NO. OF DAYS WITH] [WEATHER - DAYS WITH] 9 = BLOWING SNOW
X = TORNADO
MAX 32 OR BELOW: 0 0.01 INCH OR MORE: 12
MAX 90 OR ABOVE: 1 0.10 INCH OR MORE: 6
MIN 32 OR BELOW: 6 0.50 INCH OR MORE: 1
MIN 0 OR BELOW: 0 1.00 INCH OR MORE: 0
[HDD (BASE 65) ]
TOTAL THIS MO. 327 CLEAR (SCALE 0-3) 19
DPTR FM NORMAL 30 PTCLDY (SCALE 4-7) 11
TOTAL FM JUL 1 5881 CLOUDY (SCALE 8-10) 1
DPTR FM NORMAL -538
[CDD (BASE 65) ]
TOTAL THIS MO. 5
DPTR FM NORMAL -13 [PRESSURE DATA]
TOTAL FM JAN 1 5 HIGHEST SLP 30.35 ON 22
DPTR FM NORMAL -14 LOWEST SLP 29.28 ON 29
[REMARKS]
#FINAL-05-22#