000
CXUS56 KLKN 141521
CF6TPH
PRELIMINARY LOCAL CLIMATOLOGICAL DATA (WS FORM: F-6)
STATION: TONOPAH AIRPORT NV
MONTH: OCTOBER
YEAR: 2021
LATITUDE: 38 3 N
LONGITUDE: 117 5 W
TEMPERATURE IN F: :PCPN: SNOW: WIND :SUNSHINE: SKY :PK WND
================================================================================
1 2 3 4 5 6A 6B 7 8 9 10 11 12 13 14 15 16 17 18
12Z AVG MX 2MIN
DY MAX MIN AVG DEP HDD CDD WTR SNW DPTH SPD SPD DIR MIN PSBL S-S WX SPD DR
================================================================================
1 74 37 56 -4 9 0 0.00 M M 7.2 16 20 M M 0 19 20
2 78 39 59 0 6 0 0.00 M M 7.0 14 10 M M 0 16 10
3 80 40 60 1 5 0 0.00 M M 5.9 13 10 M M 0 15 210
4 80 47 64 6 1 0 0.00 M M 9.4 21 190 M M 0 25 190
5 74 47 61 3 4 0 0.00 M M 9.9 26 180 M M 0 32 180
6 72 45 59 2 6 0 0.00 M M 8.5 21 200 M M 0 25 190
7 72 44 58 1 7 0 0.00 M M 9.9 24 190 M M 1 30 190
8 62 35 49 -8 16 0 T M M 9.0 32 300 M M 2 40 300
9 62 33 48 -8 17 0 0.00 M M 12.6 24 330 M M 0 34 350
10 65 33 49 -7 16 0 0.00 M M 6.5 17 10 M M 0 19 10
11 49 30 40 -15 25 0 0.00 M M 22.4 37 10 M M 2 44 350
12 48 29 39 -16 26 0 0.00 M M 20.2 33 310 M M 1 41 310
13 57 23 40 -15 25 0 0.00 M M 9.8 21 320 M M 2 26 320
14 60 31 46 -8 19 0 0.00 M M 13.3 24 330 M M 0 30 330
15 65 30 48 -6 17 0 0.00 M M 7.1 14 20 M M 0 17 10
16 71 32 52 -1 13 0 0.00 M M 9.0 20 140 M M 0 25 160
17 68 30 49 -4 16 0 0.00 M M 13.7 30 190 M M 0 38 180
18 50 33 42 -11 23 0 T M M 16.2 35 330 M M 3 1 43 330
19 60 25 43 -9 22 0 0.00 M M 8.0 16 30 M M 0 20 190
20 61 32 47 -5 18 0 0.00 M M 6.6 17 190 M M 0 22 180
21 68 36 52 1 13 0 0.00 M M 7.2 15 200 M M 0 20 190
22 69 35 52 1 13 0 0.00 M M 11.5 26 200 M M 0 32 200
23 63 42 53 2 12 0 0.00 M M 8.5 20 300 M M 3 25 320
24 60 43 52 2 13 0 0.00 M M 14.8 29 180 M M 2 8 38 180
25 55 36 46 -4 19 0 0.63 M M 18.2 40 180 M M 7 18 49 180
26 51 33 42 -8 23 0 0.00 M M 11.2 25 320 M M 0 29 340
27 64 38 51 2 14 0 0.00 M M 13.9 28 320 M M 1 33 320
28 68 37 53 4 12 0 0.00 M M 7.1 21 10 M M 0 23 10
29 70 37 54 6 11 0 0.00 M M 5.7 14 10 M M 0 16 10
30 67 41 54 6 11 0 0.00 M M 8.0 14 200 M M 0 17 190
31 66 40 53 5 12 0 0.00 M M 6.4 13 190 M M 0 16 170
================================================================================
SM 2009 1113 444 0 0.63 M 324.7 M 24
================================================================================
AV 64.8 35.9 10.5 FASTST M M 1 MAX(MPH)
MISC ----> 40 180 49 180
================================================================================
NOTES:
# LAST OF SEVERAL OCCURRENCES
COLUMN 17 PEAK WIND IN M.P.H.
PRELIMINARY LOCAL CLIMATOLOGICAL DATA (WS FORM: F-6) , PAGE 2
STATION: TONOPAH AIRPORT NV
MONTH: OCTOBER
YEAR: 2021
LATITUDE: 38 3 N
LONGITUDE: 117 5 W
[TEMPERATURE DATA] [PRECIPITATION DATA] SYMBOLS USED IN COLUMN 16
AVERAGE MONTHLY: 50.4 TOTAL FOR MONTH: 0.63 1 = FOG OR MIST
DPTR FM NORMAL: -3.1 DPTR FM NORMAL: 0.25 2 = FOG REDUCING VISIBILITY
HIGHEST: 80 ON 4, 3 GRTST 24HR 0.63 ON 25-25 TO 1/4 MILE OR LESS
LOWEST: 23 ON 13 3 = THUNDER
SNOW, ICE PELLETS, HAIL 4 = ICE PELLETS
TOTAL MONTH: M 5 = HAIL
GRTST 24HR M ON M 6 = FREEZING RAIN OR DRIZZLE
GRTST DEPTH: M ON M 7 = DUSTSTORM OR SANDSTORM:
VSBY 1/2 MILE OR LESS
8 = SMOKE OR HAZE
[NO. OF DAYS WITH] [WEATHER - DAYS WITH] 9 = BLOWING SNOW
X = TORNADO
MAX 32 OR BELOW: 0 0.01 INCH OR MORE: 1
MAX 90 OR ABOVE: 0 0.10 INCH OR MORE: 1
MIN 32 OR BELOW: 9 0.50 INCH OR MORE: 1
MIN 0 OR BELOW: 0 1.00 INCH OR MORE: 0
[HDD (BASE 65) ]
TOTAL THIS MO. 444 CLEAR (SCALE 0-3) 30
DPTR FM NORMAL 82 PTCLDY (SCALE 4-7) 1
TOTAL FM JUL 1 488 CLOUDY (SCALE 8-10) 0
DPTR FM NORMAL 56
[CDD (BASE 65) ]
TOTAL THIS MO. 0
DPTR FM NORMAL -4 [PRESSURE DATA]
TOTAL FM JAN 1 1239 HIGHEST SLP 30.38 ON 28
DPTR FM NORMAL 345 LOWEST SLP 29.48 ON 25
[REMARKS]
#FINAL-10-21#