000
CXUS54 KMRX 020543
CLMTRI
CLIMATE REPORT
NATIONAL WEATHER SERVICE MORRISTOWN, TN
143 AM EDT SUN APR 02 2023
...................................
...THE TRI-CITIES AIRPORT CLIMATE SUMMARY FOR THE MONTH OF MARCH 2023...
CLIMATE NORMAL PERIOD: 1991 TO 2020
CLIMATE RECORD PERIOD: 1937 TO 2023
WEATHER OBSERVED NORMAL DEPART
VALUE DATE(S) VALUE FROM
NORMAL
................................................
TEMPERATURE (F)
HIGHEST 82 03/24
LOWEST 17 03/20
AVG. MAXIMUM 61.4 59.4 2.0
AVG. MINIMUM 36.5 35.4 1.1
MEAN 49.0 47.4 1.6
DAYS MAX >= 90 0
DAYS MAX <= 32 0
DAYS MIN <= 32 11
DAYS MIN <= 0 0
PRECIPITATION (INCHES)
RECORD
MAXIMUM 9.56 1955
MINIMUM 0.94 2016
TOTALS 3.72 3.96 -0.24
DAYS >= .01 10
DAYS >= .10 8
DAYS >= .50 2
DAYS >= 1.00 1
GREATEST
24 HR. TOTAL 1.55 03/01 TO 03/02
SNOWFALL (INCHES)
TOTALS T 1.1 -1.1
SINCE 7/1 0.6
SNOWDEPTH AVG. 0
DAYS >= TRACE 1
GREATEST
SNOW DEPTH 0
DEGREE DAYS
HEATING TOTAL 494 546 -52
SINCE 7/1 3242 3780 -538
COOLING TOTAL 5 1 4
SINCE 1/1 5 1 4
................................................
WEATHER CONDITIONS. NUMBER OF DAYS WITH
THUNDERSTORM 2 RAIN 5
SNOW 0 FOG 11
FOG W/VIS <= 1/4 MILE 0
- INDICATES NEGATIVE NUMBERS.
R INDICATES RECORD WAS SET OR TIED.
MM INDICATES DATA IS MISSING.
T INDICATES TRACE AMOUNT.
$$