000
CXUS54 KFWD 010831
CF6TRL
PRELIMINARY LOCAL CLIMATOLOGICAL DATA (WS FORM: F-6)
STATION: TERRELL
MONTH: DECEMBER
YEAR: 2022
LATITUDE: 32 42 N
LONGITUDE: 96 16 W
TEMPERATURE IN F: :PCPN: SNOW: WIND :SUNSHINE: SKY :PK WND
================================================================================
1 2 3 4 5 6A 6B 7 8 9 10 11 12 13 14 15 16 17 18
12Z AVG MX 2MIN
DY MAX MIN AVG DEP HDD CDD WTR SNW DPTH SPD SPD DIR MIN PSBL S-S WX SPD DR
================================================================================
1 55 32 44 -8 21 0 0.01 M M 6.3 18 110 M M 4 8 24 100
2 67 48 58 7 7 0 T M M 10.9 21 190 M M 10 1 31 170
3 65 47 56 5 9 0 0.00 M M 9.6 21 350 M M 7 30 340
4 57 47 52 1 13 0 T M M 4.9 12 140 M M 9 18 16 350
5 75 52 64 14 1 0 0.00 M M 10.5 21 200 M M 7 1 30 200
6 79 62 71 21 0 6 T M M 8.2 21 190 M M 4 27 200
7 79 66 73 23 0 8 T M M 7.3 14 190 M M 9 1 20 170
8 76 66 71 21 0 6 0.29 M M 5.9 15 190 M M 10 1 21 180
9 67 60 64 14 1 0 T M M 6.0 12 20 M M 9 12 15 20
10 76 56 66 17 0 1 1.30 M M 8.7 18 290 M M 9 13 27 330
11 60 52 56 7 9 0 T M M 6.4 17 320 M M 10 1 23 300
12 63 54 59 10 6 0 T M M 9.7 18 140 M M 10 1 27 140
13 71 52 62 13 3 0 0.38 M M 10.5 25 170 M M 7 13 36 170
14 59 41 50 2 15 0 T M M 7.4 21 300 M M 5 3 29 290
15 54 33 44 -4 21 0 0.00 M M 4.9 14 300 M M 0 21 280
16 49 33 41 -7 24 0 0.00 M M 6.2 16 10 M M 4 22 10
17 51 30 41 -7 24 0 0.00 M M 5.6 15 350 M M 0 21 350
18 55 26 41 -7 24 0 T M M 4.9 14 150 M M 2 17 170
19 47 42 45 -3 20 0 T M M 8.0 17 140 M M 10 18 23 140
20 56 38 47 0 18 0 T M M 8.1 17 20 M M 5 1 21 30
21 51 31 41 -6 24 0 T M M 5.6 13 170 M M 0 1 16 180
22 44 11 28 -19 37 0 T M M 15.3 30 330 M M 6 1 47 320
23 23 11 17 -30 48 0 M M M 10.8 21 350 M M 0 32 340
24 36 21 29 -18 36 0 0.00 M M 4.0 10 360 M M 0 17 330
25 49 19 34 -13 31 0 0.00 M M 4.0 14 200 M M 0 20 210
26 55 27 41 -5 24 0 0.00 M M 7.1 17 360 M M 1 28 360
27 47 21 34 -12 31 0 0.00 M M 6.8 15 170 M M 0 22 170
28 71 38 55 9 10 0 0.00 M M 15.0 32 190 M M 0 45 190
29 77 55 66 20 0 1 T M M 8.1 20 210 M M 5 1 31 180
30 64 43 54 8 11 0 0.00 M M 3.5 12 160 M M 2 18 14 170
31 71 46 59 13 6 0 0.00 M M 8.2 21 220 M M 4 12 28 210
================================================================================
SM 1849 1260 474 22 1.98 M 238.4 M 149
================================================================================
AV 59.6 40.6 7.7 FASTST M M 5 MAX(MPH)
MISC ----> 32 190 47 320
================================================================================
NOTES:
# LAST OF SEVERAL OCCURRENCES
COLUMN 17 PEAK WIND IN M.P.H.
PRELIMINARY LOCAL CLIMATOLOGICAL DATA (WS FORM: F-6) , PAGE 2
STATION: TERRELL
MONTH: DECEMBER
YEAR: 2022
LATITUDE: 32 42 N
LONGITUDE: 96 16 W
[TEMPERATURE DATA] [PRECIPITATION DATA] SYMBOLS USED IN COLUMN 16
AVERAGE MONTHLY: 50.1 TOTAL FOR MONTH: 1.98 1 = FOG OR MIST
DPTR FM NORMAL: 1.8 DPTR FM NORMAL: -1.58 2 = FOG REDUCING VISIBILITY
HIGHEST: 79 ON 7, 6 GRTST 24HR 1.30 ON 10-10 TO 1/4 MILE OR LESS
LOWEST: 11 ON 23,22 3 = THUNDER
SNOW, ICE PELLETS, HAIL 4 = ICE PELLETS
TOTAL MONTH: M 5 = HAIL
GRTST 24HR M ON M 6 = FREEZING RAIN OR DRIZZLE
GRTST DEPTH: M ON M 7 = DUSTSTORM OR SANDSTORM:
VSBY 1/2 MILE OR LESS
8 = SMOKE OR HAZE
[NO. OF DAYS WITH] [WEATHER - DAYS WITH] 9 = BLOWING SNOW
X = TORNADO
MAX 32 OR BELOW: 1 0.01 INCH OR MORE: 4
MAX 90 OR ABOVE: 0 0.10 INCH OR MORE: 3
MIN 32 OR BELOW: 10 0.50 INCH OR MORE: 1
MIN 0 OR BELOW: 0 1.00 INCH OR MORE: 1
[HDD (BASE 65) ]
TOTAL THIS MO. 474 CLEAR (SCALE 0-3) 11
DPTR FM NORMAL -50 PTCLDY (SCALE 4-7) 11
TOTAL FM JUL 1 902 CLOUDY (SCALE 8-10) 9
DPTR FM NORMAL 24
[CDD (BASE 65) ]
TOTAL THIS MO. 22
DPTR FM NORMAL 16 [PRESSURE DATA]
TOTAL FM JAN 1 3134 HIGHEST SLP 30.81 ON 23
DPTR FM NORMAL 397 LOWEST SLP 29.65 ON 13
[REMARKS]
#FINAL-12-22#