000
CXUS54 KFWD 010731
CF6TRL
PRELIMINARY LOCAL CLIMATOLOGICAL DATA (WS FORM: F-6)
STATION: TERRELL
MONTH: APRIL
YEAR: 2020
LATITUDE: 32 42 N
LONGITUDE: 96 16 W
TEMPERATURE IN F: :PCPN: SNOW: WIND :SUNSHINE: SKY :PK WND
================================================================================
1 2 3 4 5 6A 6B 7 8 9 10 11 12 13 14 15 16 17 18
12Z AVG MX 2MIN
DY MAX MIN AVG DEP HDD CDD WTR SNW DPTH SPD SPD DIR MIN PSBL S-S WX SPD DR
================================================================================
1 71 45 58 -3 7 0 0.00 0.0 0 6.7 18 160 M M M 1 26 170
2 71 57 64 3 1 0 T 0.0 0 10.5 21 160 M M M 28 150
3 69 42 56 -5 9 0 0.05 0.0 0 10.4 21 320 M M M 1 31 320
4 50 41 46 -16 19 0 0.32 0.0 0 7.7 17 350 M M M 1 27 350
5 67 47 57 -5 8 0 0.00 0.0 0 3.6 9 150 M M M 1 12 110
6 72 59 66 4 0 1 T 0.0 0 3.9 14 160 M M 5 1 18 140
7 85 65 75 13 0 10 0.00 0.0 0 8.3 18 210 M M 4 1 25 230
8 92 71 82 19 0 17 0.00 0.0 0 7.5 14 220 M M 0 18 20 220
9 77 61 69 6 0 4 T 0.0 0 7.4 17 50 M M 2 24 40
10 73 53 63 0 2 0 0.00 0.0 0 7.8 18 70 M M 0 25 70
11 69 53 61 -3 4 0 0.10 0.0 0 7.6 20 170 M M 5 13 26 160
12 81 47 64 0 1 0 0.29 0.0 0 11.5 38 280 M M 6 13 56 280
13 58 40 49 -15 16 0 0.00 0.0 0 11.8 20 10 M M 4 33 350
14 59 43 51 -13 14 0 0.00 0.0 0 9.8 17 30 M M 6 25 10
15 65 37 51 -13 14 0 0.00 0.0 0 2.5 9 240 M M 0 8 12 230
16 74 44 59 -6 6 0 0.00 0.0 0 10.3 22 160 M M 0 29 180
17 66 49 58 -7 7 0 0.00 0.0 0 8.5 20 310 M M 6 27 320
18 71 42 57 -8 8 0 T 0.0 0 6.9 14 50 M M 5 18 60
19 75 60 68 2 0 3 1.62 0.0 0 6.0 20 260 M M 8 138 32 270
20 75 52 64 -2 1 0 0.00 0.0 0 3.4 13 20 M M 6 1 18 20
21 83 60 72 6 0 7 0.00 0.0 0 6.7 16 130 M M 4 1 22 150
22 78 65 72 6 0 7 0.01 0.0 0 10.4 21 170 M M 7 18 28 180
23 82 56 69 2 0 4 0.00 0.0 0 5.8 16 290 M M 0 24 300
24 86 58 72 5 0 7 0.00 0.0 0 10.7 22 170 M M 0 32 240
25 78 56 67 0 0 2 0.00 0.0 0 8.0 20 20 M M 0 26 330
26 81 49 65 -3 0 0 0.00 0.0 0 4.0 12 120 M M 0 17 130
27 83 58 71 3 0 6 0.00 0.0 0 12.3 29 160 M M 2 42 160
28 87 63 75 7 0 10 0.87 0.0 0 13.6 36 310 M M 5 138 58 310
29 79 54 67 -1 0 2 T 0.0 0 9.5 23 320 M M 2 13 37 330
30 80 51 66 -3 0 1 0.00 0.0 0 2.9 10 250 M M 0 16 250
================================================================================
SM 2237 1578 117 81 3.26 0.0 236.0 M 77
================================================================================
AV 74.6 52.6 7.9 FASTST M M 3 MAX(MPH)
MISC ----> # 38 280 # 58 310
================================================================================
NOTES:
# LAST OF SEVERAL OCCURRENCES
COLUMN 17 PEAK WIND IN M.P.H.
PRELIMINARY LOCAL CLIMATOLOGICAL DATA (WS FORM: F-6) , PAGE 2
STATION: TERRELL
MONTH: APRIL
YEAR: 2020
LATITUDE: 32 42 N
LONGITUDE: 96 16 W
[TEMPERATURE DATA] [PRECIPITATION DATA] SYMBOLS USED IN COLUMN 16
AVERAGE MONTHLY: 63.6 TOTAL FOR MONTH: 3.26 1 = FOG OR MIST
DPTR FM NORMAL: -1.1 DPTR FM NORMAL: 0.05 2 = FOG REDUCING VISIBILITY
HIGHEST: 92 ON 8 GRTST 24HR 1.62 ON 19-19 TO 1/4 MILE OR LESS
LOWEST: 37 ON 15 3 = THUNDER
SNOW, ICE PELLETS, HAIL 4 = ICE PELLETS
TOTAL MONTH: 0.0 INCH 5 = HAIL
GRTST 24HR 0.0 6 = FREEZING RAIN OR DRIZZLE
GRTST DEPTH: 0 7 = DUSTSTORM OR SANDSTORM:
VSBY 1/2 MILE OR LESS
8 = SMOKE OR HAZE
[NO. OF DAYS WITH] [WEATHER - DAYS WITH] 9 = BLOWING SNOW
X = TORNADO
MAX 32 OR BELOW: 0 0.01 INCH OR MORE: 7
MAX 90 OR ABOVE: 1 0.10 INCH OR MORE: 5
MIN 32 OR BELOW: 0 0.50 INCH OR MORE: 2
MIN 0 OR BELOW: 0 1.00 INCH OR MORE: 1
[HDD (BASE 65) ]
TOTAL THIS MO. 117 CLEAR (SCALE 0-3) 12
DPTR FM NORMAL 23 PTCLDY (SCALE 4-7) 13
TOTAL FM JUL 1 2002 CLOUDY (SCALE 8-10) 0
DPTR FM NORMAL -345
[CDD (BASE 65) ]
TOTAL THIS MO. 81
DPTR FM NORMAL -4 [PRESSURE DATA]
TOTAL FM JAN 1 161 HIGHEST SLP M ON M
DPTR FM NORMAL 46 LOWEST SLP 29.45 ON 12
[REMARKS]
#FINAL-04-20#