000
CXUS56 KSGX 120857
CF6TRM
PRELIMINARY LOCAL CLIMATOLOGICAL DATA (WS FORM: F-6)
STATION: THERMAL AIRPORT CA
MONTH: AUGUST
YEAR: 2023
LATITUDE: 33 37 N
LONGITUDE: 116 10 W
TEMPERATURE IN F: :PCPN: SNOW: WIND :SUNSHINE: SKY :PK WND
================================================================================
1 2 3 4 5 6A 6B 7 8 9 10 11 12 13 14 15 16 17 18
12Z AVG MX 2MIN
DY MAX MIN AVG DEP HDD CDD WTR SNW DPTH SPD SPD DIR MIN PSBL S-S WX SPD DR
================================================================================
1 105 76 91 -1 0 26 0.00 M M 6.9 18 330 M M 0 38 23 320
2 112 86 99 7 0 34 0.00 M M 9.5 20 340 M M 0 26 340
3 111 73 92 0 0 27 0.00 M M 8.1 21 330 M M 0 27 320
4 109 78 94 2 0 29 0.00 M M 8.2 18 330 M M 0 25 330
5 111 66 89 -3 0 24 0.00 M M 5.9 13 160 M M 0 17 140
6 109 69 89 -3 0 24 0.00 M M 5.2 15 330 M M 0 20 340
7 112 67 90 -1 0 25 0.00 M M 7.8 23 330 M M 0 30 340
8 107 86 97 6 0 32 0.00 M M 11.5 22 330 M M 0 29 310
9 106 84 95 4 0 30 0.00 M M 10.4 23 340 M M 0 29 330
10 105 83 94 3 0 29 0.00 M M 12.1 21 320 M M 0 27 320
11 M M M M M M 0.00 M M M M M M M 0 M M
12 M M M M M M 0.00 M M M M M M M M M M
13 M M M M M M 0.00 M M M M M M M M M M
14 M M M M M M 0.00 M M M M M M M M M M
15 114 93 104 13 0 39 0.00 M M 7.6 16 270 M M 0 21 280
16 114 81 98 7 0 33 0.00 M M 6.6 15 150 M M 0 20 320
17 108 79 94 3 0 29 0.00 M M 6.2 13 320 M M 0 M M
18 109 80 95 5 0 30 0.21 M M 11.8 39 220 M M 0 3 51 210
19 88 78 83 -7 0 18 0.23 M M 9.7 17 140 M M 3 25 110
20 M M M M M M 2.64 M M M M M M M M M M
21 M M M M M M 0.01 M M M M M M M 0 M M
22 97 81 89 -1 0 24 0.00 M M 4.0 7 140 M M 0 M M
23 106 78 92 2 0 27 0.00 M M 6.9 16 330 M M 0 20 330
24 104 76 90 0 0 25 0.00 M M 6.0 14 320 M M 0 19 320
25 110 80 95 5 0 30 0.00 M M 7.2 15 330 M M 0 19 330
26 111 79 95 5 0 30 0.00 M M 7.4 16 330 M M 0 22 330
27 114 77 96 7 0 31 0.00 M M 7.6 16 320 M M 0 22 310
28 117 81 99 10 0 34 0.00 M M 7.4 18 330 M M 0 24 330
29 116 84 100 11 0 35 0.00 M M 7.4 15 140 M M 0 19 140
30 109 80 95 6 0 30 0.00 M M 3.8 13 150 M M 0 17 150
31 103 83 93 4 0 28 0.00 M M 6.1 17 150 M M 0 21 140
================================================================================
SM 2707 1978 0 723 3.09 M 191.3 M 3
================================================================================
AV108.3 79.1 7.7 FASTST M M 0 MAX(MPH)
MISC ----> 39 220 51 210
================================================================================
NOTES:
# LAST OF SEVERAL OCCURRENCES
COLUMN 17 PEAK WIND IN M.P.H.
PRELIMINARY LOCAL CLIMATOLOGICAL DATA (WS FORM: F-6) , PAGE 2
STATION: THERMAL AIRPORT CA
MONTH: AUGUST
YEAR: 2023
LATITUDE: 33 37 N
LONGITUDE: 116 10 W
[TEMPERATURE DATA] [PRECIPITATION DATA] SYMBOLS USED IN COLUMN 16
AVERAGE MONTHLY: 93.7 TOTAL FOR MONTH: 3.09 1 = FOG OR MIST
DPTR FM NORMAL: 3.1 DPTR FM NORMAL: 2.97 2 = FOG REDUCING VISIBILITY
HIGHEST: 117 ON 28 GRTST 24HR 2.64 ON 20-20 TO 1/4 MILE OR LESS
LOWEST: 66 ON 5 3 = THUNDER
SNOW, ICE PELLETS, HAIL 4 = ICE PELLETS
TOTAL MONTH: M 5 = HAIL
GRTST 24HR M ON M 6 = FREEZING RAIN OR DRIZZLE
GRTST DEPTH: M ON M 7 = DUSTSTORM OR SANDSTORM:
VSBY 1/2 MILE OR LESS
8 = SMOKE OR HAZE
[NO. OF DAYS WITH] [WEATHER - DAYS WITH] 9 = BLOWING SNOW
X = TORNADO
MAX 32 OR BELOW: 0 0.01 INCH OR MORE: 4
MAX 90 OR ABOVE: 24 0.10 INCH OR MORE: 3
MIN 32 OR BELOW: 0 0.50 INCH OR MORE: 1
MIN 0 OR BELOW: 0 1.00 INCH OR MORE: 1
[HDD (BASE 65) ]
TOTAL THIS MO. 0 CLEAR (SCALE 0-3) 26
DPTR FM NORMAL 0 PTCLDY (SCALE 4-7) 1
TOTAL FM JUL 1 0 CLOUDY (SCALE 8-10) 4
DPTR FM NORMAL 0
[CDD (BASE 65) ]
TOTAL THIS MO. 723
DPTR FM NORMAL -69 [PRESSURE DATA]
TOTAL FM JAN 1 2943 HIGHEST SLP 29.98 ON 21
DPTR FM NORMAL -13 LOWEST SLP 29.48 ON 20
[REMARKS]
#FINAL-08-23#