000
CXUS56 KPQR 031553
CF6TTD
PRELIMINARY LOCAL CLIMATOLOGICAL DATA (WS FORM: F-6)
STATION: TROUTDALE OR
MONTH: JANUARY
YEAR: 2024
LATITUDE: 45 33 N
LONGITUDE: 122 25 W
TEMPERATURE IN F: :PCPN: SNOW: WIND :SUNSHINE: SKY :PK WND
================================================================================
1 2 3 4 5 6A 6B 7 8 9 10 11 12 13 14 15 16 17 18
12Z AVG MX 2MIN
DY MAX MIN AVG DEP HDD CDD WTR SNW DPTH SPD SPD DIR MIN PSBL S-S WX SPD DR
================================================================================
1 48 37 43 2 22 0 0.00 M M 14.3 24 80 M M 2 1 31 70
2 45 42 44 3 21 0 0.12 M M 22.1 31 90 M M 7 38 90
3 46 43 45 4 20 0 0.19 M M 9.7 24 80 M M 8 1 30 90
4 48 37 43 2 22 0 0.33 M M 4.1 15 90 M M 9 12 19 80
5 53 35 44 3 21 0 0.07 M M 5.4 22 190 M M 8 12 30 190
6 50 39 45 4 20 0 0.95 M M 8.9 23 210 M M 10 1 36 210
7 48 40 44 3 21 0 0.35 M M 3.6 17 210 M M 10 1 21 210
8 54 40 47 5 18 0 0.56 M M 8.7 22 200 M M 10 1 33 190
9 54 35 45 3 20 0 0.94 M M 11.7 31 250 M M 9 1 46 260
10 48 36 42 0 23 0 0.14 M M 12.0 21 220 M M 9 1 26 210
11 46 41 44 2 21 0 0.23 M M 11.4 22 220 M M 9 1 30 220
12 42 21 32 -10 33 0 0.15 M M 12.7 30 80 M M 10 1 40 90
13 21 14 18 -24 47 0 T M M 26.4 38 80 M M 10 9 53 70
14 22 16 19 -23 46 0 0.00 M M 20.3 32 90 M M 10 40 90
15 28 20 24 -18 41 0 0.00 M M 22.8 31 90 M M 0 43 90
16 25 19 22 -20 43 0 0.17 M M 25.9 35 90 M M 3 168 45 90
17 35 22 29 -13 36 0 0.28 M M 10.5 32 80 M M 10 16 54 60
18 38 32 35 -7 30 0 0.47 M M 23.4 36 90 M M 8 16 45 90
19 36 33 35 -7 30 0 0.00 M M 22.7 31 90 M M 2 45 90
20 37 34 36 -6 29 0 0.36 M M 25.4 35 90 M M 8 18 46 100
21 40 36 38 -4 27 0 0.80 M M 25.3 32 90 M M 10 1 41 90
22 43 39 41 -1 24 0 0.53 M M 17.0 32 90 M M 10 18 39 90
23 51 41 46 4 19 0 0.11 M M 8.1 20 90 M M 8 1 26 90
24 46 41 44 2 21 0 0.87 M M 14.8 26 90 M M 9 13 36 80
25 46 41 44 2 21 0 0.07 M M 8.0 14 90 M M 9 18 90
26 47 42 45 2 20 0 0.78 M M 20.5 30 90 M M 8 1 39 90
27 47 42 45 2 20 0 0.73 M M 21.6 35 90 M M 10 1 43 90
28 54 44 49 6 16 0 0.19 M M 18.1 28 90 M M 6 1 33 90
29 56 47 52 9 13 0 0.00 M M 23.0 31 90 M M 1 39 90
30 55 47 51 8 14 0 T M M 23.8 35 90 M M 8 44 80
31 51 47 49 6 16 0 T M M 21.9 36 90 M M 9 44 90
================================================================================
SM 1360 1103 775 0 9.39 M 504.1 M 240
================================================================================
AV 43.9 35.6 16.3 FASTST M M 8 MAX(MPH)
MISC ----> 38 80 54 60
================================================================================
NOTES:
# LAST OF SEVERAL OCCURRENCES
COLUMN 17 PEAK WIND IN M.P.H.
PRELIMINARY LOCAL CLIMATOLOGICAL DATA (WS FORM: F-6) , PAGE 2
STATION: TROUTDALE OR
MONTH: JANUARY
YEAR: 2024
LATITUDE: 45 33 N
LONGITUDE: 122 25 W
[TEMPERATURE DATA] [PRECIPITATION DATA] SYMBOLS USED IN COLUMN 16
AVERAGE MONTHLY: 39.7 TOTAL FOR MONTH: 9.39 1 = FOG OR MIST
DPTR FM NORMAL: -2.3 DPTR FM NORMAL: 4.38 2 = FOG REDUCING VISIBILITY
HIGHEST: 56 ON 29 GRTST 24HR 1.59 ON 26-27 TO 1/4 MILE OR LESS
LOWEST: 14 ON 13 3 = THUNDER
SNOW, ICE PELLETS, HAIL 4 = ICE PELLETS
TOTAL MONTH: M 5 = HAIL
GRTST 24HR M ON M 6 = FREEZING RAIN OR DRIZZLE
GRTST DEPTH: M ON M 7 = DUSTSTORM OR SANDSTORM:
VSBY 1/2 MILE OR LESS
8 = SMOKE OR HAZE
[NO. OF DAYS WITH] [WEATHER - DAYS WITH] 9 = BLOWING SNOW
X = TORNADO
MAX 32 OR BELOW: 4 0.01 INCH OR MORE: 23
MAX 90 OR ABOVE: 0 0.10 INCH OR MORE: 21
MIN 32 OR BELOW: 7 0.50 INCH OR MORE: 8
MIN 0 OR BELOW: 0 1.00 INCH OR MORE: 0
[HDD (BASE 65) ]
TOTAL THIS MO. 775 CLEAR (SCALE 0-3) 4
DPTR FM NORMAL 62 PTCLDY (SCALE 4-7) 7
TOTAL FM JUL 1 2055 CLOUDY (SCALE 8-10) 20
DPTR FM NORMAL -326
[CDD (BASE 65) ]
TOTAL THIS MO. 0
DPTR FM NORMAL 0 [PRESSURE DATA]
TOTAL FM JAN 1 0 HIGHEST SLP 30.45 ON 15
DPTR FM NORMAL 0 LOWEST SLP 29.42 ON 31
[REMARKS]
#FINAL-01-24#