000
CXUS56 KPQR 011200
CF6TTD
PRELIMINARY LOCAL CLIMATOLOGICAL DATA (WS FORM: F-6)
STATION: TROUTDALE OR
MONTH: SEPTEMBER
YEAR: 2020
LATITUDE: 45 33 N
LONGITUDE: 122 25 W
TEMPERATURE IN F: :PCPN: SNOW: WIND :SUNSHINE: SKY :PK WND
================================================================================
1 2 3 4 5 6A 6B 7 8 9 10 11 12 13 14 15 16 17 18
12Z AVG MX 2MIN
DY MAX MIN AVG DEP HDD CDD WTR SNW DPTH SPD SPD DIR MIN PSBL S-S WX SPD DR
================================================================================
1 89 53 71 5 0 6 0.00 M M 2.3 9 250 M M 0 13 250
2 92 56 74 8 0 9 0.00 M M 3.5 10 310 M M 0 16 320
3 96 58 77 11 0 12 0.00 M M 2.5 10 250 M M 0 13 240
4 89 61 75 10 0 10 0.00 M M 2.6 8 260 M M 0 12 330
5 76 57 67 2 0 2 0.00 M M 3.1 9 310 M M 5 13 270
6 90 51 71 6 0 6 0.00 M M 2.9 9 250 M M 0 12 260
7 91 58 75 10 0 10 0.00 M M 9.3 32 90 M M 4 8 43 80
8 81 65 73 8 0 8 0.00 M M 16.7 31 70 M M 0 47 90
9 90 67 79 15 0 14 0.00 M M 17.2 26 80 M M 3 35 80
10 89 58 74 10 0 9 0.00 M M 11.5 25 90 M M 8 8 32 80
11 65 53 59 -5 6 0 0.00 M M 0.6 6 110 M M 10 18 6 110
12 65 49 57 -7 8 0 0.00 M M 0.3 5 90 M M 10 18 6 260
13 64 49 57 -7 8 0 0.00 M M 0.8 6 250 M M 10 128 8 250
14 73 55 64 1 1 0 0.00 M M 0.9 6 90 M M 10 18 8 70
15 75 57 66 3 0 1 0.00 M M 1.4 6 100 M M 10 18 7 110
16 70 51 61 -2 4 0 0.00 M M 1.1 7 90 M M 10 18 7 90
17 75 51 63 0 2 0 0.00 M M 1.2 7 260 M M 10 18 9 250
18 68 58 63 1 2 0 1.13 M M 2.3 16 220 M M 9 138 22 220
19 73 56 65 3 0 0 0.02 M M 1.3 9 240 M M 9 18 11 340
20 77 57 67 5 0 2 0.00 M M 2.1 8 250 M M 4 18 12 280
21 76 51 64 2 1 0 0.00 M M 1.9 8 320 M M 1 8 11 320
22 76 61 69 8 0 4 T M M 2.4 9 200 M M 5 8 12 240
23 67 59 63 2 2 0 1.18 M M 5.7 16 90 M M 9 18 20 80
24 72 56 64 3 1 0 T M M 5.8 18 220 M M 4 25 200
25 64 56 60 0 5 0 1.02 M M 6.4 28 210 M M 7 1 38 210
26 70 53 62 2 3 0 0.07 M M 1.9 12 250 M M 8 1 15 280
27 77 50 64 4 1 0 0.00 M M 1.1 7 30 M M 2 1 11 50
28 80 56 68 8 0 3 0.00 M M 19.2 26 90 M M 0 35 90
29 84 62 73 14 0 8 0.00 M M 13.8 24 100 M M 1 32 90
30 83 54 69 10 0 4 0.00 M M 2.8 10 260 M M 1 13 250
================================================================================
SM 2337 1678 44 108 3.42 M 144.6 M 150
================================================================================
AV 77.9 55.9 4.8 FASTST M M 5 MAX(MPH)
MISC ----> # 32 90 # 47 90
================================================================================
NOTES:
# LAST OF SEVERAL OCCURRENCES
COLUMN 17 PEAK WIND IN M.P.H.
PRELIMINARY LOCAL CLIMATOLOGICAL DATA (WS FORM: F-6) , PAGE 2
STATION: TROUTDALE OR
MONTH: SEPTEMBER
YEAR: 2020
LATITUDE: 45 33 N
LONGITUDE: 122 25 W
[TEMPERATURE DATA] [PRECIPITATION DATA] SYMBOLS USED IN COLUMN 16
AVERAGE MONTHLY: 66.9 TOTAL FOR MONTH: 3.42 1 = FOG OR MIST
DPTR FM NORMAL: 4.1 DPTR FM NORMAL: 1.57 2 = FOG REDUCING VISIBILITY
HIGHEST: 96 ON 3 GRTST 24HR 1.18 ON 23-23 TO 1/4 MILE OR LESS
LOWEST: 49 ON 13,12 3 = THUNDER
SNOW, ICE PELLETS, HAIL 4 = ICE PELLETS
TOTAL MONTH: M 5 = HAIL
GRTST 24HR M ON M 6 = FREEZING RAIN OR DRIZZLE
GRTST DEPTH: M ON M 7 = DUSTSTORM OR SANDSTORM:
VSBY 1/2 MILE OR LESS
8 = SMOKE OR HAZE
[NO. OF DAYS WITH] [WEATHER - DAYS WITH] 9 = BLOWING SNOW
X = TORNADO
MAX 32 OR BELOW: 0 0.01 INCH OR MORE: 5
MAX 90 OR ABOVE: 5 0.10 INCH OR MORE: 3
MIN 32 OR BELOW: 0 0.50 INCH OR MORE: 3
MIN 0 OR BELOW: 0 1.00 INCH OR MORE: 3
[HDD (BASE 65) ]
TOTAL THIS MO. 44 CLEAR (SCALE 0-3) 12
DPTR FM NORMAL -66 PTCLDY (SCALE 4-7) 8
TOTAL FM JUL 1 56 CLOUDY (SCALE 8-10) 10
DPTR FM NORMAL -116
[CDD (BASE 65) ]
TOTAL THIS MO. 108
DPTR FM NORMAL 66 [PRESSURE DATA]
TOTAL FM JAN 1 515 HIGHEST SLP 30.42 ON 27
DPTR FM NORMAL 177 LOWEST SLP 29.79 ON 23
[REMARKS]
#FINAL-09-20#