000
CXUS53 KAPX 010730
CF6TVC
PRELIMINARY LOCAL CLIMATOLOGICAL DATA (WS FORM: F-6)
STATION: TRAVERSE CITY MI
MONTH: APRIL
YEAR: 2022
LATITUDE: 44 44 N
LONGITUDE: 85 34 W
TEMPERATURE IN F: :PCPN: SNOW: WIND :SUNSHINE: SKY :PK WND
================================================================================
1 2 3 4 5 6A 6B 7 8 9 10 11 12 13 14 15 16 17 18
12Z AVG MX 2MIN
DY MAX MIN AVG DEP HDD CDD WTR SNW DPTH SPD SPD DIR MIN PSBL S-S WX SPD DR
================================================================================
1 35 24 30 -8 35 0 0.01 M M 8.0 16 310 M M 8 18 22 310
2 43 23 33 -5 32 0 0.01 M M 5.2 13 190 M M 8 1 21 180
3 42 31 37 -2 28 0 T M M 3.5 9 20 M M 9 1 15 360
4 39 31 35 -4 30 0 0.18 M M 3.7 12 130 M M 9 1 17 130
5 54 37 46 7 19 0 0.00 M M 4.7 15 110 M M 9 1 23 120
6 53 41 47 7 18 0 0.83 M M 8.0 17 140 M M 8 1 28 150
7 45 37 41 1 24 0 0.14 M M 6.2 14 200 M M 10 1 23 200
8 37 30 34 -6 31 0 T M M 8.5 17 320 M M 10 1 23 320
9 40 27 34 -7 31 0 T M M 7.0 16 320 M M 8 18 20 320
10 59 24 42 1 23 0 0.00 M M 4.9 17 150 M M 3 26 130
11 60 44 52 10 13 0 0.02 M M 10.6 22 240 M M 7 3 34 210
12 61 33 47 5 18 0 0.04 M M 4.6 15 100 M M 6 3 25 110
13 68 47 58 16 7 0 0.29 M M 6.1 15 220 M M 10 13 25 180
14 55 36 46 3 19 0 0.03 M M 19.1 35 230 M M 7 1 58 230
15 40 29 35 -8 30 0 T M M 14.9 28 260 M M 7 45 260
16 34 29 32 -12 33 0 0.01 M M 8.8 18 290 M M 10 1 27 340
17 42 28 35 -9 30 0 0.00 M M 6.3 16 30 M M 4 23 40
18 38 32 35 -9 30 0 0.08 M M 5.1 12 100 M M 8 158 18 130
19 41 29 35 -10 30 0 T M M 10.8 20 320 M M 7 5 35 330
20 54 23 39 -6 26 0 0.07 M M 7.7 15 150 M M 6 33 150
21 59 35 47 1 18 0 0.17 M M 11.8 30 280 M M 7 1 49 280
22 58 29 44 -2 21 0 T M M 5.4 15 140 M M 6 22 140
23 81 45 63 17 2 0 0.11 M M 7.5 16 180 M M 8 13 25 130
24 76 53 65 18 0 0 0.27 M M 13.7 26 200 M M 5 1 45 220
25 54 36 45 -2 20 0 0.01 M M 9.3 18 330 M M 7 1 25 250
26 36 28 32 -15 33 0 0.03 M M 7.8 16 290 M M 10 1 22 280
27 40 26 33 -15 32 0 T M M 10.0 23 310 M M 6 31 340
28 52 22 37 -11 28 0 0.00 M M 3.8 16 40 M M 1 22 40
29 67 33 50 1 15 0 0.00 M M 6.5 15 180 M M 4 24 200
30 64 43 54 5 11 0 0.11 M M 11.0 25 120 M M 7 43 120
================================================================================
SM 1527 985 687 0 2.41 M 240.5 M 215
================================================================================
AV 50.9 32.8 8.0 FASTST M M 7 MAX(MPH)
MISC ----> 35 230 58 230
================================================================================
NOTES:
# LAST OF SEVERAL OCCURRENCES
COLUMN 17 PEAK WIND IN M.P.H.
PRELIMINARY LOCAL CLIMATOLOGICAL DATA (WS FORM: F-6) , PAGE 2
STATION: TRAVERSE CITY MI
MONTH: APRIL
YEAR: 2022
LATITUDE: 44 44 N
LONGITUDE: 85 34 W
[TEMPERATURE DATA] [PRECIPITATION DATA] SYMBOLS USED IN COLUMN 16
AVERAGE MONTHLY: 41.9 TOTAL FOR MONTH: 2.41 1 = FOG OR MIST
DPTR FM NORMAL: -1.5 DPTR FM NORMAL: -0.38 2 = FOG REDUCING VISIBILITY
HIGHEST: 81 ON 23 GRTST 24HR 0.83 ON 6- 6 TO 1/4 MILE OR LESS
LOWEST: 22 ON 28 3 = THUNDER
SNOW, ICE PELLETS, HAIL 4 = ICE PELLETS
TOTAL MONTH: M 5 = HAIL
GRTST 24HR M ON M 6 = FREEZING RAIN OR DRIZZLE
GRTST DEPTH: M ON M 7 = DUSTSTORM OR SANDSTORM:
VSBY 1/2 MILE OR LESS
8 = SMOKE OR HAZE
[NO. OF DAYS WITH] [WEATHER - DAYS WITH] 9 = BLOWING SNOW
X = TORNADO
MAX 32 OR BELOW: 0 0.01 INCH OR MORE: 18
MAX 90 OR ABOVE: 0 0.10 INCH OR MORE: 8
MIN 32 OR BELOW: 17 0.50 INCH OR MORE: 1
MIN 0 OR BELOW: 0 1.00 INCH OR MORE: 0
[HDD (BASE 65) ]
TOTAL THIS MO. 687 CLEAR (SCALE 0-3) 1
DPTR FM NORMAL 36 PTCLDY (SCALE 4-7) 20
TOTAL FM JUL 1 6437 CLOUDY (SCALE 8-10) 9
DPTR FM NORMAL -257
[CDD (BASE 65) ]
TOTAL THIS MO. 0
DPTR FM NORMAL -2 [PRESSURE DATA]
TOTAL FM JAN 1 0 HIGHEST SLP 30.53 ON 22
DPTR FM NORMAL -3 LOWEST SLP 29.32 ON 14
[REMARKS]
#FINAL-04-22#