000
CXUS53 KAPX 031454
CF6TVC
PRELIMINARY LOCAL CLIMATOLOGICAL DATA (WS FORM: F-6)
STATION: TRAVERSE CITY MI
MONTH: OCTOBER
YEAR: 2020
LATITUDE: 44 44 N
LONGITUDE: 85 34 W
TEMPERATURE IN F: :PCPN: SNOW: WIND :SUNSHINE: SKY :PK WND
================================================================================
1 2 3 4 5 6A 6B 7 8 9 10 11 12 13 14 15 16 17 18
12Z AVG MX 2MIN
DY MAX MIN AVG DEP HDD CDD WTR SNW DPTH SPD SPD DIR MIN PSBL S-S WX SPD DR
================================================================================
1 54 44 49 -5 16 0 0.21 M M 9.1 20 330 M M 7 18 29 330
2 50 40 45 -8 20 0 0.30 M M 5.7 16 320 M M 9 1 25 10
3 51 41 46 -7 19 0 0.13 M M 2.3 8 30 M M 9 1 10 230
4 51 37 44 -9 21 0 0.10 M M 5.3 16 50 M M 9 1 23 60
5 62 35 49 -3 16 0 0.00 M M 7.8 18 190 M M 4 30 190
6 70 50 60 8 5 0 0.15 M M 9.2 18 250 M M 6 30 210
7 61 41 51 0 14 0 0.04 M M 7.8 20 310 M M 5 28 290
8 59 40 50 -1 15 0 0.00 M M 3.8 16 340 M M 4 22 300
9 78 39 59 8 6 0 0.00 M M 9.3 22 220 M M 6 37 210
10 72 43 58 8 7 0 0.00 M M 8.9 17 340 M M 4 30 350
11 65 37 51 1 14 0 0.00 M M 5.6 16 110 M M 1 22 100
12 64 46 55 5 10 0 0.32 M M 8.4 24 280 M M 7 13 31 150
13 67 41 54 5 11 0 0.02 M M 7.0 31 220 M M 3 13 45 220
14 59 40 50 1 15 0 0.29 M M 5.8 14 170 M M 7 1 26 130
15 56 34 45 -3 20 0 0.08 M M 10.8 24 290 M M 9 1 35 270
16 50 31 41 -7 24 0 0.09 M M 8.7 23 270 M M 5 13 32 270
17 56 34 45 -3 20 0 0.03 M M 9.3 22 170 M M 7 1 36 180
18 57 32 45 -2 20 0 0.28 M M 5.9 20 220 M M 8 18 35 220
19 48 29 39 -8 26 0 T M M 4.0 13 250 M M 7 15 250
20 48 35 42 -5 23 0 0.16 M M 4.5 13 90 M M 10 1 16 90
21 49 42 46 0 19 0 0.04 M M 5.6 18 250 M M 9 1 28 240
22 48 36 42 -4 23 0 3.07 M M 5.1 17 90 M M 8 13 23 60
23 50 38 44 -2 21 0 1.14 M M 8.4 22 330 M M 10 13 34 320
24 43 35 39 -6 26 0 0.02 M M 5.9 17 330 M M 9 1 24 360
25 45 35 40 -5 25 0 T M M 2.5 8 290 M M 9 1 13 310
26 41 35 38 -7 27 0 0.05 M M 5.3 15 290 M M 10 1 18 290
27 44 32 38 -6 27 0 0.01 M M 5.9 16 250 M M 6 1 23 270
28 51 34 43 -1 22 0 T M M 8.1 20 260 M M 6 30 270
29 47 36 42 -2 23 0 0.01 M M 10.5 18 360 M M 10 8 28 10
30 36 28 32 -11 33 0 0.01 M M 6.2 16 300 M M 7 5 21 300
31 54 26 40 -3 25 0 0.02 M M 10.4 22 180 M M 3 36 180
================================================================================
SM 1686 1146 593 0 6.57 M 213.1 M 214
================================================================================
AV 54.4 37.0 6.9 FASTST M M 7 MAX(MPH)
MISC ----> 31 220 45 220
================================================================================
NOTES:
# LAST OF SEVERAL OCCURRENCES
COLUMN 17 PEAK WIND IN M.P.H.
PRELIMINARY LOCAL CLIMATOLOGICAL DATA (WS FORM: F-6) , PAGE 2
STATION: TRAVERSE CITY MI
MONTH: OCTOBER
YEAR: 2020
LATITUDE: 44 44 N
LONGITUDE: 85 34 W
[TEMPERATURE DATA] [PRECIPITATION DATA] SYMBOLS USED IN COLUMN 16
AVERAGE MONTHLY: 45.7 TOTAL FOR MONTH: 6.57 1 = FOG OR MIST
DPTR FM NORMAL: -2.5 DPTR FM NORMAL: 3.35 2 = FOG REDUCING VISIBILITY
HIGHEST: 78 ON 9 GRTST 24HR 4.10 ON 22-23 TO 1/4 MILE OR LESS
LOWEST: 26 ON 31 3 = THUNDER
SNOW, ICE PELLETS, HAIL 4 = ICE PELLETS
TOTAL MONTH: M 5 = HAIL
GRTST 24HR M ON M 6 = FREEZING RAIN OR DRIZZLE
GRTST DEPTH: M ON M 7 = DUSTSTORM OR SANDSTORM:
VSBY 1/2 MILE OR LESS
8 = SMOKE OR HAZE
[NO. OF DAYS WITH] [WEATHER - DAYS WITH] 9 = BLOWING SNOW
X = TORNADO
MAX 32 OR BELOW: 0 0.01 INCH OR MORE: 23
MAX 90 OR ABOVE: 0 0.10 INCH OR MORE: 11
MIN 32 OR BELOW: 6 0.50 INCH OR MORE: 2
MIN 0 OR BELOW: 0 1.00 INCH OR MORE: 2
[HDD (BASE 65) ]
TOTAL THIS MO. 593 CLEAR (SCALE 0-3) 2
DPTR FM NORMAL 68 PTCLDY (SCALE 4-7) 16
TOTAL FM JUL 1 754 CLOUDY (SCALE 8-10) 13
DPTR FM NORMAL -34
[CDD (BASE 65) ]
TOTAL THIS MO. 0
DPTR FM NORMAL -4 [PRESSURE DATA]
TOTAL FM JAN 1 708 HIGHEST SLP 30.37 ON 31
DPTR FM NORMAL 297 LOWEST SLP 29.43 ON 15
[REMARKS]
#FINAL-10-20#