000
CXUS55 KREV 010901
CF6TVL
PRELIMINARY LOCAL CLIMATOLOGICAL DATA (WS FORM: F-6)
STATION: SOUTH LAKE TAHOE CA
MONTH: APRIL
YEAR: 2022
LATITUDE: 38 53 N
LONGITUDE: 119 60 W
TEMPERATURE IN F: :PCPN: SNOW: WIND :SUNSHINE: SKY :PK WND
================================================================================
1 2 3 4 5 6A 6B 7 8 9 10 11 12 13 14 15 16 17 18
12Z AVG MX 2MIN
DY MAX MIN AVG DEP HDD CDD WTR SNW DPTH SPD SPD DIR MIN PSBL S-S WX SPD DR
================================================================================
1 59 26 43 5 22 0 0.00 M M 2.9 13 30 M M 0 21 30
2 61 30 46 8 19 0 0.00 M M 2.3 12 20 M M 2 16 30
3 61 27 44 6 21 0 0.00 M M 4.0 16 200 M M 0 26 190
4 57 34 46 8 19 0 0.00 M M 11.1 24 180 M M 4 32 190
5 62 32 47 8 18 0 0.00 M M 4.9 20 180 M M 0 26 190
6 62 27 45 6 20 0 0.00 M M 3.5 12 30 M M 0 15 30
7 70 27 49 10 16 0 0.00 M M 2.4 9 20 M M 0 13 40
8 68 30 49 10 16 0 0.00 M M 3.0 14 180 M M 0 21 180
9 62 29 46 7 19 0 0.00 M M 4.6 15 190 M M 0 31 220
10 54 26 40 1 25 0 0.00 M M 6.7 18 160 M M 0 24 190
11 40 16 28 -12 37 0 0.25 M M 13.6 31 190 M M 7 12 55 190
12 33 7 20 -20 45 0 T M M 7.0 21 190 M M 3 27 190
13 41 24 33 -7 32 0 T M M 13.5 24 180 M M 8 8 33 180
14 40 31 36 -4 29 0 0.01 M M 12.8 25 170 M M 10 1 38 160
15 49 35 42 2 23 0 T M M 11.4 25 190 M M 6 41 180
16 45 33 39 -1 26 0 0.45 M M 13.2 30 190 M M 8 12 44 180
17 58 29 44 4 21 0 0.00 M M 7.1 18 190 M M 0 32 210
18 56 26 41 0 24 0 0.00 M M 18.1 36 190 M M 0 54 180
19 42 32 37 -4 28 0 0.17 M M 12.0 32 190 M M 7 1 54 180
20 51 29 40 -1 25 0 T M M 15.8 28 200 M M 1 42 190
21 39 28 34 -7 31 0 0.76 M M 10.1 26 190 M M 10 128 39 180
22 42 24 33 -9 32 0 0.01 M M 2.8 9 10 M M 5 14 20
23 49 22 36 -6 29 0 0.00 M M 3.9 10 20 M M 0 15 20
24 55 25 40 -2 25 0 0.00 M M 3.2 12 20 M M 0 16 20
25 59 29 44 2 21 0 0.00 M M 5.6 22 190 M M 0 29 180
26 57 34 46 4 19 0 0.00 M M 4.2 18 180 M M 4 27 190
27 57 29 43 0 22 0 0.00 M M 7.7 21 180 M M 0 28 180
28 48 27 38 -5 27 0 0.00 M M 9.0 28 190 M M 0 40 180
29 62 22 42 -1 23 0 0.00 M M 3.5 12 20 M M 0 17 30
30 59 29 44 1 21 0 0.00 M M 6.1 21 190 M M 1 28 190
================================================================================
SM 1598 819 735 0 1.65 M 226.0 M 76
================================================================================
AV 53.3 27.3 7.5 FASTST M M 3 MAX(MPH)
MISC ----> 36 190 55 190
================================================================================
NOTES:
# LAST OF SEVERAL OCCURRENCES
COLUMN 17 PEAK WIND IN M.P.H.
PRELIMINARY LOCAL CLIMATOLOGICAL DATA (WS FORM: F-6) , PAGE 2
STATION: SOUTH LAKE TAHOE CA
MONTH: APRIL
YEAR: 2022
LATITUDE: 38 53 N
LONGITUDE: 119 60 W
[TEMPERATURE DATA] [PRECIPITATION DATA] SYMBOLS USED IN COLUMN 16
AVERAGE MONTHLY: 40.3 TOTAL FOR MONTH: 1.65 1 = FOG OR MIST
DPTR FM NORMAL: -0.1 DPTR FM NORMAL: 0.38 2 = FOG REDUCING VISIBILITY
HIGHEST: 70 ON 7 GRTST 24HR 0.76 ON 21-21 TO 1/4 MILE OR LESS
LOWEST: 7 ON 12 3 = THUNDER
SNOW, ICE PELLETS, HAIL 4 = ICE PELLETS
TOTAL MONTH: M 5 = HAIL
GRTST 24HR M ON M 6 = FREEZING RAIN OR DRIZZLE
GRTST DEPTH: M ON M 7 = DUSTSTORM OR SANDSTORM:
VSBY 1/2 MILE OR LESS
8 = SMOKE OR HAZE
[NO. OF DAYS WITH] [WEATHER - DAYS WITH] 9 = BLOWING SNOW
X = TORNADO
MAX 32 OR BELOW: 0 0.01 INCH OR MORE: 6
MAX 90 OR ABOVE: 0 0.10 INCH OR MORE: 4
MIN 32 OR BELOW: 26 0.50 INCH OR MORE: 1
MIN 0 OR BELOW: 0 1.00 INCH OR MORE: 0
[HDD (BASE 65) ]
TOTAL THIS MO. 735 CLEAR (SCALE 0-3) 20
DPTR FM NORMAL -3 PTCLDY (SCALE 4-7) 7
TOTAL FM JUL 1 6594 CLOUDY (SCALE 8-10) 3
DPTR FM NORMAL -167
[CDD (BASE 65) ]
TOTAL THIS MO. 0
DPTR FM NORMAL 0 [PRESSURE DATA]
TOTAL FM JAN 1 0 HIGHEST SLP M ON M
DPTR FM NORMAL 0 LOWEST SLP 29.53 ON 11
[REMARKS]
THE AVERAGE TEMPERATURE FOR APRIL 2022 AT THE SOUTH LAKE TAHOE
AIRPORT WAS 40.3 DEGREES WHICH IS 0.1 DEGREES BELOW NORMAL. THE
HIGHEST TEMPERATURE FOR APRIL WAS 70 DEGREES WHICH OCCURRED ON THE
7TH. THE LOWEST TEMPERATURE FOR THE MONTH WAS 7 DEGREES WHICH
OCCURED ON THE 12TH.
FOR APRIL 2022, 1.65 INCHES OF PRECIPITATION WAS RECORDED AT THE
SOUTH LAKE TAHOE AIRPORT. THIS IS 0.38 INCHES ABOVE NORMAL FOR THE
MONTH.
THE AVERAGE WIND SPEED FOR APRIL 2022 WAS 7.5 MPH. THE PEAK WIND
GUST FOR THE MONTH WAS 55 MPH FROM THE SOUTH ON THE 11TH.
#FINAL-04-22#