000
CXUS54 KSHV 011300
CF6TYR
PRELIMINARY LOCAL CLIMATOLOGICAL DATA (WS FORM: F-6)
STATION: TYLER
MONTH: OCTOBER
YEAR: 2023
LATITUDE: 32 22 N
LONGITUDE: 95 24 W
TEMPERATURE IN F: :PCPN: SNOW: WIND :SUNSHINE: SKY :PK WND
================================================================================
1 2 3 4 5 6A 6B 7 8 9 10 11 12 13 14 15 16 17 18
12Z AVG MX 2MIN
DY MAX MIN AVG DEP HDD CDD WTR SNW DPTH SPD SPD DIR MIN PSBL S-S WX SPD DR
================================================================================
1 93 67 80 7 0 15 0.00 0.0 0 4.3 12 130 M M 1 19 150
2 91 68 80 7 0 15 0.00 0.0 0 6.3 16 100 M M 4 20 100
3 91 68 80 8 0 15 0.00 0.0 0 8.3 21 160 M M 2 27 150
4 91 71 81 9 0 16 1.38 0.0 0 12.8 35 290 M M 8 138 57 270
5 79 68 74 2 0 9 0.34 0.0 0 6.3 16 360 M M 6 13 24 330
6 87 64 76 5 0 11 0.00 0.0 0 6.8 15 50 M M 0 21 10
7 72 52 62 -9 3 0 0.00 0.0 0 7.7 17 20 M M 0 25 10
8 76 49 63 -8 2 0 0.00 0.0 0 3.4 9 200 M M 0 14 200
9 85 55 70 0 0 5 0.00 0.0 0 8.6 16 200 M M 0 23 190
10 83 60 72 2 0 7 0.00 0.0 0 7.5 16 170 M M 1 23 170
11 70 62 66 -4 0 1 T 0.0 0 8.9 17 160 M M 7 22 150
12 77 59 68 -1 0 3 0.00 0.0 0 10.1 16 150 M M 4 23 150
13 86 60 73 4 0 8 0.00 0.0 0 9.2 17 250 M M 4 18 23 240
14 70 52 61 -7 4 0 0.00 0.0 0 9.2 21 350 M M 0 30 330
15 68 48 58 -10 7 0 0.00 0.0 0 9.9 21 330 M M 4 29 20
16 67 44 56 -12 9 0 0.00 0.0 0 6.2 20 320 M M 0 26 360
17 73 41 57 -10 8 0 0.00 0.0 0 3.1 9 210 M M 0 15 200
18 80 51 66 -1 0 1 0.00 0.0 0 9.5 21 190 M M 0 26 190
19 84 59 72 5 0 7 0.00 0.0 0 5.7 12 320 M M 0 16 180
20 91 58 75 9 0 10 0.00 0.0 0 4.5 12 330 M M 0 15 340
21 89 55 72 6 0 7 0.00 0.0 0 3.9 12 170 M M 0 16 240
22 83 63 73 7 0 8 0.00 0.0 0 5.8 12 130 M M 0 15 180
23 76 69 73 8 0 8 0.19 0.0 0 8.7 16 160 M M 4 18 21 170
24 84 71 78 13 0 13 T 0.0 0 13.0 23 140 M M 5 29 180
25 85 69 77 13 0 12 T 0.0 0 10.8 18 120 M M 5 24 120
26 76 68 72 8 0 7 1.68 0.0 0 9.7 21 150 M M 8 13 29 160
27 84 73 79 15 0 14 0.03 0.0 0 7.1 15 180 M M 9 1 20 180
28 82 73 78 15 0 13 0.01 0.0 0 6.7 16 190 M M 7 1 21 200
29 76 43 60 -3 5 0 0.39 0.0 0 11.2 20 330 M M 10 1 30 340
30 51 41 46 -17 19 0 0.66 0.0 0 12.1 22 350 M M 7 1 33 360
31 59 36 48 -14 17 0 0.00 0.0 0 7.9 16 340 M M 0 23 330
================================================================================
SM 2459 1817 74 205 4.68 0.0 245.2 M 96
================================================================================
AV 79.3 58.6 7.9 FASTST M M 3 MAX(MPH)
MISC ----> 35 290 57 270
================================================================================
NOTES:
# LAST OF SEVERAL OCCURRENCES
COLUMN 17 PEAK WIND IN M.P.H.
PRELIMINARY LOCAL CLIMATOLOGICAL DATA (WS FORM: F-6) , PAGE 2
STATION: TYLER
MONTH: OCTOBER
YEAR: 2023
LATITUDE: 32 22 N
LONGITUDE: 95 24 W
[TEMPERATURE DATA] [PRECIPITATION DATA] SYMBOLS USED IN COLUMN 16
AVERAGE MONTHLY: 69.0 TOTAL FOR MONTH: 4.68 1 = FOG OR MIST
DPTR FM NORMAL: 1.3 DPTR FM NORMAL: 0.37 2 = FOG REDUCING VISIBILITY
HIGHEST: 93 ON 1 GRTST 24HR 1.72 ON 4- 5 TO 1/4 MILE OR LESS
LOWEST: 36 ON 31 3 = THUNDER
SNOW, ICE PELLETS, HAIL 4 = ICE PELLETS
TOTAL MONTH: 0.0 INCH 5 = HAIL
GRTST 24HR 0.0 6 = FREEZING RAIN OR DRIZZLE
GRTST DEPTH: 0 7 = DUSTSTORM OR SANDSTORM:
VSBY 1/2 MILE OR LESS
8 = SMOKE OR HAZE
[NO. OF DAYS WITH] [WEATHER - DAYS WITH] 9 = BLOWING SNOW
X = TORNADO
MAX 32 OR BELOW: 0 0.01 INCH OR MORE: 8
MAX 90 OR ABOVE: 5 0.10 INCH OR MORE: 6
MIN 32 OR BELOW: 0 0.50 INCH OR MORE: 3
MIN 0 OR BELOW: 0 1.00 INCH OR MORE: 2
[HDD (BASE 65) ]
TOTAL THIS MO. 74 CLEAR (SCALE 0-3) 16
DPTR FM NORMAL 8 PTCLDY (SCALE 4-7) 13
TOTAL FM JUL 1 74 CLOUDY (SCALE 8-10) 2
DPTR FM NORMAL 6
[CDD (BASE 65) ]
TOTAL THIS MO. 205
DPTR FM NORMAL 55 [PRESSURE DATA]
TOTAL FM JAN 1 3324 HIGHEST SLP 30.43 ON 31
DPTR FM NORMAL 676 LOWEST SLP 29.64 ON 12
[REMARKS]
#FINAL-10-23#