000
CXUS56 KPQR 011201
CF6UAO
PRELIMINARY LOCAL CLIMATOLOGICAL DATA (WS FORM: F-6)
STATION: AURORA STATE OR
MONTH: SEPTEMBER
YEAR: 2023
LATITUDE: 45 15 N
LONGITUDE: 122 46 W
TEMPERATURE IN F: :PCPN: SNOW: WIND :SUNSHINE: SKY :PK WND
================================================================================
1 2 3 4 5 6A 6B 7 8 9 10 11 12 13 14 15 16 17 18
12Z AVG MX 2MIN
DY MAX MIN AVG DEP HDD CDD WTR SNW DPTH SPD SPD DIR MIN PSBL S-S WX SPD DR
================================================================================
1 81 61 71 3 0 6 0.00 M M 7.5 14 20 M M 6 1 19 10
2 87 62 75 7 0 10 0.74 M M 5.1 17 190 M M 3 13 24 190
3 72 59 66 -2 0 1 0.01 M M 6.3 14 180 M M 8 1 20 180
4 66 57 62 -6 3 0 0.00 M M 2.9 12 340 M M 10 1 17 330
5 73 53 63 -4 2 0 0.00 M M 4.3 12 360 M M 3 14 350
6 77 49 63 -4 2 0 0.00 M M 3.5 13 350 M M 3 16 350
7 76 57 67 0 0 2 0.00 M M 3.8 13 10 M M 7 17 360
8 79 51 65 -2 0 0 0.00 M M 3.7 10 20 M M 0 16 360
9 85 53 69 2 0 4 0.00 M M 1.7 8 10 M M 0 10 360
10 82 54 68 2 0 3 0.00 M M 3.2 9 220 M M 0 13 240
11 77 55 66 0 0 1 0.00 M M 3.0 9 320 M M 5 14 340
12 78 54 66 0 0 1 0.00 M M 2.4 10 330 M M 5 15 320
13 81 61 71 5 0 6 0.00 M M 5.5 16 10 M M 4 19 30
14 89 54 72 6 0 7 0.00 M M 5.2 10 10 M M 0 12 360
15 93 53 73 8 0 8 0.00 M M 1.6 8 10 M M 0 10 20
16 84 54 69 4 0 4 0.00 M M 2.9 9 250 M M 0 13 240
17 76 50 63 -2 2 0 0.00 M M 3.2 9 20 M M 0 13 40
18 73 52 63 -1 2 0 0.00 M M 5.6 16 350 M M 3 22 360
19 72 48 60 -4 5 0 0.00 M M 2.1 9 10 M M 2 12 10
20 69 50 60 -4 5 0 T M M 3.9 14 20 M M 6 19 360
21 74 44 59 -5 6 0 0.00 M M 2.4 8 130 M M 1 12 20
22 76 46 61 -2 4 0 0.00 M M 2.5 10 230 M M 1 13 200
23 68 54 61 -2 4 0 0.16 M M 4.3 14 180 M M 6 1 18 230
24 63 52 58 -5 7 0 0.19 M M 2.5 7 40 M M 9 12 10 70
25 66 56 61 -1 4 0 0.68 M M 5.9 21 180 M M 10 1 28 190
26 67 54 61 -1 4 0 0.07 M M 7.8 23 190 M M 9 35 220
27 63 52 58 -4 7 0 0.20 M M 10.6 21 180 M M 9 1 26 220
28 65 50 58 -3 7 0 0.04 M M 4.5 10 20 M M 9 1 13 20
29 62 54 58 -3 7 0 0.14 M M 6.7 12 30 M M 10 1 16 30
30 69 47 58 -2 7 0 0.00 M M 6.2 17 20 M M 2 26 10
================================================================================
SM 2243 1596 78 53 2.23 M 130.8 M 131
================================================================================
AV 74.8 53.2 4.4 FASTST M M 4 MAX(MPH)
MISC ----> 23 190 35 220
================================================================================
NOTES:
# LAST OF SEVERAL OCCURRENCES
COLUMN 17 PEAK WIND IN M.P.H.
PRELIMINARY LOCAL CLIMATOLOGICAL DATA (WS FORM: F-6) , PAGE 2
STATION: AURORA STATE OR
MONTH: SEPTEMBER
YEAR: 2023
LATITUDE: 45 15 N
LONGITUDE: 122 46 W
[TEMPERATURE DATA] [PRECIPITATION DATA] SYMBOLS USED IN COLUMN 16
AVERAGE MONTHLY: 64.0 TOTAL FOR MONTH: 2.23 1 = FOG OR MIST
DPTR FM NORMAL: -0.8 DPTR FM NORMAL: 0.65 2 = FOG REDUCING VISIBILITY
HIGHEST: 93 ON 15 GRTST 24HR 0.74 ON 2- 2 TO 1/4 MILE OR LESS
LOWEST: 44 ON 21 3 = THUNDER
SNOW, ICE PELLETS, HAIL 4 = ICE PELLETS
TOTAL MONTH: M 5 = HAIL
GRTST 24HR M ON M 6 = FREEZING RAIN OR DRIZZLE
GRTST DEPTH: M ON M 7 = DUSTSTORM OR SANDSTORM:
VSBY 1/2 MILE OR LESS
8 = SMOKE OR HAZE
[NO. OF DAYS WITH] [WEATHER - DAYS WITH] 9 = BLOWING SNOW
X = TORNADO
MAX 32 OR BELOW: 0 0.01 INCH OR MORE: 9
MAX 90 OR ABOVE: 1 0.10 INCH OR MORE: 6
MIN 32 OR BELOW: 0 0.50 INCH OR MORE: 2
MIN 0 OR BELOW: 0 1.00 INCH OR MORE: 0
[HDD (BASE 65) ]
TOTAL THIS MO. 78 CLEAR (SCALE 0-3) 12
DPTR FM NORMAL 7 PTCLDY (SCALE 4-7) 11
TOTAL FM JUL 1 84 CLOUDY (SCALE 8-10) 7
DPTR FM NORMAL -12
[CDD (BASE 65) ]
TOTAL THIS MO. 53
DPTR FM NORMAL -12 [PRESSURE DATA]
TOTAL FM JAN 1 664 HIGHEST SLP 30.17 ON 27
DPTR FM NORMAL 212 LOWEST SLP 29.76 ON 24
[REMARKS]
#FINAL-09-23#