000
CXUS53 KLSX 012005
CLMUIN
CLIMATE REPORT
NATIONAL WEATHER SERVICE ST LOUIS MO
305 PM CDT SAT APR 01 2023
...................................
...THE QUINCY IL CLIMATE SUMMARY FOR THE MONTH OF MARCH 2023...
CLIMATE NORMAL PERIOD 1991 TO 2020
CLIMATE RECORD PERIOD 1901 TO 2023
WEATHER OBSERVED NORMAL DEPART LAST YEAR`S
VALUE DATE(S) VALUE FROM VALUE
NORMAL
..............................................................
TEMPERATURE (F)
RECORD
HIGH 88 03/21/1907
LOW -13 03/05/1960
HIGHEST 75 03/31 75
LOWEST 14 03/18 6
AVG. MAXIMUM 50.5 51.7 -1.2 52.8
AVG. MINIMUM 32.2 32.4 -0.2 33.3
MEAN 41.4 42.1 -0.7 43.0
DAYS MAX >= 90 0 0.0 0.0 0
DAYS MAX <= 32 1 1.8 -0.8 3
DAYS MIN <= 32 15 16.4 -1.4 12
DAYS MIN <= 0 0 0.2 -0.2 0
PRECIPITATION (INCHES)
RECORD
MAXIMUM 11.45 1973
MINIMUM 0.15 1910
TOTALS 1.95 2.29 -0.34 3.50
DAILY AVG. 0.06 0.07 -0.01 0.11
DAYS >= .01 12 10.1 1.9 MM
DAYS >= .10 8 5.4 2.6 MM
DAYS >= .50 0 1.3 -1.3 2
DAYS >= 1.00 0 0.5 -0.5 2
GREATEST
24 HR. TOTAL 0.49 03/16 TO 03/16
DEGREE DAYS
HEATING TOTAL 727 714 13 671
SINCE 7/1 4576 4977 -401 MM
COOLING TOTAL 0 2 -2 0
SINCE 1/1 0 2 -2 MM
..............................................................
WIND (MPH)
HIGHEST WIND SPEED/DIRECTION 38/270 DATE 03/31
HIGHEST GUST SPEED/DIRECTION 55/280 DATE 03/31
SKY COVER
NUMBER OF DAYS FAIR 9
NUMBER OF DAYS PC 13
NUMBER OF DAYS CLOUDY 9
WEATHER CONDITIONS. NUMBER OF DAYS WITH
THUNDERSTORM 4 MIXED PRECIP 0
HEAVY RAIN 4 RAIN 6
LIGHT RAIN 12 FREEZING RAIN 0
LT FREEZING RAIN 0 HAIL 0
HEAVY SNOW 0 SNOW 0
LIGHT SNOW 5 SLEET 0
FOG 14 FOG W/VIS <= 1/4 MILE 2
HAZE 2
- INDICATES NEGATIVE NUMBERS.
R INDICATES RECORD WAS SET OR TIED.
MM INDICATES DATA IS MISSING.
T INDICATES TRACE AMOUNT.
...MONTHLY...
NO RECORDS OF NOTE.
...DAILY...
NO RECORDS OF NOTE.
$$
GOSSELIN/FUCHS