000
CXUS53 KUNR 011958
CF6UNR
PRELIMINARY LOCAL CLIMATOLOGICAL DATA (WS FORM: F-6)
STATION: EAST RAPID CITY SD
MONTH: MARCH
YEAR: 2022
LATITUDE: 44 4 N
LONGITUDE: 103 13 W
TEMPERATURE IN F: :PCPN: SNOW: WIND :SUNSHINE: SKY :PK WND
================================================================================
1 2 3 4 5 6A 6B 7 8 9 10 11 12 13 14 15 16 17 18
12Z AVG MX 2MIN
DY MAX MIN AVG DEP HDD CDD WTR SNW DPTH SPD SPD DIR MIN PSBL S-S WX SPD DR
================================================================================
1 63 41 52 20 13 0 0.00 0.0 0 5.1 10 120 M M M 14 250
2 65 26 46 14 19 0 0.00 0.0 0 7.9 18 20 M M M 12 23 20
3 30 22 26 -6 39 0 0.00 0.0 0 10.3 18 140 M M M 12 24 140
4 31 25 28 -5 37 0 T 0.0 0 16.9 28 360 M M M 126 39 350
5 25 15 20 -13 45 0 0.21 3.6 4 14.3 22 350 M M M 126 32 360
6 23 8 16 -17 49 0 T T 3 11.7 29 350 M M M 43 350
7 31 16 24 -10 41 0 0.00 0.0 2 7.1 15 150 M M M 18 150
8 31 10 21 -13 44 0 0.01 0.1 2 16.5 28 350 M M M 40 350
9 15 5 10 -24 55 0 T 0.1 2 12.6 26 360 M M M 35 360
10 26 2 14 -21 51 0 T T 2 8.5 24 320 M M M 35 320
11 23 5 14 -21 51 0 T 0.1 T 9.3 18 10 M M M 24 10
12 57 10 34 -2 31 0 0.00 0.0 T 8.7 29 330 M M M 43 300
13 50 31 41 5 24 0 0.00 0.0 0 6.1 21 350 M M M 31 340
14 53 30 42 6 23 0 0.00 0.0 0 8.4 16 130 M M M 21 360
15 67 36 52 16 13 0 0.00 0.0 0 6.6 18 340 M M M 26 330
16 54 42 48 11 17 0 0.00 0.0 0 16.1 29 360 M M M 43 360
17 50 35 43 6 22 0 T 0.0 0 9.0 23 10 M M M 33 360
18 55 32 44 7 21 0 0.00 0.0 0 7.9 16 330 M M M 26 330
19 62 38 50 12 15 0 0.00 0.0 0 7.1 17 130 M M M 23 140
20 71 36 54 16 11 0 0.00 0.0 0 9.6 32 320 M M M 46 320
21 47 35 41 3 24 0 T T 0 18.5 36 320 M M M 51 320
22 47 33 40 2 25 0 T 0.0 0 18.8 34 330 M M M 56 350
23 54 25 40 1 25 0 0.00 0.0 0 15.5 29 330 M M M 41 330
24 66 34 50 11 15 0 0.00 0.0 0 14.8 33 340 M M M 51 340
25 51 34 43 4 22 0 0.00 0.0 0 9.5 25 330 M M M 35 330
26 46 26 36 -4 29 0 0.00 0.0 0 9.8 18 110 M M M 24 130
27 60 26 43 3 22 0 0.00 0.0 0 14.7 24 150 M M M 32 150
28 66 32 49 9 16 0 0.00 0.0 0 7.5 14 150 M M M 18 130
29 67 30 49 9 16 0 0.08 0.3 T 21.3 41 330 M M M 59 330
30 37 25 31 -9 34 0 T T 0 17.2 34 360 M M M 48 330
31 57 26 42 1 23 0 0.00 0.0 0 7.8 24 10 M M M 35 360
================================================================================
SM 1480 791 872 0 0.30 4.2 355.1 M M
================================================================================
AV 47.7 25.5 11.5 FASTST M M M MAX(MPH)
MISC ----> 41 330 59 330
================================================================================
NOTES:
# LAST OF SEVERAL OCCURRENCES
COLUMN 17 PEAK WIND IN M.P.H.
PRELIMINARY LOCAL CLIMATOLOGICAL DATA (WS FORM: F-6) , PAGE 2
STATION: EAST RAPID CITY SD
MONTH: MARCH
YEAR: 2022
LATITUDE: 44 4 N
LONGITUDE: 103 13 W
[TEMPERATURE DATA] [PRECIPITATION DATA] SYMBOLS USED IN COLUMN 16
AVERAGE MONTHLY: 36.6 TOTAL FOR MONTH: 0.30 1 = FOG OR MIST
DPTR FM NORMAL: 0.1 DPTR FM NORMAL: -0.64 2 = FOG REDUCING VISIBILITY
HIGHEST: 71 ON 20 GRTST 24HR 0.21 ON 5- 5 TO 1/4 MILE OR LESS
LOWEST: 2 ON 10 3 = THUNDER
SNOW, ICE PELLETS, HAIL 4 = ICE PELLETS
TOTAL MONTH: 4.2 INCHES 5 = HAIL
GRTST 24HR 3.6 ON 5- 5 6 = FREEZING RAIN OR DRIZZLE
GRTST DEPTH: 4 ON 5 7 = DUSTSTORM OR SANDSTORM:
VSBY 1/2 MILE OR LESS
8 = SMOKE OR HAZE
[NO. OF DAYS WITH] [WEATHER - DAYS WITH] 9 = BLOWING SNOW
X = TORNADO
MAX 32 OR BELOW: 9 0.01 INCH OR MORE: 3
MAX 90 OR ABOVE: 0 0.10 INCH OR MORE: 1
MIN 32 OR BELOW: 21 0.50 INCH OR MORE: 0
MIN 0 OR BELOW: 0 1.00 INCH OR MORE: 0
[HDD (BASE 65) ]
TOTAL THIS MO. 872 CLEAR (SCALE 0-3) 0
DPTR FM NORMAL -12 PTCLDY (SCALE 4-7) 0
TOTAL FM JUL 1 5199 CLOUDY (SCALE 8-10) 31
DPTR FM NORMAL -620
[CDD (BASE 65) ]
TOTAL THIS MO. 0
DPTR FM NORMAL 0 [PRESSURE DATA]
TOTAL FM JAN 1 0 HIGHEST SLP M ON M
DPTR FM NORMAL 0 LOWEST SLP 29.16 ON 29
[REMARKS]
#FINAL-03-22#