000
CXUS54 KEWX 011110
CF6UVA
PRELIMINARY LOCAL CLIMATOLOGICAL DATA (WS FORM: F-6)
STATION: UVALDE
MONTH: NOVEMBER
YEAR: 2023
LATITUDE: 29 12 N
LONGITUDE: 99 44 W
TEMPERATURE IN F: :PCPN: SNOW: WIND :SUNSHINE: SKY :PK WND
================================================================================
1 2 3 4 5 6A 6B 7 8 9 10 11 12 13 14 15 16 17 18
12Z AVG MX 2MIN
DY MAX MIN AVG DEP HDD CDD WTR SNW DPTH SPD SPD DIR MIN PSBL S-S WX SPD DR
================================================================================
1 63 33 48 M 17 0 0.00 M M 4.1 8 130 M M 1 M M
2 69 41 55 M 10 0 0.00 M M 5.7 10 160 M M 4 16 170
3 77 47 62 M 3 0 0.00 M M 5.3 14 210 M M 3 21 200
4 80 52 66 M 0 1 0.00 M M 6.0 13 150 M M 2 20 150
5 80 55 68 M 0 3 0.00 M M 5.6 9 170 M M 0 M M
6 81 57 69 M 0 4 0.00 M M 5.7 12 190 M M 0 17 170
7 87 56 72 M 0 7 0.00 M M 5.0 13 140 M M 0 M M
8 84 60 72 M 0 7 0.00 M M 4.4 9 170 M M 4 1 M M
9 73 56 65 M 0 0 0.29 M M 4.8 10 360 M M 9 M M
10 62 54 58 M 7 0 0.00 M M 5.9 12 10 M M 10 17 340
11 60 57 59 M 6 0 0.00 M M 1.8 6 60 M M 10 M M
12 60 57 59 M 6 0 0.00 M M 2.6 10 40 M M 10 1 M M
13 60 55 58 M 7 0 0.00 M M 4.3 10 40 M M 10 1 M M
14 69 56 63 M 2 0 0.00 M M 5.3 10 280 M M 7 M M
15 74 51 63 M 2 0 0.00 M M 2.3 6 70 M M 0 M M
16 74 49 62 M 3 0 0.00 M M 4.7 9 130 M M 0 M M
17 76 53 65 M 0 0 0.00 M M 2.8 7 40 M M 3 1 M M
18 71 55 63 M 2 0 0.00 M M 3.7 9 40 M M 2 M M
19 68 55 62 M 3 0 0.00 M M 4.3 7 160 M M 7 M M
20 80 58 69 M 0 4 0.00 M M 8.6 21 320 M M 4 28 330
21 63 44 54 M 11 0 0.00 M M 10.0 18 360 M M 2 31 10
22 66 34 50 M 15 0 0.00 M M 2.9 7 180 M M 0 M M
23 63 38 51 M 14 0 0.00 M M 4.3 12 180 M M 2 17 180
24 68 41 55 M 10 0 0.00 M M 6.8 12 90 M M 2 M M
25 57 53 55 M 10 0 0.00 M M 7.0 10 90 M M 10 1 M M
26 62 49 56 M 9 0 0.00 M M 7.8 14 10 M M 8 1 22 10
27 55 47 51 M 14 0 0.00 M M 4.0 8 80 M M 10 M M
28 60 49 55 M 10 0 0.00 M M 2.9 6 130 M M 9 M M
29 56 47 52 M 13 0 0.00 M M 2.3 8 150 M M 10 1 M M
30 64 49 57 M 8 0 M M M 1.7 5 170 M M 8 1 M M
================================================================================
SM 2062 1508 182 26 0.29 M 142.6 M 147
================================================================================
AV 68.7 50.3 4.8 FASTST M M 5 MAX(MPH)
MISC ----> 21 320 31 10
================================================================================
NOTES:
# LAST OF SEVERAL OCCURRENCES
COLUMN 17 PEAK WIND IN M.P.H.
PRELIMINARY LOCAL CLIMATOLOGICAL DATA (WS FORM: F-6) , PAGE 2
STATION: UVALDE
MONTH: NOVEMBER
YEAR: 2023
LATITUDE: 29 12 N
LONGITUDE: 99 44 W
[TEMPERATURE DATA] [PRECIPITATION DATA] SYMBOLS USED IN COLUMN 16
AVERAGE MONTHLY: 59.5 TOTAL FOR MONTH: 0.29 1 = FOG OR MIST
DPTR FM NORMAL: 0.0 DPTR FM NORMAL: M 2 = FOG REDUCING VISIBILITY
HIGHEST: 87 ON 7 GRTST 24HR 0.29 ON 9- 9 TO 1/4 MILE OR LESS
LOWEST: 33 ON 1 3 = THUNDER
SNOW, ICE PELLETS, HAIL 4 = ICE PELLETS
TOTAL MONTH: M 5 = HAIL
GRTST 24HR M ON M 6 = FREEZING RAIN OR DRIZZLE
GRTST DEPTH: M ON M 7 = DUSTSTORM OR SANDSTORM:
VSBY 1/2 MILE OR LESS
8 = SMOKE OR HAZE
[NO. OF DAYS WITH] [WEATHER - DAYS WITH] 9 = BLOWING SNOW
X = TORNADO
MAX 32 OR BELOW: 0 0.01 INCH OR MORE: 1
MAX 90 OR ABOVE: 0 0.10 INCH OR MORE: 1
MIN 32 OR BELOW: 0 0.50 INCH OR MORE: 0
MIN 0 OR BELOW: 0 1.00 INCH OR MORE: 0
[HDD (BASE 65) ]
TOTAL THIS MO. 182 CLEAR (SCALE 0-3) 13
DPTR FM NORMAL M PTCLDY (SCALE 4-7) 6
TOTAL FM JUL 1 221 CLOUDY (SCALE 8-10) 11
DPTR FM NORMAL M
[CDD (BASE 65) ]
TOTAL THIS MO. 26
DPTR FM NORMAL M [PRESSURE DATA]
TOTAL FM JAN 1 3476 HIGHEST SLP M ON M
DPTR FM NORMAL M LOWEST SLP M ON M
[REMARKS]
#FINAL-11-23#