000
CXUS55 KGJT 010910
CF6VEL
PRELIMINARY LOCAL CLIMATOLOGICAL DATA (WS FORM: F-6)
STATION: VERNAL UT
MONTH: MAY
YEAR: 2021
LATITUDE: 40 27 N
LONGITUDE: 109 31 W
TEMPERATURE IN F: :PCPN: SNOW: WIND :SUNSHINE: SKY :PK WND
================================================================================
1 2 3 4 5 6A 6B 7 8 9 10 11 12 13 14 15 16 17 18
12Z AVG MX 2MIN
DY MAX MIN AVG DEP HDD CDD WTR SNW DPTH SPD SPD DIR MIN PSBL S-S WX SPD DR
================================================================================
1 81 48 65 13 0 0 T M M 5.7 28 310 M M 0 45 320
2 72 49 61 9 4 0 T M M 9.3 26 350 M M 4 38 350
3 59 41 50 -3 15 0 0.00 M M 15.0 26 360 M M 6 41 360
4 66 33 50 -3 15 0 T M M 4.5 24 360 M M 3 32 360
5 69 41 55 1 10 0 0.00 M M 5.5 14 190 M M 2 21 200
6 80 37 59 5 6 0 0.00 M M 4.6 12 240 M M 0 17 230
7 85 44 65 11 0 0 0.00 M M 6.7 28 190 M M 0 35 210
8 69 48 59 4 6 0 0.00 M M 11.7 28 250 M M 1 38 220
9 60 37 49 -6 16 0 0.00 M M 7.2 17 20 M M 3 29 360
10 59 40 50 -5 15 0 T M M 9.0 24 340 M M 6 3 32 20
11 59 35 47 -9 18 0 0.21 M M 5.2 18 10 M M 5 1 24 10
12 69 35 52 -4 13 0 0.00 M M 5.4 13 130 M M 0 19 120
13 79 38 59 3 6 0 0.00 M M 4.2 14 50 M M 0 19 60
14 78 51 65 8 0 0 T M M 7.3 32 320 M M 2 41 330
15 82 49 66 9 0 1 0.00 M M 7.7 22 20 M M 0 32 30
16 81 50 66 8 0 1 0.00 M M 6.1 28 60 M M 0 37 50
17 76 51 64 6 1 0 T M M 8.6 24 10 M M 2 35 20
18 83 46 65 7 0 0 0.00 M M 5.8 18 360 M M 2 25 350
19 83 45 64 5 1 0 0.00 M M 4.9 14 260 M M 1 20 310
20 83 49 66 7 0 1 0.00 M M 12.0 32 190 M M 0 43 190
21 67 53 60 1 5 0 0.07 M M 11.1 29 200 M M 6 40 210
22 71 41 56 -4 9 0 0.02 M M 7.8 24 190 M M 5 3 38 230
23 65 44 55 -5 10 0 T M M 10.6 25 190 M M 2 35 190
24 70 40 55 -5 10 0 0.00 M M 5.3 16 220 M M 2 26 250
25 75 39 57 -4 8 0 0.00 M M 4.6 10 230 M M 0 16 130
26 81 49 65 4 0 0 0.00 M M 8.7 29 290 M M 0 39 260
27 79 40 60 -1 5 0 0.00 M M 4.3 12 120 M M 0 17 110
28 85 45 65 3 0 0 0.00 M M 7.7 24 210 M M 0 34 210
29 82 51 67 5 0 2 0.00 M M 6.3 24 330 M M 1 32 360
30 80 54 67 5 0 2 0.00 M M 10.0 22 340 M M 1 35 10
31 82 43 63 1 2 0 0.00 M M 6.8 20 10 M M 0 28 40
================================================================================
SM 2310 1366 175 7 0.30 M 229.6 M 54
================================================================================
AV 74.5 44.1 7.4 FASTST M M 2 MAX(MPH)
MISC ----> # 32 320 45 320
================================================================================
NOTES:
# LAST OF SEVERAL OCCURRENCES
COLUMN 17 PEAK WIND IN M.P.H.
PRELIMINARY LOCAL CLIMATOLOGICAL DATA (WS FORM: F-6) , PAGE 2
STATION: VERNAL UT
MONTH: MAY
YEAR: 2021
LATITUDE: 40 27 N
LONGITUDE: 109 31 W
[TEMPERATURE DATA] [PRECIPITATION DATA] SYMBOLS USED IN COLUMN 16
AVERAGE MONTHLY: 59.3 TOTAL FOR MONTH: 0.30 1 = FOG OR MIST
DPTR FM NORMAL: 1.8 DPTR FM NORMAL: -0.66 2 = FOG REDUCING VISIBILITY
HIGHEST: 85 ON 28, 7 GRTST 24HR 0.21 ON 10-11 TO 1/4 MILE OR LESS
LOWEST: 33 ON 4 3 = THUNDER
SNOW, ICE PELLETS, HAIL 4 = ICE PELLETS
TOTAL MONTH: M 5 = HAIL
GRTST 24HR M ON M 6 = FREEZING RAIN OR DRIZZLE
GRTST DEPTH: M ON M 7 = DUSTSTORM OR SANDSTORM:
VSBY 1/2 MILE OR LESS
8 = SMOKE OR HAZE
[NO. OF DAYS WITH] [WEATHER - DAYS WITH] 9 = BLOWING SNOW
X = TORNADO
MAX 32 OR BELOW: 0 0.01 INCH OR MORE: 3
MAX 90 OR ABOVE: 0 0.10 INCH OR MORE: 1
MIN 32 OR BELOW: 0 0.50 INCH OR MORE: 0
MIN 0 OR BELOW: 0 1.00 INCH OR MORE: 0
[HDD (BASE 65) ]
TOTAL THIS MO. 175 CLEAR (SCALE 0-3) 25
DPTR FM NORMAL -73 PTCLDY (SCALE 4-7) 6
TOTAL FM JUL 1 7063 CLOUDY (SCALE 8-10) 0
DPTR FM NORMAL 210
[CDD (BASE 65) ]
TOTAL THIS MO. 7
DPTR FM NORMAL -8 [PRESSURE DATA]
TOTAL FM JAN 1 7 HIGHEST SLP M ON M
DPTR FM NORMAL -8 LOWEST SLP 29.36 ON 20
[REMARKS]
#FINAL-05-21#