000
CXUS55 KVEF 010910
CF6VGT
PRELIMINARY LOCAL CLIMATOLOGICAL DATA (WS FORM: F-6)
STATION: NORTH_LAS_VEGAS NV
MONTH: JULY
YEAR: 2023
LATITUDE: 36 12 N
LONGITUDE: 115 12 W
TEMPERATURE IN F: :PCPN: SNOW: WIND :SUNSHINE: SKY :PK WND
================================================================================
1 2 3 4 5 6A 6B 7 8 9 10 11 12 13 14 15 16 17 18
12Z AVG MX 2MIN
DY MAX MIN AVG DEP HDD CDD WTR SNW DPTH SPD SPD DIR MIN PSBL S-S WX SPD DR
================================================================================
1 108 80 94 4 0 29 0.00 M M 4.6 13 70 M M 0 8 17 120
2 112 82 97 6 0 32 0.00 M M 3.3 17 160 M M 0 23 150
3 114 84 99 8 0 34 0.00 M M 9.0 23 210 M M 0 32 230
4 105 82 94 3 0 29 0.00 M M 10.0 25 180 M M 0 37 220
5 106 78 92 1 0 27 0.00 M M 8.7 21 130 M M 0 26 130
6 106 76 91 0 0 26 0.00 M M 6.6 24 170 M M 0 33 150
7 104 75 90 -2 0 25 0.00 M M 7.9 21 120 M M 0 29 120
8 106 75 91 -1 0 26 0.00 M M 7.7 22 130 M M 0 28 110
9 107 77 92 0 0 27 0.00 M M 9.2 29 170 M M 0 39 170
10 107 79 93 1 0 28 0.00 M M 9.0 22 170 M M 0 29 200
11 109 82 96 4 0 31 0.00 M M 10.2 24 250 M M 0 34 210
12 109 88 99 7 0 34 0.00 M M 13.8 25 240 M M 0 35 250
13 111 84 98 6 0 33 0.00 M M 5.8 17 200 M M 0 25 180
14 112 83 98 6 0 33 0.00 M M 5.0 13 320 M M 0 17 350
15 115 85 100 8 0 35 0.00 M M 3.4 12 80 M M 0 19 140
16 116 87 102 10 0 37 0.00 M M 6.8 15 140 M M 0 22 140
17 116 89 103 11 0 38 0.00 M M 10.5 35 140 M M 0 3 42 130
18 112 91 102 10 0 37 0.00 M M 10.8 23 210 M M 0 31 210
19 111 90 101 9 0 36 0.00 M M 8.4 22 210 M M 0 34 170
20 113 91 102 10 0 37 0.00 M M 6.6 20 170 M M 0 25 170
21 115 91 103 11 0 38 0.00 M M 4.4 14 320 M M 0 16 120
22 115 90 103 11 0 38 0.00 M M 6.9 25 140 M M 0 31 130
23 113 89 101 9 0 36 T M M 8.6 30 120 M M 0 3 41 120
24 111 87 99 7 0 34 0.00 M M 7.1 22 250 M M 0 31 240
25 113 87 100 8 0 35 0.00 M M 5.7 20 170 M M 0 25 160
26 113 89 101 9 0 36 0.00 M M 8.7 22 260 M M 0 30 230
27 114 88 101 9 0 36 0.00 M M 9.5 23 180 M M 0 34 230
28 113 86 100 8 0 35 0.00 M M 8.1 24 200 M M 0 34 210
29 112 89 101 9 0 36 0.00 M M 6.5 21 210 M M 0 28 210
30 110 87 99 7 0 34 0.00 M M 9.3 35 130 M M 0 44 140
31 104 82 93 1 0 28 T M M 9.8 31 60 M M 0 8 42 50
================================================================================
SM 3432 2623 01020 T M 241.9 M 0
================================================================================
AV110.7 84.6 7.8 FASTST M M 0 MAX(MPH)
MISC ----> # 35 140 44 140
================================================================================
NOTES:
# LAST OF SEVERAL OCCURRENCES
COLUMN 17 PEAK WIND IN M.P.H.
PRELIMINARY LOCAL CLIMATOLOGICAL DATA (WS FORM: F-6) , PAGE 2
STATION: NORTH_LAS_VEGAS NV
MONTH: JULY
YEAR: 2023
LATITUDE: 36 12 N
LONGITUDE: 115 12 W
[TEMPERATURE DATA] [PRECIPITATION DATA] SYMBOLS USED IN COLUMN 16
AVERAGE MONTHLY: 97.7 TOTAL FOR MONTH: T 1 = FOG OR MIST
DPTR FM NORMAL: 5.9 DPTR FM NORMAL: -0.13 2 = FOG REDUCING VISIBILITY
HIGHEST: 116 ON 17,16 GRTST 24HR T ON 23-23 TO 1/4 MILE OR LESS
LOWEST: 75 ON 8, 7 3 = THUNDER
SNOW, ICE PELLETS, HAIL 4 = ICE PELLETS
TOTAL MONTH: M 5 = HAIL
GRTST 24HR M ON M 6 = FREEZING RAIN OR DRIZZLE
GRTST DEPTH: M ON M 7 = DUSTSTORM OR SANDSTORM:
VSBY 1/2 MILE OR LESS
8 = SMOKE OR HAZE
[NO. OF DAYS WITH] [WEATHER - DAYS WITH] 9 = BLOWING SNOW
X = TORNADO
MAX 32 OR BELOW: 0 0.01 INCH OR MORE: 0
MAX 90 OR ABOVE: 31 0.10 INCH OR MORE: 0
MIN 32 OR BELOW: 0 0.50 INCH OR MORE: 0
MIN 0 OR BELOW: 0 1.00 INCH OR MORE: 0
[HDD (BASE 65) ]
TOTAL THIS MO. 0 CLEAR (SCALE 0-3) 31
DPTR FM NORMAL 0 PTCLDY (SCALE 4-7) 0
TOTAL FM JUL 1 0 CLOUDY (SCALE 8-10) 0
DPTR FM NORMAL 0
[CDD (BASE 65) ]
TOTAL THIS MO. 1020
DPTR FM NORMAL 189 [PRESSURE DATA]
TOTAL FM JAN 1 2204 HIGHEST SLP M ON M
DPTR FM NORMAL 257 LOWEST SLP 29.60 ON 7
[REMARKS]
#FINAL-07-23#