000
CXUS55 KVEF 060459
CF6VGT
PRELIMINARY LOCAL CLIMATOLOGICAL DATA (WS FORM: F-6)
STATION: NORTH_LAS_VEGAS NV
MONTH: NOVEMBER
YEAR: 2022
LATITUDE: 36 12 N
LONGITUDE: 115 12 W
TEMPERATURE IN F: :PCPN: SNOW: WIND :SUNSHINE: SKY :PK WND
================================================================================
1 2 3 4 5 6A 6B 7 8 9 10 11 12 13 14 15 16 17 18
12Z AVG MX 2MIN
DY MAX MIN AVG DEP HDD CDD WTR SNW DPTH SPD SPD DIR MIN PSBL S-S WX SPD DR
================================================================================
1 81 58 70 8 0 5 0.00 M M 10.1 25 200 M M 0 36 200
2 67 51 59 -3 6 0 0.00 M M 15.8 29 210 M M 1 39 210
3 58 46 52 -10 13 0 0.00 M M 13.5 26 330 M M 6 37 330
4 61 45 53 -8 12 0 0.00 M M 7.9 18 350 M M 0 25 340
5 65 42 54 -7 11 0 0.00 M M 3.4 8 90 M M 0 11 120
6 71 46 59 -1 6 0 0.00 M M 8.1 22 140 M M 0 30 130
7 74 61 68 8 0 3 0.00 M M 15.3 24 210 M M 2 40 200
8 74 53 64 5 1 0 0.11 M M 13.7 39 200 M M 8 52 190
9 61 48 55 -4 10 0 0.00 M M 11.5 25 230 M M 3 36 230
10 62 46 54 -4 11 0 0.00 M M 10.2 18 330 M M 0 26 10
11 58 43 51 -7 14 0 0.00 M M 5.8 17 330 M M 0 23 350
12 60 37 49 -9 16 0 0.00 M M 5.3 13 110 M M 0 16 80
13 59 41 50 -7 15 0 0.00 M M 12.0 32 310 M M 1 46 310
14 59 42 51 -6 14 0 0.00 M M 5.7 20 320 M M 0 26 310
15 61 42 52 -4 13 0 0.00 M M 9.2 21 40 M M 0 30 40
16 63 42 53 -3 12 0 0.00 M M 9.4 22 330 M M 0 29 40
17 61 37 49 -7 16 0 0.00 M M 3.6 9 300 M M 0 13 350
18 62 40 51 -4 14 0 0.00 M M 6.6 22 340 M M 0 32 340
19 60 41 51 -4 14 0 0.00 M M 12.2 25 320 M M 0 34 320
20 63 36 50 -4 15 0 0.00 M M 5.1 15 310 M M 0 8 20 300
21 61 35 48 -6 17 0 0.00 M M 3.3 10 290 M M 0 11 320
22 64 38 51 -2 14 0 0.00 M M 3.8 12 310 M M 0 14 320
23 71 40 56 3 9 0 0.00 M M 7.0 22 330 M M 0 28 340
24 66 45 56 4 9 0 0.00 M M 12.4 20 330 M M 0 33 330
25 63 39 51 -1 14 0 0.00 M M 3.7 8 360 M M 0 M M
26 58 37 48 -4 17 0 0.00 M M 4.2 13 330 M M 0 20 350
27 60 42 51 0 14 0 0.00 M M 4.7 22 320 M M 0 29 310
28 60 42 51 0 14 0 0.00 M M 3.4 14 340 M M 0 19 330
29 57 38 48 -2 17 0 0.00 M M 5.7 13 90 M M 0 20 70
30 57 34 46 -4 19 0 0.00 M M 3.4 10 110 M M 0 13 110
================================================================================
SM 1897 1287 357 8 0.11 M 236.0 M 21
================================================================================
AV 63.2 42.9 7.9 FASTST M M 1 MAX(MPH)
MISC ----> 39 200 52 190
================================================================================
NOTES:
# LAST OF SEVERAL OCCURRENCES
COLUMN 17 PEAK WIND IN M.P.H.
PRELIMINARY LOCAL CLIMATOLOGICAL DATA (WS FORM: F-6) , PAGE 2
STATION: NORTH_LAS_VEGAS NV
MONTH: NOVEMBER
YEAR: 2022
LATITUDE: 36 12 N
LONGITUDE: 115 12 W
[TEMPERATURE DATA] [PRECIPITATION DATA] SYMBOLS USED IN COLUMN 16
AVERAGE MONTHLY: 53.1 TOTAL FOR MONTH: 0.11 1 = FOG OR MIST
DPTR FM NORMAL: -3.1 DPTR FM NORMAL: -0.18 2 = FOG REDUCING VISIBILITY
HIGHEST: 81 ON 1 GRTST 24HR 0.11 ON 8- 8 TO 1/4 MILE OR LESS
LOWEST: 34 ON 30 3 = THUNDER
SNOW, ICE PELLETS, HAIL 4 = ICE PELLETS
TOTAL MONTH: M 5 = HAIL
GRTST 24HR M ON M 6 = FREEZING RAIN OR DRIZZLE
GRTST DEPTH: M ON M 7 = DUSTSTORM OR SANDSTORM:
VSBY 1/2 MILE OR LESS
8 = SMOKE OR HAZE
[NO. OF DAYS WITH] [WEATHER - DAYS WITH] 9 = BLOWING SNOW
X = TORNADO
MAX 32 OR BELOW: 0 0.01 INCH OR MORE: 1
MAX 90 OR ABOVE: 0 0.10 INCH OR MORE: 1
MIN 32 OR BELOW: 0 0.50 INCH OR MORE: 0
MIN 0 OR BELOW: 0 1.00 INCH OR MORE: 0
[HDD (BASE 65) ]
TOTAL THIS MO. 357 CLEAR (SCALE 0-3) 28
DPTR FM NORMAL 81 PTCLDY (SCALE 4-7) 1
TOTAL FM JUL 1 392 CLOUDY (SCALE 8-10) 1
DPTR FM NORMAL 75
[CDD (BASE 65) ]
TOTAL THIS MO. 8
DPTR FM NORMAL -2 [PRESSURE DATA]
TOTAL FM JAN 1 4157 HIGHEST SLP 30.57 ON 16
DPTR FM NORMAL 749 LOWEST SLP 29.59 ON 8
[REMARKS]
#FINAL-11-22#