000
CXUS55 KVEF 010910
CF6VGT
PRELIMINARY LOCAL CLIMATOLOGICAL DATA (WS FORM: F-6)
STATION: NORTH_LAS_VEGAS NV
MONTH: JUNE
YEAR: 2022
LATITUDE: 36 12 N
LONGITUDE: 115 12 W
TEMPERATURE IN F: :PCPN: SNOW: WIND :SUNSHINE: SKY :PK WND
================================================================================
1 2 3 4 5 6A 6B 7 8 9 10 11 12 13 14 15 16 17 18
12Z AVG MX 2MIN
DY MAX MIN AVG DEP HDD CDD WTR SNW DPTH SPD SPD DIR MIN PSBL S-S WX SPD DR
================================================================================
1 91 70 81 -1 0 16 0.00 M M 8.3 20 340 M M 0 29 340
2 100 67 84 2 0 19 0.00 M M 6.4 20 170 M M 0 28 200
3 100 77 89 7 0 24 0.00 M M 12.3 23 200 M M 0 33 190
4 96 76 86 4 0 21 0.00 M M 13.0 23 160 M M 0 30 160
5 101 74 88 5 0 23 0.00 M M 8.4 25 210 M M 0 33 210
6 102 76 89 6 0 24 0.00 M M 7.0 15 200 M M 0 22 220
7 105 81 93 9 0 28 0.00 M M 8.6 21 140 M M 0 29 130
8 107 80 94 10 0 29 0.00 M M 8.2 21 200 M M 0 29 240
9 109 80 95 11 0 30 0.00 M M 8.2 24 160 M M 0 30 190
10 110 80 95 11 0 30 0.00 M M 9.5 23 190 M M 0 34 210
11 110 86 98 13 0 33 0.00 M M 13.4 28 220 M M 0 36 220
12 108 82 95 10 0 30 0.00 M M 13.8 31 220 M M 0 44 200
13 100 81 91 5 0 26 0.00 M M 17.1 35 240 M M 0 47 230
14 92 74 83 -3 0 18 0.00 M M 10.6 29 320 M M 0 40 320
15 102 75 89 3 0 24 0.00 M M 5.6 21 320 M M 0 25 320
16 109 74 92 6 0 27 0.00 M M 9.3 23 140 M M 0 36 170
17 104 80 92 5 0 27 0.00 M M 16.0 32 220 M M 0 44 180
18 92 74 83 -4 0 18 0.00 M M 15.3 26 220 M M 0 43 190
19 89 69 79 -8 0 14 0.00 M M 12.0 25 320 M M 0 34 320
20 93 72 83 -5 0 18 0.00 M M 7.1 21 320 M M 0 29 310
21 100 70 85 -3 0 20 0.00 M M 5.8 15 160 M M 0 21 130
22 95 80 88 0 0 23 T M M 10.5 30 260 M M 3 39 210
23 102 75 89 1 0 24 0.00 M M 9.7 26 270 M M 0 31 290
24 104 80 92 3 0 27 0.00 M M 8.5 22 180 M M 0 31 180
25 105 76 91 2 0 26 0.00 M M 6.6 18 140 M M 0 26 190
26 108 82 95 6 0 30 0.00 M M 7.2 26 140 M M 0 33 150
27 107 85 96 6 0 31 0.00 M M 5.4 14 140 M M 0 19 110
28 109 84 97 7 0 32 T M M 8.8 33 170 M M 0 44 160
29 109 87 98 8 0 33 0.00 M M 11.7 25 220 M M 0 39 200
30 106 89 98 8 0 33 0.00 M M 14.2 24 210 M M 0 42 200
================================================================================
SM 3065 2336 0 758 T M 298.5 M 3
================================================================================
AV102.2 77.9 10.0 FASTST M M 0 MAX(MPH)
MISC ----> 35 240 47 230
================================================================================
NOTES:
# LAST OF SEVERAL OCCURRENCES
COLUMN 17 PEAK WIND IN M.P.H.
PRELIMINARY LOCAL CLIMATOLOGICAL DATA (WS FORM: F-6) , PAGE 2
STATION: NORTH_LAS_VEGAS NV
MONTH: JUNE
YEAR: 2022
LATITUDE: 36 12 N
LONGITUDE: 115 12 W
[TEMPERATURE DATA] [PRECIPITATION DATA] SYMBOLS USED IN COLUMN 16
AVERAGE MONTHLY: 90.0 TOTAL FOR MONTH: T 1 = FOG OR MIST
DPTR FM NORMAL: 3.9 DPTR FM NORMAL: -0.01 2 = FOG REDUCING VISIBILITY
HIGHEST: 110 ON 11,10 GRTST 24HR T ON 22-22 TO 1/4 MILE OR LESS
LOWEST: 67 ON 2 3 = THUNDER
SNOW, ICE PELLETS, HAIL 4 = ICE PELLETS
TOTAL MONTH: M 5 = HAIL
GRTST 24HR M ON M 6 = FREEZING RAIN OR DRIZZLE
GRTST DEPTH: M ON M 7 = DUSTSTORM OR SANDSTORM:
VSBY 1/2 MILE OR LESS
8 = SMOKE OR HAZE
[NO. OF DAYS WITH] [WEATHER - DAYS WITH] 9 = BLOWING SNOW
X = TORNADO
MAX 32 OR BELOW: 0 0.01 INCH OR MORE: 0
MAX 90 OR ABOVE: 29 0.10 INCH OR MORE: 0
MIN 32 OR BELOW: 0 0.50 INCH OR MORE: 0
MIN 0 OR BELOW: 0 1.00 INCH OR MORE: 0
[HDD (BASE 65) ]
TOTAL THIS MO. 0 CLEAR (SCALE 0-3) 30
DPTR FM NORMAL 0 PTCLDY (SCALE 4-7) 0
TOTAL FM JUL 1 1479 CLOUDY (SCALE 8-10) 0
DPTR FM NORMAL -513
[CDD (BASE 65) ]
TOTAL THIS MO. 758
DPTR FM NORMAL 124 [PRESSURE DATA]
TOTAL FM JAN 1 1426 HIGHEST SLP M ON M
DPTR FM NORMAL 310 LOWEST SLP 29.50 ON 13
[REMARKS]
#FINAL-06-22#