000
CXUS55 KVEF 010910
CF6VGT
PRELIMINARY LOCAL CLIMATOLOGICAL DATA (WS FORM: F-6)
STATION: NORTH_LAS_VEGAS NV
MONTH: NOVEMBER
YEAR: 2020
LATITUDE: 36 12 N
LONGITUDE: 115 12 W
TEMPERATURE IN F: :PCPN: SNOW: WIND :SUNSHINE: SKY :PK WND
================================================================================
1 2 3 4 5 6A 6B 7 8 9 10 11 12 13 14 15 16 17 18
12Z AVG MX 2MIN
DY MAX MIN AVG DEP HDD CDD WTR SNW DPTH SPD SPD DIR MIN PSBL S-S WX SPD DR
================================================================================
1 86 59 73 11 0 8 0.00 M M 3.9 12 90 M M 0 14 110
2 87 62 75 13 0 10 0.00 M M 4.1 9 110 M M 3 3 13 120
3 87 61 74 12 0 9 0.00 M M 5.2 12 280 M M 0 15 310
4 87 62 75 14 0 10 0.00 M M 4.6 15 320 M M 0 17 320
5 88 60 74 13 0 9 0.00 M M 3.6 13 320 M M 0 15 320
6 88 61 75 15 0 10 0.00 M M 8.2 22 160 M M 0 28 200
7 72 48 60 0 5 0 T M M 15.1 31 240 M M 2 38 240
8 57 47 52 -8 13 0 T M M 14.0 28 240 M M 4 37 250
9 58 42 50 -9 15 0 0.00 M M 9.5 21 310 M M 2 27 310
10 58 40 49 -10 16 0 0.00 M M 4.6 20 350 M M 0 24 350
11 61 40 51 -7 14 0 0.00 M M 2.3 7 40 M M 0 9 110
12 66 47 57 -1 8 0 0.00 M M 3.7 12 130 M M 0 15 140
13 68 42 55 -3 10 0 0.00 M M 7.4 21 200 M M 0 27 190
14 70 50 60 3 5 0 0.00 M M 8.6 22 300 M M 0 27 310
15 70 44 57 0 8 0 0.00 M M 3.1 9 300 M M 0 10 310
16 75 45 60 4 5 0 0.00 M M 4.6 8 300 M M 0 9 300
17 79 48 64 8 1 0 0.00 M M 3.1 9 130 M M 0 14 80
18 81 56 69 14 0 4 0.00 M M 12.9 31 150 M M 0 36 150
19 73 53 63 8 2 0 0.00 M M 5.9 16 200 M M 0 20 200
20 70 51 61 7 4 0 0.00 M M 2.3 12 330 M M 0 12 330
21 71 49 60 6 5 0 0.00 M M 4.4 15 310 M M 0 17 310
22 70 48 59 5 6 0 0.00 M M 4.8 13 330 M M 0 17 330
23 66 44 55 2 10 0 0.00 M M 7.9 24 310 M M 0 32 320
24 64 44 54 1 11 0 0.00 M M 8.5 23 310 M M 0 29 300
25 62 39 51 -1 14 0 0.00 M M 4.9 14 330 M M 0 18 330
26 59 48 54 2 11 0 0.00 M M 16.7 27 330 M M 1 38 320
27 61 40 51 0 14 0 0.00 M M 12.8 25 330 M M 0 34 330
28 60 35 48 -3 17 0 0.00 M M 3.5 8 310 M M 0 9 320
29 66 37 52 1 13 0 0.00 M M 3.5 9 280 M M 0 10 290
30 66 39 53 3 12 0 0.00 M M 3.4 9 310 M M 0 12 320
================================================================================
SM 2126 1441 219 60 T M 197.1 M 12
================================================================================
AV 70.9 48.0 6.6 FASTST M M 0 MAX(MPH)
MISC ----> # 31 240 # 38 240
================================================================================
NOTES:
# LAST OF SEVERAL OCCURRENCES
COLUMN 17 PEAK WIND IN M.P.H.
PRELIMINARY LOCAL CLIMATOLOGICAL DATA (WS FORM: F-6) , PAGE 2
STATION: NORTH_LAS_VEGAS NV
MONTH: NOVEMBER
YEAR: 2020
LATITUDE: 36 12 N
LONGITUDE: 115 12 W
[TEMPERATURE DATA] [PRECIPITATION DATA] SYMBOLS USED IN COLUMN 16
AVERAGE MONTHLY: 59.5 TOTAL FOR MONTH: T 1 = FOG OR MIST
DPTR FM NORMAL: 3.2 DPTR FM NORMAL: -0.43 2 = FOG REDUCING VISIBILITY
HIGHEST: 88 ON 6, 5 GRTST 24HR T ON 7- 7 TO 1/4 MILE OR LESS
LOWEST: 35 ON 28 3 = THUNDER
SNOW, ICE PELLETS, HAIL 4 = ICE PELLETS
TOTAL MONTH: M 5 = HAIL
GRTST 24HR M ON M 6 = FREEZING RAIN OR DRIZZLE
GRTST DEPTH: M ON M 7 = DUSTSTORM OR SANDSTORM:
VSBY 1/2 MILE OR LESS
8 = SMOKE OR HAZE
[NO. OF DAYS WITH] [WEATHER - DAYS WITH] 9 = BLOWING SNOW
X = TORNADO
MAX 32 OR BELOW: 0 0.01 INCH OR MORE: 0
MAX 90 OR ABOVE: 0 0.10 INCH OR MORE: 0
MIN 32 OR BELOW: 0 0.50 INCH OR MORE: 0
MIN 0 OR BELOW: 0 1.00 INCH OR MORE: 0
[HDD (BASE 65) ]
TOTAL THIS MO. 219 CLEAR (SCALE 0-3) 29
DPTR FM NORMAL -50 PTCLDY (SCALE 4-7) 1
TOTAL FM JUL 1 240 CLOUDY (SCALE 8-10) 0
DPTR FM NORMAL -73
[CDD (BASE 65) ]
TOTAL THIS MO. 60
DPTR FM NORMAL 50 [PRESSURE DATA]
TOTAL FM JAN 1 4313 HIGHEST SLP M ON M
DPTR FM NORMAL 1019 LOWEST SLP 29.39 ON 7
[REMARKS]
#FINAL-11-20#