000
CXUS55 KVEF 011010
CF6VGT
PRELIMINARY LOCAL CLIMATOLOGICAL DATA (WS FORM: F-6)
STATION: NORTH_LAS_VEGAS NV
MONTH: OCTOBER
YEAR: 2020
LATITUDE: 36 12 N
LONGITUDE: 115 12 W
TEMPERATURE IN F: :PCPN: SNOW: WIND :SUNSHINE: SKY :PK WND
================================================================================
1 2 3 4 5 6A 6B 7 8 9 10 11 12 13 14 15 16 17 18
12Z AVG MX 2MIN
DY MAX MIN AVG DEP HDD CDD WTR SNW DPTH SPD SPD DIR MIN PSBL S-S WX SPD DR
================================================================================
1 102 69 86 11 0 21 0.00 M M 3.2 10 310 M M 0 13 80
2 99 68 84 10 0 19 0.00 M M 4.6 14 320 M M 0 8 15 320
3 100 66 83 9 0 18 0.00 M M 5.0 10 280 M M 0 11 290
4 99 65 82 8 0 17 0.00 M M 4.1 10 280 M M 0 11 120
5 98 66 82 9 0 17 0.00 M M 3.9 12 280 M M 0 13 280
6 98 64 81 8 0 16 0.00 M M 3.3 13 310 M M 0 13 300
7 96 66 81 9 0 16 0.00 M M 4.8 13 130 M M 0 16 130
8 96 67 82 10 0 17 0.00 M M 6.3 15 190 M M 0 19 190
9 92 64 78 7 0 13 0.00 M M 5.5 15 170 M M 0 19 150
10 91 62 77 6 0 12 0.00 M M 9.1 20 200 M M 0 25 200
11 91 67 79 9 0 14 0.00 M M 8.2 21 320 M M 0 25 310
12 92 65 79 9 0 14 0.00 M M 4.0 12 330 M M 0 13 330
13 93 63 78 8 0 13 0.00 M M 4.2 10 310 M M 0 13 340
14 97 64 81 12 0 16 0.00 M M 6.5 14 310 M M 0 18 300
15 93 69 81 12 0 16 0.00 M M 8.8 17 50 M M 0 25 50
16 88 67 78 10 0 13 0.00 M M 9.6 23 340 M M 0 28 340
17 91 64 78 10 0 13 0.00 M M 5.6 17 320 M M 0 23 310
18 92 62 77 9 0 12 0.00 M M 3.9 13 300 M M 0 13 290
19 91 65 78 11 0 13 0.00 M M 3.7 13 330 M M 0 16 320
20 90 64 77 10 0 12 0.00 M M 4.1 12 340 M M 0 17 340
21 90 61 76 9 0 11 0.00 M M 3.4 10 340 M M 0 12 340
22 89 59 74 8 0 9 0.00 M M 4.5 12 320 M M 0 14 320
23 79 59 69 3 0 4 0.00 M M 4.0 12 110 M M 0 15 120
24 83 57 70 5 0 5 0.00 M M 5.2 16 160 M M 0 21 160
25 81 49 65 0 0 0 0.00 M M 18.1 38 320 M M 1 49 330
26 62 42 52 -13 13 0 0.00 M M 13.7 32 330 M M 0 43 320
27 71 44 58 -6 7 0 0.00 M M 10.7 21 320 M M 0 27 330
28 78 49 64 0 1 0 0.00 M M 4.8 10 140 M M 0 15 140
29 80 51 66 2 0 1 0.00 M M 4.2 10 320 M M 0 15 320
30 81 52 67 4 0 2 0.00 M M 4.2 9 280 M M 0 11 320
31 83 52 68 5 0 3 0.00 M M 3.0 10 320 M M 0 11 310
================================================================================
SM 2766 1882 21 337 0.00 M 184.2 M 1
================================================================================
AV 89.2 60.7 5.9 FASTST M M 0 MAX(MPH)
MISC ----> 38 320 49 330
================================================================================
NOTES:
# LAST OF SEVERAL OCCURRENCES
COLUMN 17 PEAK WIND IN M.P.H.
PRELIMINARY LOCAL CLIMATOLOGICAL DATA (WS FORM: F-6) , PAGE 2
STATION: NORTH_LAS_VEGAS NV
MONTH: OCTOBER
YEAR: 2020
LATITUDE: 36 12 N
LONGITUDE: 115 12 W
[TEMPERATURE DATA] [PRECIPITATION DATA] SYMBOLS USED IN COLUMN 16
AVERAGE MONTHLY: 75.0 TOTAL FOR MONTH: 0.00 1 = FOG OR MIST
DPTR FM NORMAL: 6.4 DPTR FM NORMAL: -0.41 2 = FOG REDUCING VISIBILITY
HIGHEST: 102 ON 1 GRTST 24HR T ON 25-25 TO 1/4 MILE OR LESS
LOWEST: 42 ON 26 3 = THUNDER
SNOW, ICE PELLETS, HAIL 4 = ICE PELLETS
TOTAL MONTH: M 5 = HAIL
GRTST 24HR M ON M 6 = FREEZING RAIN OR DRIZZLE
GRTST DEPTH: 0 7 = DUSTSTORM OR SANDSTORM:
VSBY 1/2 MILE OR LESS
8 = SMOKE OR HAZE
[NO. OF DAYS WITH] [WEATHER - DAYS WITH] 9 = BLOWING SNOW
X = TORNADO
MAX 32 OR BELOW: 0 0.01 INCH OR MORE: 0
MAX 90 OR ABOVE: 20 0.10 INCH OR MORE: 0
MIN 32 OR BELOW: 0 0.50 INCH OR MORE: 0
MIN 0 OR BELOW: 0 1.00 INCH OR MORE: 0
[HDD (BASE 65) ]
TOTAL THIS MO. 21 CLEAR (SCALE 0-3) 31
DPTR FM NORMAL -22 PTCLDY (SCALE 4-7) 0
TOTAL FM JUL 1 21 CLOUDY (SCALE 8-10) 0
DPTR FM NORMAL -20
[CDD (BASE 65) ]
TOTAL THIS MO. 337
DPTR FM NORMAL 183 [PRESSURE DATA]
TOTAL FM JAN 1 4253 HIGHEST SLP M ON M
DPTR FM NORMAL 969 LOWEST SLP 29.55 ON 25
[REMARKS]
#FINAL-10-20#