867
CXUS55 KVEF 010940
CF6VGT
PRELIMINARY LOCAL CLIMATOLOGICAL DATA (WS FORM: F-6)
STATION: NORTH_LAS_VEGAS NV
MONTH: APRIL
YEAR: 2020
LATITUDE: 36 12 N
LONGITUDE: 115 12 W
TEMPERATURE IN F: :PCPN: SNOW: WIND :SUNSHINE: SKY :PK WND
================================================================================
1 2 3 4 5 6A 6B 7 8 9 10 11 12 13 14 15 16 17 18
12Z AVG MX 2MIN
DY MAX MIN AVG DEP HDD CDD WTR SNW DPTH SPD SPD DIR MIN PSBL S-S WX SPD DR
================================================================================
1 83 53 68 6 0 3 0.00 0.0 0 10.1 24 250 M M 0 31 210
2 71 54 63 0 2 0 0.00 M M 12.5 30 310 M M 1 38 320
3 73 50 62 -1 3 0 0.00 M M 4.7 12 130 M M 0 15 130
4 78 49 64 1 1 0 0.00 M M 8.5 23 190 M M 0 30 200
5 75 58 67 3 0 2 0.00 M M 16.7 29 150 M M 1 35 180
6 68 54 61 -3 4 0 T M M 11.4 21 330 M M 6 24 330
7 64 53 59 -5 6 0 T M M 12.7 25 320 M M 4 30 330
8 72 49 61 -3 4 0 T M M 9.5 33 200 M M 2 3 41 200
9 62 47 55 -9 10 0 0.00 M M 8.6 18 320 M M 4 22 120
10 62 53 58 -7 7 0 T M M 6.6 17 320 M M 8 22 320
11 77 53 65 0 0 0 0.00 M M 7.5 17 240 M M 0 22 160
12 75 56 66 1 0 1 T M 0 5.8 18 180 M M 3 3 23 180
13 76 55 66 0 0 1 0.00 0.0 0 10.4 28 340 M M 0 37 300
14 70 52 61 -5 4 0 0.00 0.0 0 6.8 17 70 M M 0 21 110
15 79 49 64 -2 1 0 0.00 M M 5.6 16 150 M M 0 21 150
16 80 55 68 2 0 3 0.00 M M 5.7 16 80 M M 0 20 80
17 77 60 69 2 0 4 T 0.0 0 7.4 25 140 M M 1 35 150
18 73 57 65 -2 0 0 T 0.0 0 5.9 23 280 M M 1 27 280
19 82 54 68 1 0 3 0.00 M M 8.2 23 210 M M 0 29 210
20 78 57 68 0 0 3 T 0.0 0 4.9 26 270 M M 2 3 34 250
21 81 60 71 3 0 6 T M M 7.1 26 40 M M 4 32 50
22 89 62 76 8 0 11 0.00 M M 9.5 22 320 M M 0 30 300
23 90 69 80 11 0 15 0.00 0.0 0 15.2 30 320 M M 0 39 310
24 88 69 79 10 0 14 0.00 0.0 0 7.4 21 350 M M 0 25 350
25 92 66 79 10 0 14 0.00 M M 4.5 12 180 M M 0 18 180
26 94 70 82 12 0 17 0.00 M M 5.5 15 240 M M 0 18 250
27 94 64 79 9 0 14 0.00 M M 5.9 14 330 M M 0 20 330
28 96 73 85 15 0 20 0.00 M M 6.1 18 340 M M 0 23 340
29 100 71 86 15 0 21 0.00 0.0 0 5.7 16 130 M M 0 21 120
30 99 77 88 17 0 23 0.00 0.0 0 10.9 24 170 M M 0 29 170
================================================================================
SM 2398 1749 42 175 T 0.0 247.3 M 37
================================================================================
AV 79.9 58.3 8.2 FASTST M M 1 MAX(MPH)
MISC ----> # 33 200 # 41 200
================================================================================
NOTES:
# LAST OF SEVERAL OCCURRENCES
COLUMN 17 PEAK WIND IN M.P.H.
PRELIMINARY LOCAL CLIMATOLOGICAL DATA (WS FORM: F-6) , PAGE 2
STATION: NORTH_LAS_VEGAS NV
MONTH: APRIL
YEAR: 2020
LATITUDE: 36 12 N
LONGITUDE: 115 12 W
[TEMPERATURE DATA] [PRECIPITATION DATA] SYMBOLS USED IN COLUMN 16
AVERAGE MONTHLY: 69.1 TOTAL FOR MONTH: T 1 = FOG OR MIST
DPTR FM NORMAL: 2.7 DPTR FM NORMAL: -0.31 2 = FOG REDUCING VISIBILITY
HIGHEST: 100 ON 29 GRTST 24HR T ON 21-21 TO 1/4 MILE OR LESS
LOWEST: 47 ON 9 3 = THUNDER
SNOW, ICE PELLETS, HAIL 4 = ICE PELLETS
TOTAL MONTH: 0.0 INCH 5 = HAIL
GRTST 24HR 0.0 6 = FREEZING RAIN OR DRIZZLE
GRTST DEPTH: 0 7 = DUSTSTORM OR SANDSTORM:
VSBY 1/2 MILE OR LESS
8 = SMOKE OR HAZE
[NO. OF DAYS WITH] [WEATHER - DAYS WITH] 9 = BLOWING SNOW
X = TORNADO
MAX 32 OR BELOW: 0 0.01 INCH OR MORE: 0
MAX 90 OR ABOVE: 7 0.10 INCH OR MORE: 0
MIN 32 OR BELOW: 0 0.50 INCH OR MORE: 0
MIN 0 OR BELOW: 0 1.00 INCH OR MORE: 0
[HDD (BASE 65) ]
TOTAL THIS MO. 42 CLEAR (SCALE 0-3) 24
DPTR FM NORMAL -20 PTCLDY (SCALE 4-7) 6
TOTAL FM JUL 1 1802 CLOUDY (SCALE 8-10) 0
DPTR FM NORMAL -236
[CDD (BASE 65) ]
TOTAL THIS MO. 175
DPTR FM NORMAL 70 [PRESSURE DATA]
TOTAL FM JAN 1 175 HIGHEST SLP M ON M
DPTR FM NORMAL 48 LOWEST SLP 29.48 ON 5
[REMARKS]
#FINAL-04-20#