000
CXUS55 KVEF 010910
CF6VGT
PRELIMINARY LOCAL CLIMATOLOGICAL DATA (WS FORM: F-6)
STATION: NORTH_LAS_VEGAS NV
MONTH: SEPTEMBER
YEAR: 2023
LATITUDE: 36 12 N
LONGITUDE: 115 12 W
TEMPERATURE IN F: :PCPN: SNOW: WIND :SUNSHINE: SKY :PK WND
================================================================================
1 2 3 4 5 6A 6B 7 8 9 10 11 12 13 14 15 16 17 18
12Z AVG MX 2MIN
DY MAX MIN AVG DEP HDD CDD WTR SNW DPTH SPD SPD DIR MIN PSBL S-S WX SPD DR
================================================================================
1 91 64 78 -9 0 13 1.52 M M 9.4 35 300 M M 6 138 43 300
2 82 71 77 -10 0 12 0.08 M M 5.0 18 130 M M 6 13 23 120
3 95 71 83 -4 0 18 T M M 8.7 23 210 M M 1 3 30 250
4 91 70 81 -5 0 16 0.00 M M 8.5 24 310 M M 0 30 310
5 93 71 82 -4 0 17 0.00 M M 5.0 14 80 M M 0 19 140
6 97 71 84 -2 0 19 0.00 M M 5.2 17 160 M M 0 23 150
7 99 71 85 -1 0 20 0.00 M M 6.3 15 130 M M 0 21 140
8 103 74 89 4 0 24 0.00 M M 5.1 15 210 M M 0 23 120
9 104 79 92 7 0 27 0.00 M M 3.9 15 330 M M 0 22 340
10 90 77 84 -1 0 19 0.00 M M 8.3 23 330 M M 2 33 310
11 95 73 84 0 0 19 0.00 M M 3.5 13 190 M M 0 17 170
12 95 81 88 4 0 23 0.00 M M 7.6 18 190 M M 1 3 24 170
13 93 76 85 1 0 20 0.00 M M 6.3 22 70 M M 0 3 28 70
14 90 74 82 -1 0 17 0.00 M M 3.5 25 60 M M 1 33 50
15 95 71 83 0 0 18 0.00 M M 6.0 20 90 M M 0 24 90
16 96 72 84 2 0 19 0.00 M M 4.2 16 60 M M 0 22 50
17 99 74 87 5 0 22 0.00 M M 4.4 13 120 M M 0 17 130
18 96 71 84 2 0 19 0.00 M M 6.4 17 160 M M 0 26 180
19 94 71 83 2 0 18 0.00 M M 5.8 15 110 M M 0 21 110
20 91 68 80 -1 0 15 0.02 M M 6.7 30 140 M M 0 3 38 150
21 88 64 76 -4 0 11 0.00 M M 11.1 25 220 M M 0 36 200
22 88 65 77 -3 0 12 0.00 M M 6.8 18 200 M M 0 24 200
23 84 70 77 -2 0 12 T M M 6.4 15 80 M M 1 20 70
24 90 64 77 -2 0 12 0.00 M M 4.5 12 90 M M 0 15 110
25 93 66 80 2 0 15 0.00 M M 4.8 13 150 M M 0 19 160
26 95 68 82 4 0 17 0.00 M M 3.8 10 140 M M 0 14 160
27 95 68 82 4 0 17 0.00 M M 5.0 15 130 M M 0 21 120
28 96 66 81 4 0 16 0.00 M M 6.6 18 220 M M 0 25 190
29 96 66 81 4 0 16 0.00 M M 9.2 23 180 M M 0 31 170
30 77 65 71 -5 0 6 0.00 M M 12.7 23 190 M M 0 28 180
================================================================================
SM 2791 2112 0 509 1.62 M 190.7 M 18
================================================================================
AV 93.0 70.4 6.4 FASTST M M 1 MAX(MPH)
MISC ----> 35 300 43 300
================================================================================
NOTES:
# LAST OF SEVERAL OCCURRENCES
COLUMN 17 PEAK WIND IN M.P.H.
PRELIMINARY LOCAL CLIMATOLOGICAL DATA (WS FORM: F-6) , PAGE 2
STATION: NORTH_LAS_VEGAS NV
MONTH: SEPTEMBER
YEAR: 2023
LATITUDE: 36 12 N
LONGITUDE: 115 12 W
[TEMPERATURE DATA] [PRECIPITATION DATA] SYMBOLS USED IN COLUMN 16
AVERAGE MONTHLY: 81.7 TOTAL FOR MONTH: 1.62 1 = FOG OR MIST
DPTR FM NORMAL: -0.5 DPTR FM NORMAL: 1.38 2 = FOG REDUCING VISIBILITY
HIGHEST: 104 ON 9 GRTST 24HR 1.52 ON 1- 1 TO 1/4 MILE OR LESS
LOWEST: 64 ON 24,21 3 = THUNDER
SNOW, ICE PELLETS, HAIL 4 = ICE PELLETS
TOTAL MONTH: M 5 = HAIL
GRTST 24HR M ON M 6 = FREEZING RAIN OR DRIZZLE
GRTST DEPTH: M ON M 7 = DUSTSTORM OR SANDSTORM:
VSBY 1/2 MILE OR LESS
8 = SMOKE OR HAZE
[NO. OF DAYS WITH] [WEATHER - DAYS WITH] 9 = BLOWING SNOW
X = TORNADO
MAX 32 OR BELOW: 0 0.01 INCH OR MORE: 3
MAX 90 OR ABOVE: 25 0.10 INCH OR MORE: 1
MIN 32 OR BELOW: 0 0.50 INCH OR MORE: 1
MIN 0 OR BELOW: 0 1.00 INCH OR MORE: 1
[HDD (BASE 65) ]
TOTAL THIS MO. 0 CLEAR (SCALE 0-3) 28
DPTR FM NORMAL -1 PTCLDY (SCALE 4-7) 2
TOTAL FM JUL 1 0 CLOUDY (SCALE 8-10) 0
DPTR FM NORMAL 0
[CDD (BASE 65) ]
TOTAL THIS MO. 509
DPTR FM NORMAL -8 [PRESSURE DATA]
TOTAL FM JAN 1 3494 HIGHEST SLP M ON M
DPTR FM NORMAL 261 LOWEST SLP 29.60 ON 30
[REMARKS]
#FINAL-09-23#