000
CXUS53 KSGF 192000
CF6VIH
PRELIMINARY LOCAL CLIMATOLOGICAL DATA (WS FORM: F-6)
STATION: VICHY-ROLLA MO
MONTH: MAY
YEAR: 2023
LATITUDE: 38 7 N
LONGITUDE: 91 46 W
TEMPERATURE IN F: :PCPN: SNOW: WIND :SUNSHINE: SKY :PK WND
================================================================================
1 2 3 4 5 6A 6B 7 8 9 10 11 12 13 14 15 16 17 18
12Z AVG MX 2MIN
DY MAX MIN AVG DEP HDD CDD WTR SNW DPTH SPD SPD DIR MIN PSBL S-S WX SPD DR
================================================================================
1 62 41 52 -8 13 0 0.00 M M 15.5 29 300 M M 1 43 280
2 64 40 52 -9 13 0 0.00 M M 12.9 25 290 M M 0 37 260
3 69 38 54 -7 11 0 0.00 M M 4.5 13 330 M M 0 17 350
4 72 38 55 -6 10 0 0.00 M M 8.2 16 220 M M 1 22 210
5 69 54 62 0 3 0 T M M 12.8 24 170 M M 8 32 160
6 81 59 70 8 0 5 0.00 M M 14.0 23 200 M M 7 32 180
7 91 69 80 18 0 15 0.00 M M 10.8 23 180 M M 1 1 35 190
8 85 60 73 11 0 8 0.47 M M 10.2 37 240 M M 5 13 54 240
9 77 58 68 5 0 3 T M M 8.5 15 150 M M 3 18 21 150
10 83 62 73 10 0 8 0.02 M M 9.7 18 180 M M 1 3 24 170
11 76 63 70 7 0 5 0.04 M M 9.3 17 110 M M 7 26 130
12 84 64 74 10 0 9 0.02 M M 8.5 16 200 M M 4 1 24 210
13 90 67 79 15 0 14 T M M 8.9 16 200 M M 2 1 22 90
14 87 63 75 11 0 10 0.05 M M 5.2 22 200 M M 2 3 30 210
15 71 65 68 4 0 3 0.23 M M 7.4 14 60 M M 10 1 18 50
16 66 55 61 -4 4 0 T M M 6.6 12 10 M M 9 12 16 340
17 80 55 68 3 0 3 0.00 M M 4.6 10 20 M M 3 12 14 340
18 80 51 66 1 0 1 0.00 M M 5.7 13 190 M M 0 19 170
19 78 55 67 1 0 2 0.14 M M 8.6 18 330 M M 5 1 28 330
20 71 47 59 -7 6 0 0.00 M M 5.9 16 10 M M 1 1 21 20
21 76 46 61 -5 4 0 0.00 M M 3.7 10 110 M M 0 16 110
22 80 53 67 1 0 2 0.00 M M 7.5 13 110 M M 0 17 100
23 83 51 67 0 0 2 0.00 M M 5.2 14 150 M M 2 3 20 120
24 86 59 73 6 0 8 0.00 M M 5.4 14 80 M M 3 21 140
25 84 57 71 4 0 6 0.00 M M 6.9 15 70 M M 2 22 60
26 77 50 64 -4 1 0 0.00 M M 6.6 14 60 M M 0 21 70
27 80 46 63 -5 2 0 0.00 M M 3.7 14 110 M M 1 20 80
28 82 51 67 -1 0 2 0.00 M M 3.5 12 50 M M 1 17 60
29 85 55 70 2 0 5 0.00 M M 6.9 13 230 M M 0 16 220
30 87 57 72 3 0 7 0.00 M M 6.6 13 120 M M 0 18 140
31 88 61 75 6 0 10 0.00 M M 6.5 15 190 M M 1 3 22 260
================================================================================
SM 2444 1690 67 128 0.97 M 240.3 M 80
================================================================================
AV 78.8 54.5 7.8 FASTST M M 3 MAX(MPH)
MISC ----> 37 240 54 240
================================================================================
NOTES:
# LAST OF SEVERAL OCCURRENCES
COLUMN 17 PEAK WIND IN M.P.H.
PRELIMINARY LOCAL CLIMATOLOGICAL DATA (WS FORM: F-6) , PAGE 2
STATION: VICHY-ROLLA MO
MONTH: MAY
YEAR: 2023
LATITUDE: 38 7 N
LONGITUDE: 91 46 W
[TEMPERATURE DATA] [PRECIPITATION DATA] SYMBOLS USED IN COLUMN 16
AVERAGE MONTHLY: 66.7 TOTAL FOR MONTH: 0.97 1 = FOG OR MIST
DPTR FM NORMAL: 2.0 DPTR FM NORMAL: -4.38 2 = FOG REDUCING VISIBILITY
HIGHEST: 91 ON 7 GRTST 24HR 0.47 ON 8- 8 TO 1/4 MILE OR LESS
LOWEST: 38 ON 4, 3 3 = THUNDER
SNOW, ICE PELLETS, HAIL 4 = ICE PELLETS
TOTAL MONTH: M 5 = HAIL
GRTST 24HR M ON M 6 = FREEZING RAIN OR DRIZZLE
GRTST DEPTH: M ON M 7 = DUSTSTORM OR SANDSTORM:
VSBY 1/2 MILE OR LESS
8 = SMOKE OR HAZE
[NO. OF DAYS WITH] [WEATHER - DAYS WITH] 9 = BLOWING SNOW
X = TORNADO
MAX 32 OR BELOW: 0 0.01 INCH OR MORE: 7
MAX 90 OR ABOVE: 2 0.10 INCH OR MORE: 3
MIN 32 OR BELOW: 0 0.50 INCH OR MORE: 0
MIN 0 OR BELOW: 0 1.00 INCH OR MORE: 0
[HDD (BASE 65) ]
TOTAL THIS MO. 67 CLEAR (SCALE 0-3) 20
DPTR FM NORMAL -40 PTCLDY (SCALE 4-7) 9
TOTAL FM JUL 1 4107 CLOUDY (SCALE 8-10) 2
DPTR FM NORMAL -605
[CDD (BASE 65) ]
TOTAL THIS MO. 128
DPTR FM NORMAL 32 [PRESSURE DATA]
TOTAL FM JAN 1 146 HIGHEST SLP 30.24 ON 26
DPTR FM NORMAL 21 LOWEST SLP 29.72 ON 1
[REMARKS]
#FINAL-05-23#