000
CXUS52 KTAE 010800
CF6VLD
PRELIMINARY LOCAL CLIMATOLOGICAL DATA (WS FORM: F-6)
STATION: VALDOSTA
MONTH: MAY
YEAR: 2023
LATITUDE: 30 46 N
LONGITUDE: 83 17 W
TEMPERATURE IN F: :PCPN: SNOW: WIND :SUNSHINE: SKY :PK WND
================================================================================
1 2 3 4 5 6A 6B 7 8 9 10 11 12 13 14 15 16 17 18
12Z AVG MX 2MIN
DY MAX MIN AVG DEP HDD CDD WTR SNW DPTH SPD SPD DIR MIN PSBL S-S WX SPD DR
================================================================================
1 83 52 68 -2 0 3 0.01 0.0 0 5.2 25 240 M M 2 25 240
2 83 53 68 -2 0 3 0.00 0.0 M 1.5 9 250 M M 0 18 250
3 81 50 66 -4 0 1 0.00 0.0 M 1.5 9 320 M M 0 17 270
4 82 47 65 -6 0 0 0.00 0.0 M 1.3 10 350 M M 0 14 340
5 82 53 68 -3 0 3 0.00 0.0 M 3.5 10 180 M M 2 14 130
6 83 66 75 4 0 10 T 0.0 M 6.1 13 80 M M 6 18 80
7 85 58 72 1 0 7 0.00 0.0 0 3.5 12 160 M M 2 15 150
8 89 60 75 3 0 10 0.00 0.0 0 3.0 9 190 M M 1 14 200
9 90 69 80 8 0 15 0.00 0.0 0 1.1 7 220 M M 1 1 11 210
10 92 67 80 8 0 15 0.44 0.0 0 3.9 21 160 M M 1 138 29 150
11 88 70 79 7 0 14 0.00 0.0 0 4.7 12 90 M M 5 1 16 130
12 89 67 78 6 0 13 0.69 0.0 0 6.0 14 20 M M 5 13 20 310
13 86 65 76 3 0 11 0.00 0.0 0 2.7 13 20 M M 3 12 14 20
14 92 66 79 6 0 14 0.00 0.0 0 1.6 9 30 M M 2 1 13 40
15 89 70 80 7 0 15 0.52 0.0 0 4.3 15 50 M M 3 13 23 60
16 90 68 79 6 0 14 0.01 0.0 0 2.4 12 180 M M 4 123 14 200
17 87 67 77 3 0 12 0.30 0.0 M 1.2 8 180 M M 4 123 16 290
18 86 68 77 3 0 12 0.25 M M 2.2 15 160 M M 6 123 18 160
19 84 68 76 2 0 11 0.00 M M 5.3 15 10 M M 6 1 20 360
20 86 64 75 1 0 10 0.00 M M 1.9 10 10 M M 4 1 14 10
21 89 67 78 4 0 13 0.01 0.0 0 1.9 13 120 M M 2 138 18 110
22 79 71 75 0 0 10 0.12 0.0 0 4.7 18 10 M M 8 13 22 20
23 82 69 76 1 0 11 T 0.0 M 6.4 15 60 M M 9 21 70
24 81 66 74 -1 0 9 0.17 0.0 M 5.7 13 40 M M 7 18 18 40
25 84 60 72 -3 0 7 0.00 0.0 M 6.9 17 10 M M 0 1 21 360
26 78 64 71 -5 0 6 T 0.0 M 10.1 20 30 M M 8 27 30
27 81 56 69 -7 0 4 0.00 0.0 M 11.4 22 360 M M 2 27 10
28 82 53 68 -8 0 3 0.00 0.0 M 2.1 12 10 M M 3 17 360
29 89 59 74 -2 0 9 0.00 M M 1.5 8 300 M M 1 1 14 280
30 90 60 75 -1 0 10 0.00 0.0 0 1.9 12 30 M M 1 1 14 30
31 86 70 78 1 0 13 0.20 0.0 0 5.6 17 90 M M 5 13 24 100
================================================================================
SM 2648 1943 0 288 2.72 0.0 121.1 M 103
================================================================================
AV 85.4 62.7 3.9 FASTST M M 3 MAX(MPH)
MISC ----> 25 240 29 150
================================================================================
NOTES:
# LAST OF SEVERAL OCCURRENCES
COLUMN 17 PEAK WIND IN M.P.H.
PRELIMINARY LOCAL CLIMATOLOGICAL DATA (WS FORM: F-6) , PAGE 2
STATION: VALDOSTA
MONTH: MAY
YEAR: 2023
LATITUDE: 30 46 N
LONGITUDE: 83 17 W
[TEMPERATURE DATA] [PRECIPITATION DATA] SYMBOLS USED IN COLUMN 16
AVERAGE MONTHLY: 74.0 TOTAL FOR MONTH: 2.72 1 = FOG OR MIST
DPTR FM NORMAL: 0.6 DPTR FM NORMAL: -0.12 2 = FOG REDUCING VISIBILITY
HIGHEST: 92 ON 14,10 GRTST 24HR 0.69 ON 12-12 TO 1/4 MILE OR LESS
LOWEST: 47 ON 4 3 = THUNDER
SNOW, ICE PELLETS, HAIL 4 = ICE PELLETS
TOTAL MONTH: 0.0 INCH 5 = HAIL
GRTST 24HR 0.0 6 = FREEZING RAIN OR DRIZZLE
GRTST DEPTH: 0 7 = DUSTSTORM OR SANDSTORM:
VSBY 1/2 MILE OR LESS
8 = SMOKE OR HAZE
[NO. OF DAYS WITH] [WEATHER - DAYS WITH] 9 = BLOWING SNOW
X = TORNADO
MAX 32 OR BELOW: 0 0.01 INCH OR MORE: 11
MAX 90 OR ABOVE: 5 0.10 INCH OR MORE: 8
MIN 32 OR BELOW: 0 0.50 INCH OR MORE: 2
MIN 0 OR BELOW: 0 1.00 INCH OR MORE: 0
[HDD (BASE 65) ]
TOTAL THIS MO. 0 CLEAR (SCALE 0-3) 17
DPTR FM NORMAL -7 PTCLDY (SCALE 4-7) 13
TOTAL FM JUL 1 1009 CLOUDY (SCALE 8-10) 1
DPTR FM NORMAL -635
[CDD (BASE 65) ]
TOTAL THIS MO. 288
DPTR FM NORMAL 22 [PRESSURE DATA]
TOTAL FM JAN 1 701 HIGHEST SLP 30.23 ON 7
DPTR FM NORMAL 282 LOWEST SLP 29.73 ON 1
[REMARKS]
#FINAL-05-23#