000
CXUS56 KLOX 011155
CF6VNY
PRELIMINARY LOCAL CLIMATOLOGICAL DATA (WS FORM: F-6)
STATION: VAN NUYS AIRPORT CA
MONTH: JUNE
YEAR: 2023
LATITUDE: 34 13 N
LONGITUDE: 118 29 W
TEMPERATURE IN F: :PCPN: SNOW: WIND :SUNSHINE: SKY :PK WND
================================================================================
1 2 3 4 5 6A 6B 7 8 9 10 11 12 13 14 15 16 17 18
12Z AVG MX 2MIN
DY MAX MIN AVG DEP HDD CDD WTR SNW DPTH SPD SPD DIR MIN PSBL S-S WX SPD DR
================================================================================
1 67 60 64 -5 1 0 0.00 M M 4.2 12 160 M M 10 13 180
2 78 60 69 0 0 4 0.00 M M 4.5 15 130 M M 5 19 130
3 80 56 68 -2 0 3 0.00 M M 5.0 14 140 M M 0 21 150
4 81 59 70 0 0 5 0.00 M M 5.5 16 150 M M 7 8 20 150
5 65 59 62 -8 3 0 0.00 M M 6.0 12 140 M M 10 8 15 140
6 71 59 65 -5 0 0 0.02 M M 5.6 15 150 M M 10 19 160
7 71 58 65 -5 0 0 0.00 M M 2.6 9 180 M M 8 13 150
8 77 54 66 -4 0 1 0.00 M M 4.8 15 160 M M 1 21 130
9 73 59 66 -4 0 1 0.00 M M 4.1 13 170 M M M 8 16 150
10 74 60 67 -4 0 2 T M M 4.8 15 160 M M 9 18 160
11 67 60 64 -7 1 0 0.00 M M 5.4 12 170 M M 10 15 170
12 71 60 66 -5 0 1 0.00 M M 3.8 13 150 M M 9 16 160
13 77 59 68 -3 0 3 0.00 M M 4.7 15 150 M M 5 20 140
14 73 57 65 -7 0 0 0.00 M M 4.7 10 150 M M 7 8 16 110
15 71 61 66 -6 0 1 0.00 M M 4.8 10 160 M M 10 8 14 140
16 83 63 73 1 0 8 0.00 M M 4.4 13 150 M M 6 19 150
17 90 60 75 3 0 10 0.00 M M 5.4 13 120 M M 2 128 17 150
18 77 60 69 -3 0 4 0.00 M M 6.2 15 160 M M 6 8 20 160
19 76 62 69 -4 0 4 0.00 M M 6.0 15 140 M M 6 20 130
20 84 57 71 -2 0 6 0.00 M M 5.2 16 150 M M 0 8 23 160
21 84 59 72 -1 0 7 0.00 M M 4.6 17 140 M M 0 22 130
22 76 57 67 -6 0 2 0.00 M M 6.8 16 150 M M 2 21 150
23 81 56 69 -5 0 4 0.00 M M 4.9 13 120 M M 2 16 270
24 83 57 70 -4 0 5 0.00 M M 4.7 17 170 M M 0 20 160
25 83 57 70 -4 0 5 0.00 M M 4.6 15 150 M M 2 20 140
26 85 59 72 -2 0 7 0.00 M M 5.2 14 150 M M 0 19 140
27 85 60 73 -2 0 8 0.00 M M 5.6 15 110 M M 0 20 110
28 82 58 70 -5 0 5 0.00 M M 6.2 15 150 M M 3 18 20 160
29 87 59 73 -2 0 8 0.00 M M 5.2 13 150 M M 2 18 18 170
30 93 63 78 3 0 13 0.00 M M 4.5 12 110 M M 0 16 140
================================================================================
SM 2345 1768 5 117 0.02 M 150.0 M 132
================================================================================
AV 78.2 58.9 5.0 FASTST M M 5 MAX(MPH)
MISC ----> # 17 140 23 160
================================================================================
NOTES:
# LAST OF SEVERAL OCCURRENCES
COLUMN 17 PEAK WIND IN M.P.H.
PRELIMINARY LOCAL CLIMATOLOGICAL DATA (WS FORM: F-6) , PAGE 2
STATION: VAN NUYS AIRPORT CA
MONTH: JUNE
YEAR: 2023
LATITUDE: 34 13 N
LONGITUDE: 118 29 W
[TEMPERATURE DATA] [PRECIPITATION DATA] SYMBOLS USED IN COLUMN 16
AVERAGE MONTHLY: 68.6 TOTAL FOR MONTH: 0.02 1 = FOG OR MIST
DPTR FM NORMAL: -3.4 DPTR FM NORMAL: -0.05 2 = FOG REDUCING VISIBILITY
HIGHEST: 93 ON 30 GRTST 24HR 0.02 ON 6- 6 TO 1/4 MILE OR LESS
LOWEST: 54 ON 8 3 = THUNDER
SNOW, ICE PELLETS, HAIL 4 = ICE PELLETS
TOTAL MONTH: M 5 = HAIL
GRTST 24HR M ON M 6 = FREEZING RAIN OR DRIZZLE
GRTST DEPTH: M ON M 7 = DUSTSTORM OR SANDSTORM:
VSBY 1/2 MILE OR LESS
8 = SMOKE OR HAZE
[NO. OF DAYS WITH] [WEATHER - DAYS WITH] 9 = BLOWING SNOW
X = TORNADO
MAX 32 OR BELOW: 0 0.01 INCH OR MORE: 1
MAX 90 OR ABOVE: 2 0.10 INCH OR MORE: 0
MIN 32 OR BELOW: 0 0.50 INCH OR MORE: 0
MIN 0 OR BELOW: 0 1.00 INCH OR MORE: 0
[HDD (BASE 65) ]
TOTAL THIS MO. 5 CLEAR (SCALE 0-3) 14
DPTR FM NORMAL 0 PTCLDY (SCALE 4-7) 7
TOTAL FM JUL 1 1387 CLOUDY (SCALE 8-10) 9
DPTR FM NORMAL 164
[CDD (BASE 65) ]
TOTAL THIS MO. 117
DPTR FM NORMAL -98 [PRESSURE DATA]
TOTAL FM JAN 1 274 HIGHEST SLP M ON M
DPTR FM NORMAL -165 LOWEST SLP 29.77 ON 4
[REMARKS]
#FINAL-06-23#