000
CXUS52 KMLB 010635
CF6VRB
PRELIMINARY LOCAL CLIMATOLOGICAL DATA (WS FORM: F-6)
STATION: VERO BEACH
MONTH: MAY
YEAR: 2023
LATITUDE: 27 39 N
LONGITUDE: 80 25 W
TEMPERATURE IN F: :PCPN: SNOW: WIND :SUNSHINE: SKY :PK WND
================================================================================
1 2 3 4 5 6A 6B 7 8 9 10 11 12 13 14 15 16 17 18
12Z AVG MX 2MIN
DY MAX MIN AVG DEP HDD CDD WTR SNW DPTH SPD SPD DIR MIN PSBL S-S WX SPD DR
================================================================================
1 88 63 76 2 0 11 0.00 0.0 0 9.3 18 270 M M 0 23 260
2 90 63 77 2 0 12 0.00 0.0 0 11.1 21 240 M M 0 27 240
3 86 64 75 0 0 10 0.00 0.0 0 9.8 18 290 M M 0 23 290
4 83 56 70 -5 0 5 0.00 0.0 0 7.3 14 340 M M 0 8 18 360
5 84 62 73 -2 0 8 0.00 0.0 0 7.4 17 50 M M 0 1 24 60
6 84 67 76 1 0 11 0.12 0.0 0 10.5 21 30 M M 6 18 29 50
7 83 71 77 2 0 12 0.00 0.0 0 13.0 23 90 M M 2 30 60
8 81 67 74 -2 0 9 0.00 0.0 0 6.8 13 90 M M 0 21 100
9 87 61 74 -2 0 9 0.00 0.0 0 5.7 13 100 M M 0 21 20
10 88 65 77 1 0 12 0.00 0.0 0 5.5 13 90 M M 0 17 90
11 87 68 78 2 0 13 0.00 0.0 0 7.5 15 100 M M 1 1 23 120
12 86 75 81 5 0 16 0.00 0.0 0 11.4 20 100 M M 3 25 100
13 86 74 80 4 0 15 0.00 0.0 0 10.3 18 100 M M 3 26 90
14 85 64 75 -1 0 10 0.00 0.0 0 7.5 16 50 M M 2 24 50
15 86 66 76 -1 0 11 0.00 0.0 0 7.0 16 50 M M 2 23 30
16 87 68 78 1 0 13 0.00 0.0 0 7.1 14 120 M M 1 21 50
17 95 74 85 8 0 20 T 0.0 0 6.2 17 230 M M 4 3 23 240
18 88 67 78 1 0 13 T 0.0 0 5.8 23 180 M M 2 3 29 170
19 90 66 78 1 0 13 0.00 0.0 0 6.9 20 130 M M 1 26 120
20 89 70 80 3 0 15 0.00 0.0 0 6.0 15 100 M M 3 23 100
21 88 68 78 0 0 13 0.00 0.0 0 6.6 14 90 M M 2 20 60
22 89 70 80 2 0 15 0.40 0.0 0 6.9 17 70 M M 4 13 23 80
23 84 72 78 0 0 13 0.58 0.0 0 6.1 16 70 M M 5 138 22 360
24 85 70 78 0 0 13 0.60 0.0 0 4.1 18 60 M M 3 13 24 30
25 84 70 77 -1 0 12 0.11 0.0 0 5.6 17 20 M M 5 138 26 40
26 83 70 77 -1 0 12 0.35 0.0 0 8.7 22 330 M M 5 13 30 340
27 82 66 74 -4 0 9 0.00 0.0 0 7.3 13 50 M M 2 19 320
28 84 69 77 -1 0 12 0.00 0.0 0 8.5 15 60 M M 4 24 50
29 85 73 79 0 0 14 0.00 0.0 0 8.1 18 40 M M 3 24 40
30 87 65 76 -3 0 11 0.00 0.0 0 7.7 15 100 M M 0 21 80
31 85 74 80 1 0 15 0.38 0.0 0 9.7 20 120 M M 6 18 30 120
================================================================================
SM 2669 2098 0 377 2.54 0.0 241.4 M 69
================================================================================
AV 86.1 67.7 7.8 FASTST M M 2 MAX(MPH)
MISC ----> # 23 90 # 30 60
================================================================================
NOTES:
# LAST OF SEVERAL OCCURRENCES
COLUMN 17 PEAK WIND IN M.P.H.
PRELIMINARY LOCAL CLIMATOLOGICAL DATA (WS FORM: F-6) , PAGE 2
STATION: VERO BEACH
MONTH: MAY
YEAR: 2023
LATITUDE: 27 39 N
LONGITUDE: 80 25 W
[TEMPERATURE DATA] [PRECIPITATION DATA] SYMBOLS USED IN COLUMN 16
AVERAGE MONTHLY: 76.9 TOTAL FOR MONTH: 2.54 1 = FOG OR MIST
DPTR FM NORMAL: 0.2 DPTR FM NORMAL: -1.66 2 = FOG REDUCING VISIBILITY
HIGHEST: 95 ON 17 GRTST 24HR 0.97 ON 22-23 TO 1/4 MILE OR LESS
LOWEST: 56 ON 4 3 = THUNDER
SNOW, ICE PELLETS, HAIL 4 = ICE PELLETS
TOTAL MONTH: 0.0 INCH 5 = HAIL
GRTST 24HR 0.0 6 = FREEZING RAIN OR DRIZZLE
GRTST DEPTH: 0 7 = DUSTSTORM OR SANDSTORM:
VSBY 1/2 MILE OR LESS
8 = SMOKE OR HAZE
[NO. OF DAYS WITH] [WEATHER - DAYS WITH] 9 = BLOWING SNOW
X = TORNADO
MAX 32 OR BELOW: 0 0.01 INCH OR MORE: 7
MAX 90 OR ABOVE: 3 0.10 INCH OR MORE: 7
MIN 32 OR BELOW: 0 0.50 INCH OR MORE: 2
MIN 0 OR BELOW: 0 1.00 INCH OR MORE: 0
[HDD (BASE 65) ]
TOTAL THIS MO. 0 CLEAR (SCALE 0-3) 21
DPTR FM NORMAL 0 PTCLDY (SCALE 4-7) 10
TOTAL FM JUL 1 182 CLOUDY (SCALE 8-10) 0
DPTR FM NORMAL -217
[CDD (BASE 65) ]
TOTAL THIS MO. 377
DPTR FM NORMAL 12 [PRESSURE DATA]
TOTAL FM JAN 1 1234 HIGHEST SLP M ON M
DPTR FM NORMAL 347 LOWEST SLP 29.73 ON 25
[REMARKS]
#FINAL-05-23#