000
CXUS52 KMLB 011615
CLMVRB
CLIMATE REPORT
NATIONAL WEATHER SERVICE MELBOURNE FL
1215 PM EDT SAT JUL 01 2023
...................................
...THE VERO BEACH CLIMATE SUMMARY FOR THE MONTH OF JUNE 2023...
CLIMATE NORMAL PERIOD 1991 TO 2020
CLIMATE RECORD PERIOD 1942 TO 2023
WEATHER OBSERVED NORMAL DEPART LAST YEAR`S
VALUE DATE(S) VALUE FROM VALUE
NORMAL
..............................................................
TEMPERATURE (F)
MONTHLY RECORD
WARMEST 83.4 1998
COOLEST 77.5 1966
DAILY RECORD
HIGH 102 06/22/2009
LOW 57 06/01/1984
JUNE 2023
HIGHEST 95 06/15 98
06/19
06/27
LOWEST 65 06/06 65
AVG. MAXIMUM 90.3 88.9 1.4 89.4
AVG. MINIMUM 71.7 72.2 -0.5 72.2
MEAN 81.0 80.6 0.4 80.8
DAYS MAX >= 90 19 12.2 6.8 16
DAYS MAX <= 32 0 0.0 0.0 0
DAYS MIN <= 32 0 0.0 0.0 0
DAYS MIN <= 0 0 0.0 0.0 0
PRECIPITATION (INCHES)
MONTHLY RECORD
MAXIMUM 20.73 1992
MINIMUM 0.30 1998
DAILY RECORD
MAXIMUM 4.87 06/04/2022
JUNE 2023
TOTALS 11.20 6.76 4.44 10.63
DAYS >= .01 20 13.9 6.1 13
DAYS >= .10 14 9.1 4.9 9
DAYS >= .50 9 4.1 4.9 5
DAYS >= 1.00 3 2.4 0.6 3
GREATEST
24 HR. TOTAL 2.26 06/19 TO 06/20
SNOWFALL (INCHES)
TOTALS 0.0 0.0 0.0 0.0
SINCE 7/1 0.0 0.0 0.0 MM
DAYS >= TRACE 0 0
DEGREE DAYS
HEATING TOTAL 0 0 0 0
SINCE 7/1 182 399 -217 MM
COOLING TOTAL 487 466 21 482
SINCE 1/1 1721 1353 368 MM
..............................................................
WIND (MPH)
AVERAGE WIND SPEED 7.6
HIGHEST WIND SPEED/DIRECTION 51/230 DATE 06/15
HIGHEST GUST SPEED/DIRECTION 67/230 DATE 06/15
SKY COVER
POSSIBLE SUNSHINE (PERCENT) MM
AVERAGE SKY COVER 0.23
NUMBER OF DAYS FAIR 25
NUMBER OF DAYS PC 5
NUMBER OF DAYS CLOUDY 0
AVERAGE RH (PERCENT) 74
WEATHER CONDITIONS. NUMBER OF DAYS WITH
THUNDERSTORM 20 MIXED PRECIP 0
HEAVY RAIN 14 RAIN 11
LIGHT RAIN 19 LT FREEZING RAIN 0
HAIL 0 LIGHT SNOW 0
SLEET 0 FOG 18
FOG W/VIS <= 1/4 MILE 0 HAZE 8
- INDICATES NEGATIVE NUMBERS.
R INDICATES RECORD WAS SET OR TIED.
MM INDICATES DATA IS MISSING.
T INDICATES TRACE AMOUNT.
$$