000
CXUS51 KBTV 010700
CF6VSF
PRELIMINARY LOCAL CLIMATOLOGICAL DATA (WS FORM: F-6)
STATION: SPRINGFIELD VT
MONTH: SEPTEMBER
YEAR: 2022
LATITUDE: 43 19 N
LONGITUDE: 72 31 W
TEMPERATURE IN F: :PCPN: SNOW: WIND :SUNSHINE: SKY :PK WND
================================================================================
1 2 3 4 5 6A 6B 7 8 9 10 11 12 13 14 15 16 17 18
12Z AVG MX 2MIN
DY MAX MIN AVG DEP HDD CDD WTR SNW DPTH SPD SPD DIR MIN PSBL S-S WX SPD DR
================================================================================
1 71 48 60 -5 5 0 0.11 M M 6.0 20 270 M M 4 12 26 270
2 76 44 60 -5 5 0 0.00 M M 1.0 7 220 M M 1 12 10 160
3 81 48 65 1 0 0 0.00 M M 1.4 9 160 M M 2 12 12 160
4 87 55 71 7 0 6 0.00 M M 2.1 10 290 M M 2 12 17 290
5 67 60 64 0 1 0 0.92 M M 2.3 7 40 M M 10 1 11 50
6 63 59 61 -2 4 0 0.70 M M 0.6 7 60 M M 10 1 9 50
7 69 57 63 0 2 0 0.03 M M 0.3 5 190 M M 9 12 8 360
8 78 54 66 3 0 1 0.00 M M 1.5 7 70 M M 5 12 11 80
9 81 53 67 5 0 2 0.00 M M 1.0 6 180 M M 4 12 7 180
10 84 56 70 8 0 5 0.00 M M 0.6 8 250 M M 4 12 11 290
11 76 60 68 6 0 3 0.00 M M 0.7 7 150 M M 6 1 11 150
12 83 62 73 12 0 8 0.00 M M 1.2 7 150 M M 8 10 180
13 73 61 67 6 0 2 1.45 M M 1.7 15 210 M M 10 123 22 230
14 76 56 66 5 0 1 0.02 M M 5.8 17 270 M M 5 1 26 270
15 65 43 54 -6 11 0 0.00 M M 6.6 21 290 M M 1 27 280
16 68 40 54 -6 11 0 0.00 M M 3.4 17 280 M M 3 22 270
17 70 42 56 -3 9 0 0.00 M M 1.3 9 190 M M 2 12 12 190
18 74 49 62 3 3 0 0.29 M M 2.1 9 270 M M 6 12 13 290
19 67 57 62 3 3 0 0.97 M M 2.5 14 270 M M 10 123 18 280
20 71 56 64 6 1 0 0.11 M M 1.4 7 240 M M 9 1 9 140
21 71 52 62 4 3 0 0.00 M M 1.7 8 160 M M 6 12 12 170
22 67 50 59 2 6 0 0.46 M M 4.6 16 340 M M 6 1 25 340
23 54 46 50 -7 15 0 0.00 M M 6.6 18 300 M M 5 31 20
24 65 40 53 -3 12 0 0.00 M M 5.4 18 300 M M 0 25 280
25 60 41 51 -5 14 0 0.01 M M 1.2 8 190 M M 8 12 13 190
26 71 46 59 3 6 0 0.03 M M 3.1 23 250 M M 6 12 32 250
27 67 42 55 0 10 0 T M M 2.0 12 250 M M 8 12 15 190
28 67 45 56 1 9 0 0.01 M M 3.2 15 290 M M 7 1 23 290
29 61 37 49 -5 16 0 0.00 M M 2.7 13 20 M M 4 21 20
30 61 33 47 -7 18 0 0.00 M M 0.1 6 110 M M 3 12 8 90
================================================================================
SM 2124 1492 164 28 5.11 M 74.1 M 164
================================================================================
AV 70.8 49.7 2.5 FASTST M M 5 MAX(MPH)
MISC ----> 23 250 32 250
================================================================================
NOTES:
# LAST OF SEVERAL OCCURRENCES
COLUMN 17 PEAK WIND IN M.P.H.
PRELIMINARY LOCAL CLIMATOLOGICAL DATA (WS FORM: F-6) , PAGE 2
STATION: SPRINGFIELD VT
MONTH: SEPTEMBER
YEAR: 2022
LATITUDE: 43 19 N
LONGITUDE: 72 31 W
[TEMPERATURE DATA] [PRECIPITATION DATA] SYMBOLS USED IN COLUMN 16
AVERAGE MONTHLY: 60.3 TOTAL FOR MONTH: 5.11 1 = FOG OR MIST
DPTR FM NORMAL: 0.5 DPTR FM NORMAL: 1.50 2 = FOG REDUCING VISIBILITY
HIGHEST: 87 ON 4 GRTST 24HR 1.47 ON 5- 6 TO 1/4 MILE OR LESS
LOWEST: 33 ON 30 3 = THUNDER
SNOW, ICE PELLETS, HAIL 4 = ICE PELLETS
TOTAL MONTH: M 5 = HAIL
GRTST 24HR M ON M 6 = FREEZING RAIN OR DRIZZLE
GRTST DEPTH: M ON M 7 = DUSTSTORM OR SANDSTORM:
VSBY 1/2 MILE OR LESS
8 = SMOKE OR HAZE
[NO. OF DAYS WITH] [WEATHER - DAYS WITH] 9 = BLOWING SNOW
X = TORNADO
MAX 32 OR BELOW: 0 0.01 INCH OR MORE: 13
MAX 90 OR ABOVE: 0 0.10 INCH OR MORE: 8
MIN 32 OR BELOW: 0 0.50 INCH OR MORE: 4
MIN 0 OR BELOW: 0 1.00 INCH OR MORE: 1
[HDD (BASE 65) ]
TOTAL THIS MO. 164 CLEAR (SCALE 0-3) 8
DPTR FM NORMAL -24 PTCLDY (SCALE 4-7) 16
TOTAL FM JUL 1 174 CLOUDY (SCALE 8-10) 6
DPTR FM NORMAL -65
[CDD (BASE 65) ]
TOTAL THIS MO. 28
DPTR FM NORMAL -4 [PRESSURE DATA]
TOTAL FM JAN 1 553 HIGHEST SLP M ON M
DPTR FM NORMAL 177 LOWEST SLP 29.50 ON 22
[REMARKS]
#FINAL-09-22#