000
CXUS56 KLOX 011256
CF6WJF
PRELIMINARY LOCAL CLIMATOLOGICAL DATA (WS FORM: F-6)
STATION: LANCASTER FOX FIELD CA
MONTH: JANUARY
YEAR: 2024
LATITUDE: 34 43 N
LONGITUDE: 118 13 W
TEMPERATURE IN F: :PCPN: SNOW: WIND :SUNSHINE: SKY :PK WND
================================================================================
1 2 3 4 5 6A 6B 7 8 9 10 11 12 13 14 15 16 17 18
12Z AVG MX 2MIN
DY MAX MIN AVG DEP HDD CDD WTR SNW DPTH SPD SPD DIR MIN PSBL S-S WX SPD DR
================================================================================
1 57 31 44 0 21 0 0.00 M M 3.6 13 300 M M 0 15 310
2 61 28 45 1 20 0 0.00 M M 5.3 18 250 M M 0 22 260
3 52 42 47 3 18 0 0.21 M M 18.5 37 280 M M 2 1 42 280
4 54 38 46 2 19 0 0.00 M M 11.7 23 270 M M 0 29 280
5 57 30 44 0 21 0 0.00 M M 4.4 21 300 M M 0 28 310
6 59 24 42 -2 23 0 0.00 M M 10.7 28 270 M M 0 36 280
7 44 33 39 -5 26 0 0.00 M M 15.9 36 300 M M 2 46 310
8 49 23 36 -8 29 0 0.00 M M 3.7 10 300 M M 0 13 50
9 59 22 41 -3 24 0 0.00 M M 12.0 32 280 M M 0 41 280
10 49 40 45 0 20 0 0.00 M M 27.0 44 280 M M 0 8 52 280
11 51 37 44 -1 21 0 T M M 19.1 40 290 M M 1 55 300
12 62 26 44 -1 21 0 0.00 M M 8.9 37 260 M M 0 45 260
13 66 31 49 4 16 0 0.00 M M 14.4 33 280 M M 0 42 280
14 62 43 53 8 12 0 0.00 M M 18.7 36 270 M M 0 45 270
15 61 35 48 3 17 0 0.00 M M 3.4 10 290 M M 0 14 60
16 63 28 46 1 19 0 0.00 M M 3.1 15 260 M M 0 18 250
17 65 42 54 9 11 0 0.00 M M 20.0 37 270 M M 0 8 46 270
18 62 30 46 1 19 0 0.00 M M 3.7 10 290 M M 0 13 70
19 59 37 48 3 17 0 0.00 M M 2.4 9 90 M M 0 12 60
20 56 45 51 6 14 0 0.14 M M 7.7 17 260 M M 9 1 21 260
21 59 47 53 8 12 0 0.03 M M 11.5 23 220 M M 4 1 30 230
22 53 47 50 5 15 0 0.43 M M 7.5 24 280 M M 8 13 31 270
23 60 40 50 4 15 0 0.00 M M 11.6 23 280 M M 3 29 280
24 58 34 46 0 19 0 0.00 M M 9.3 28 280 M M 2 36 280
25 60 38 49 3 16 0 0.00 M M 15.8 30 280 M M 0 36 280
26 62 31 47 1 18 0 0.00 M M 4.9 15 70 M M 0 20 70
27 66 31 49 3 16 0 0.00 M M 4.6 16 70 M M 0 21 80
28 71 35 53 7 12 0 0.00 M M 6.2 17 60 M M 0 21 60
29 72 34 53 7 12 0 0.00 M M 5.5 18 80 M M 0 23 70
30 69 32 51 5 14 0 0.00 M M 3.4 8 290 M M 0 12 60
31 66 39 53 7 12 0 0.00 M M 6.0 18 250 M M 0 8 25 230
================================================================================
SM 1844 1073 549 0 0.81 M 300.5 M 31
================================================================================
AV 59.5 34.6 9.7 FASTST M M 1 MAX(MPH)
MISC ----> 44 280 55 300
================================================================================
NOTES:
# LAST OF SEVERAL OCCURRENCES
COLUMN 17 PEAK WIND IN M.P.H.
PRELIMINARY LOCAL CLIMATOLOGICAL DATA (WS FORM: F-6) , PAGE 2
STATION: LANCASTER FOX FIELD CA
MONTH: JANUARY
YEAR: 2024
LATITUDE: 34 43 N
LONGITUDE: 118 13 W
[TEMPERATURE DATA] [PRECIPITATION DATA] SYMBOLS USED IN COLUMN 16
AVERAGE MONTHLY: 47.0 TOTAL FOR MONTH: 0.81 1 = FOG OR MIST
DPTR FM NORMAL: 2.0 DPTR FM NORMAL: -0.65 2 = FOG REDUCING VISIBILITY
HIGHEST: 72 ON 29 GRTST 24HR 0.43 ON 22-22 TO 1/4 MILE OR LESS
LOWEST: 22 ON 9 3 = THUNDER
SNOW, ICE PELLETS, HAIL 4 = ICE PELLETS
TOTAL MONTH: M 5 = HAIL
GRTST 24HR M ON M 6 = FREEZING RAIN OR DRIZZLE
GRTST DEPTH: M ON M 7 = DUSTSTORM OR SANDSTORM:
VSBY 1/2 MILE OR LESS
8 = SMOKE OR HAZE
[NO. OF DAYS WITH] [WEATHER - DAYS WITH] 9 = BLOWING SNOW
X = TORNADO
MAX 32 OR BELOW: 0 0.01 INCH OR MORE: 4
MAX 90 OR ABOVE: 0 0.10 INCH OR MORE: 3
MIN 32 OR BELOW: 13 0.50 INCH OR MORE: 0
MIN 0 OR BELOW: 0 1.00 INCH OR MORE: 0
[HDD (BASE 65) ]
TOTAL THIS MO. 549 CLEAR (SCALE 0-3) 28
DPTR FM NORMAL -71 PTCLDY (SCALE 4-7) 2
TOTAL FM JUL 1 1601 CLOUDY (SCALE 8-10) 1
DPTR FM NORMAL -230
[CDD (BASE 65) ]
TOTAL THIS MO. 0
DPTR FM NORMAL 0 [PRESSURE DATA]
TOTAL FM JAN 1 0 HIGHEST SLP 30.45 ON 27
DPTR FM NORMAL 0 LOWEST SLP 29.73 ON 22
[REMARKS]
#FINAL-01-24#