000
CXUS55 KRIW 011010
CF6WRL
PRELIMINARY LOCAL CLIMATOLOGICAL DATA (WS FORM: F-6)
STATION: WORLAND WY
MONTH: MAY
YEAR: 2023
LATITUDE: 43 58 N
LONGITUDE: 107 57 W
TEMPERATURE IN F: :PCPN: SNOW: WIND :SUNSHINE: SKY :PK WND
================================================================================
1 2 3 4 5 6A 6B 7 8 9 10 11 12 13 14 15 16 17 18
12Z AVG MX 2MIN
DY MAX MIN AVG DEP HDD CDD WTR SNW DPTH SPD SPD DIR MIN PSBL S-S WX SPD DR
================================================================================
1 79 34 57 8 8 0 0.00 M M 7.0 22 120 M M 0 31 110
2 83 42 63 13 2 0 0.00 M M 8.5 26 180 M M 1 37 160
3 80 46 63 13 2 0 0.00 M M 4.8 15 100 M M 1 20 120
4 77 44 61 11 4 0 0.15 M M 7.6 40 130 M M 3 3 55 120
5 74 41 58 7 7 0 T M M 10.0 30 220 M M 2 3 39 290
6 62 36 49 -2 16 0 T M M 5.9 16 60 M M 2 23 80
7 61 33 47 -4 18 0 0.00 M M 5.6 24 290 M M 3 33 290
8 70 34 52 0 13 0 T M M 6.4 21 260 M M 2 32 250
9 74 41 58 6 7 0 T M M 7.9 22 220 M M 1 30 230
10 68 36 52 -1 13 0 0.29 M M 5.6 16 220 M M 2 1 22 220
11 60 47 54 1 11 0 0.28 M M 11.4 22 320 M M 10 1 28 330
12 65 46 56 3 9 0 0.00 M M 16.2 30 320 M M 3 43 320
13 62 46 54 0 11 0 T M M 13.0 24 330 M M 7 32 340
14 62 48 55 1 10 0 T M M 4.8 15 130 M M 9 23 110
15 73 44 59 5 6 0 0.00 M M 7.0 14 160 M M 2 20 150
16 79 45 62 7 3 0 0.01 M M 4.5 29 290 M M 1 35 300
17 73 50 62 7 3 0 T M M 8.1 22 340 M M 3 30 350
18 69 43 56 0 9 0 T M M 6.4 17 340 M M 5 8 23 330
19 75 38 57 1 8 0 0.00 M M 4.1 15 140 M M 0 18 19 160
20 83 38 61 5 4 0 0.00 M M 4.9 20 340 M M 0 30 350
21 83 44 64 7 1 0 0.00 M M 4.6 16 300 M M 0 20 300
22 86 48 67 10 0 2 M M M 6.6 33 260 M M 1 8 48 270
23 83 M M M M M M M M 6.1 20 300 M M 1 29 300
24 83 51 67 9 0 2 M M M 8.1 28 330 M M 1 38 330
25 81 47 64 6 1 0 0.00 M M 6.5 28 140 M M 0 3 40 140
26 77 47 62 4 3 0 0.08 M M 7.2 39 280 M M 2 3 56 280
27 78 42 60 1 5 0 0.00 M M 5.0 18 310 M M 1 3 25 330
28 76 46 61 2 4 0 0.00 M M 5.0 18 330 M M 3 23 330
29 78 44 61 1 4 0 0.00 M M 4.0 13 280 M M 3 17 10
30 82 47 65 5 0 0 0.00 M M 5.4 22 240 M M 1 28 220
31 83 45 64 4 1 0 0.00 M M 6.9 32 300 M M 1 45 310
================================================================================
SM 2319 1293 183 4 0.81 M 215.1 M 71
================================================================================
AV 74.8 43.1 6.9 FASTST M M 2 MAX(MPH)
MISC ----> 40 130 56 280
================================================================================
NOTES:
# LAST OF SEVERAL OCCURRENCES
COLUMN 17 PEAK WIND IN M.P.H.
PRELIMINARY LOCAL CLIMATOLOGICAL DATA (WS FORM: F-6) , PAGE 2
STATION: WORLAND WY
MONTH: MAY
YEAR: 2023
LATITUDE: 43 58 N
LONGITUDE: 107 57 W
[TEMPERATURE DATA] [PRECIPITATION DATA] SYMBOLS USED IN COLUMN 16
AVERAGE MONTHLY: 59.0 TOTAL FOR MONTH: 0.81 1 = FOG OR MIST
DPTR FM NORMAL: 4.2 DPTR FM NORMAL: -0.85 2 = FOG REDUCING VISIBILITY
HIGHEST: 86 ON 22 GRTST 24HR 0.57 ON 10-11 TO 1/4 MILE OR LESS
LOWEST: 33 ON 7 3 = THUNDER
SNOW, ICE PELLETS, HAIL 4 = ICE PELLETS
TOTAL MONTH: M 5 = HAIL
GRTST 24HR M ON M 6 = FREEZING RAIN OR DRIZZLE
GRTST DEPTH: M ON M 7 = DUSTSTORM OR SANDSTORM:
VSBY 1/2 MILE OR LESS
8 = SMOKE OR HAZE
[NO. OF DAYS WITH] [WEATHER - DAYS WITH] 9 = BLOWING SNOW
X = TORNADO
MAX 32 OR BELOW: 0 0.01 INCH OR MORE: 5
MAX 90 OR ABOVE: 0 0.10 INCH OR MORE: 3
MIN 32 OR BELOW: 0 0.50 INCH OR MORE: 0
MIN 0 OR BELOW: 0 1.00 INCH OR MORE: 0
[HDD (BASE 65) ]
TOTAL THIS MO. 183 CLEAR (SCALE 0-3) 27
DPTR FM NORMAL -142 PTCLDY (SCALE 4-7) 2
TOTAL FM JUL 1 8599 CLOUDY (SCALE 8-10) 2
DPTR FM NORMAL 746
[CDD (BASE 65) ]
TOTAL THIS MO. 4
DPTR FM NORMAL -5 [PRESSURE DATA]
TOTAL FM JAN 1 4 HIGHEST SLP 29.94 ON 26
DPTR FM NORMAL -5 LOWEST SLP 29.63 ON 31
[REMARKS]
#FINAL-05-23#