000
CXUS55 KRIW 011635
CLMWRL
CLIMATE REPORT
NATIONAL WEATHER SERVICE RIVERTON WY
1000 AM MDT SAT JUL 01 2023
...PRELIMINARY MONTHLY CLIMATE SUMMARY FOR WORLAND MUNICIPAL AIRPORT
FOR THE MONTH OF JUNE 2023...
...OFFICIAL CLIMATE DATA FOR THE MONTH OF JUNE 2023 WILL BE
AVAILABLE APPROXIMATELY IN 60 DAYS FROM THE NATIONAL CENTERS FOR
ENVIRONMENTAL INFORMATION (HTTP://WWW.NCDC.NOAA.GOV/CDO-
WEB/DATASETS). UNOFFICIAL ASOS DAILY SUMMARIES ARE AVAILABLE ON THE
INTERNET AT HTTP://WWW.WEATHER.GOV/CLIMATE/INDEX.PHP?WFO=RIW
...WORLAND WAS COLDER AND MUCH WETTER THAN NORMAL IN JUNE...
AVERAGE TEMPERATURE FOR WORLAND IN JUNE WAS 63.3 DEGREES WHICH WAS
1.3 DEGREES BELOW NORMAL. THE WARMEST READING OF THE MONTH WAS 85
DEGREES ON THE 6TH. THE COLDEST READING FOR THE MONTH WAS 44 DEGREES
17TH. NO TEMPERATURE RECORDS WERE BROKEN.
TOTAL PRECIPITATION FOR THE MONTH WAS 3.34 INCHES...WHICH WAS 344
PERCENT OF NORMAL. THIS WAS THE 2ND WETTEST JUNE ON RECORD. THE
WETTEST 24-HOUR PERIOD DURING THE MONTH WAS ON THE 15-16TH WHEN 1.07
INCHES FELL. THE 16TH HAD 0.78 INCHES...WHICH BROKE THE 1990 RECORD
OF 0.67. THE 20TH HAD 0.14 INCHES AND BROKE THE 2004 RECORD OF 0.11.
THE 23RD HAD 0.37 INCHES AND BROKE THE 1967 RECORD OF 0.33. THE
HIGHEST WIND GUST WAS 63 MPH FROM THE SOUTHWEST ON THE 26TH.
...THE WORLAND WY CLIMATE SUMMARY FOR THE MONTH OF JUNE 2023...
CLIMATE NORMAL PERIOD: 1991 TO 2020
CLIMATE RECORD PERIOD: 1947 TO 2023
WEATHER OBSERVED NORMAL DEPART LAST YEAR`S
VALUE DATE(S) VALUE FROM VALUE
NORMAL
..............................................................
TEMPERATURE (F)
RECORD
HIGH 107 06/30/1990
06/27/1970
LOW 31 06/15/2022
HIGHEST 85 06/06
LOWEST 44 06/17
AVG. MAXIMUM 75.4 81.0 -5.6
AVG. MINIMUM 51.3 48.2 3.1
MEAN 63.3 64.6 -1.3
DAYS MAX >= 90 0
DAYS MAX <= 32 0
DAYS MIN <= 32 0
DAYS MIN <= 0 0
PRECIPITATION (INCHES)
RECORD
MAXIMUM 3.47 MM
MINIMUM 0.01 2012
TOTALS 3.34 0.97 2.37 0.27
DAILY AVG. 0.11 0.03 0.08
DAYS >= .01 17
DAYS >= .10 9
DAYS >= .50 2
DAYS >= 1.00 0
GREATEST
24 HR. TOTAL 1.07 06/15 TO 06/16
STORM TOTAL 0.78
DEGREE DAYS
HEATING TOTAL 70 91 -21
SINCE 7/1 8669 7944 725
COOLING TOTAL 28 79 -51
SINCE 1/1 32 88 -56
..............................................................
WIND (MPH)
AVERAGE WIND SPEED 6.2
RESULTANT WIND SPEED/DIRECTION 0/180
HIGHEST WIND SPEED/DIRECTION 40/260 DATE 06/26
HIGHEST GUST SPEED/DIRECTION 63/250 DATE 06/26
SKY COVER
POSSIBLE SUNSHINE (PERCENT) MM
AVERAGE SKY COVER 0.41
NUMBER OF DAYS FAIR 16
NUMBER OF DAYS PC 8
NUMBER OF DAYS CLOUDY 6
AVERAGE RH (PERCENT) 69
WEATHER CONDITIONS. NUMBER OF DAYS WITH
THUNDERSTORM 15 MIXED PRECIP 0
HEAVY RAIN 5 RAIN 8
LIGHT RAIN 22 FREEZING RAIN 0
LT FREEZING RAIN 0 HAIL 0
HEAVY SNOW 0 SNOW 0
LIGHT SNOW 0 SLEET 0
FOG 12 FOG W/VIS <= 1/4 MILE 0
HAZE 1
- INDICATES NEGATIVE NUMBERS.
R INDICATES RECORD WAS SET OR TIED.
MM INDICATES DATA IS MISSING.
T INDICATES TRACE AMOUNT.
LOOKING AHEAD TO JULY 2023...THE AVERAGE HIGH TEMPERATURE ON THE
FIRST OF THE MONTH IS 87 DEGREES...AND THE AVERAGE LOW TEMPERATURE
IS 52 DEGREES. THE AVERAGE HIGH BY THE END OF THE MONTH IS 91
DEGREES...AND THE AVERAGE LOW TEMPERATURE IS 55 DEGREES. THE AVERAGE
MONTHLY PRECIPITATION IS 0.64 INCHES.
$$