000
CXUS56 KPDT 011540
CLMYKM
CLIMATE REPORT
NATIONAL WEATHER SERVICE PENDLETON, OR
840 AM PDT SAT JUL 01 2023
...................................
...THE YAKIMA WA CLIMATE SUMMARY FOR THE MONTH OF JUNE 2023...
CLIMATE NORMAL PERIOD 1991 TO 2020
CLIMATE RECORD PERIOD 1946 TO 2023
WEATHER OBSERVED NORMAL DEPART LAST YEAR`S
VALUE DATE(S) VALUE FROM VALUE DATE(S)
NORMAL
................................................................
TEMPERATURE (F)
RECORD
HIGH 113 06/29/2021
LOW 30 06/02/1976
06/02/1976
06/01/1976
HIGHEST 96 06/29 98 06/27
06/30
LOWEST 35 06/19 40 06/15
AVG. MAXIMUM 84.1 80.7 3.4 79.0
AVG. MINIMUM 52.4 49.5 2.9 50.5
MEAN 68.3 65.1 3.2 64.8
DAYS MAX >= 90 9 4.6 4.4 2
DAYS MAX <= 32 0 0.0 0.0 0
DAYS MIN <= 32 0 0.1 -0.1 0
DAYS MIN <= 0 0 0.0 0.0 0
PRECIPITATION (INCHES)
RECORD
MAXIMUM 2.53 1991
MINIMUM T 2003
TOTALS 0.07 0.50 -0.43 0.71
DAILY AVG. 0.00 0.02 -0.02 0.02
DAYS >= .01 5 4.6 0.4 6
DAYS >= .10 0 1.6 -1.6 2
DAYS >= .50 0 0.1 -0.1 0
DAYS >= 1.00 0 0.0 0.0 0
GREATEST
24 HR. TOTAL 0.03 06/08 TO 06/09 0.51 06/04 TO 06/05
DEGREE DAYS
HEATING TOTAL 43 82 -39 57
SINCE 7/1 5823 5756 67
COOLING TOTAL 149 85 64 59
SINCE 1/1 244 113 131
................................................................
WIND (MPH)
AVERAGE WIND SPEED 6.8
RESULTANT WIND SPEED/DIRECTION 4/300
HIGHEST WIND SPEED/DIRECTION 31/270 DATE 06/13
HIGHEST GUST SPEED/DIRECTION 43/280 DATE 06/13
AVERAGE RH (PERCENT) 43
WEATHER CONDITIONS. NUMBER OF DAYS WITH
THUNDERSTORM 3 MIXED PRECIP 0
HEAVY RAIN 0 RAIN 0
LIGHT RAIN 6 FREEZING RAIN 0
LT FREEZING RAIN 0 HAIL 0
HEAVY SNOW 0 SNOW 0
LIGHT SNOW 0 SLEET 0
FOG 0 FOG W/VIS <= 1/4 MILE 0
HAZE 2
- INDICATES NEGATIVE NUMBERS.
R INDICATES RECORD WAS SET OR TIED.
MM INDICATES DATA IS MISSING.
T INDICATES TRACE AMOUNT.
$$