000
CXUS51 KPBZ 251516
CF6ZZV
PRELIMINARY LOCAL CLIMATOLOGICAL DATA (WS FORM: F-6)
STATION: ZANESVILLE OH
MONTH: MARCH
YEAR: 2023
LATITUDE: 39 56 N
LONGITUDE: 81 54 W
TEMPERATURE IN F: :PCPN: SNOW: WIND :SUNSHINE: SKY :PK WND
================================================================================
1 2 3 4 5 6A 6B 7 8 9 10 11 12 13 14 15 16 17 18
12Z AVG MX 2MIN
DY MAX MIN AVG DEP HDD CDD WTR SNW DPTH SPD SPD DIR MIN PSBL S-S WX SPD DR
================================================================================
1 74 31 53 16 12 0 0.12 M M 7.8 20 230 M M 1 3 26 220
2 60 36 48 11 17 0 0.00 M M 6.5 14 270 M M 1 8 21 250
3 60 35 48 11 17 0 0.61 M M 12.0 32 170 M M 7 1 42 150
4 52 37 45 7 20 0 0.01 M M 10.4 32 260 M M 5 18 45 250
5 56 31 44 6 21 0 0.00 M M 3.8 14 320 M M 1 18 330
6 71 36 54 16 11 0 0.01 M M 7.9 18 360 M M 3 28 20
7 48 31 40 1 25 0 0.00 M M 10.4 20 10 M M 4 27 10
8 50 26 38 -1 27 0 0.00 M M 6.9 15 330 M M 0 19 330
9 53 27 40 1 25 0 0.00 M M 5.0 12 30 M M 0 15 70
10 45 34 40 0 25 0 0.13 M M 9.3 22 270 M M 10 1 31 290
11 37 29 33 -7 32 0 0.00 M M 6.0 16 330 M M 9 21 340
12 38 30 34 -6 31 0 0.07 M M 5.3 12 90 M M 9 128 16 110
13 37 27 32 -8 33 0 T M M 6.7 20 260 M M 9 18 25 260
14 32 26 29 -12 36 0 T M M 11.3 18 310 M M 10 1 25 280
15 47 23 35 -6 30 0 0.00 M M 3.2 13 250 M M 0 17 250
16 60 25 43 1 22 0 T M M 6.9 18 200 M M 2 22 180
17 58 33 46 4 19 0 0.30 M M 12.6 23 240 M M 10 1 30 270
18 38 20 29 -13 36 0 T M M 13.5 28 260 M M 8 8 38 260
19 35 18 27 -16 38 0 T M M 9.2 16 270 M M 4 24 260
20 49 20 35 -8 30 0 0.00 M M 8.2 17 200 M M 0 22 200
21 60 22 41 -2 24 0 0.00 M M 5.4 18 190 M M 2 24 190
22 55 44 50 6 15 0 0.01 M M 8.9 25 200 M M 10 29 190
23 70 47 59 15 6 0 0.94 M M 8.0 21 340 M M 10 13 29 350
24 47 38 43 -1 22 0 0.65 M M 7.2 14 50 M M 10 18 17 10
25 70 42 56 11 9 0 0.31 M M 15.6 40 260 M M 6 1 57 260
26 62 29 46 1 19 0 0.00 M M 3.2 13 260 M M 0 17 280
27 59 36 48 2 17 0 T M M 7.3 17 300 M M 6 30 20
28 52 34 43 -3 22 0 0.00 M M 5.6 13 330 M M 4 20 10
29 55 27 41 -5 24 0 T M M 8.4 24 320 M M 3 34 260
30 57 23 40 -7 25 0 0.00 M M 3.0 10 180 M M 0 17 230
31 59 42 51 4 14 0 0.13 M M 10.8 21 170 M M 8 1 29 180
================================================================================
SM 1646 959 704 0 3.29 M 246.3 M 152
================================================================================
AV 53.1 30.9 7.9 FASTST M M 5 MAX(MPH)
MISC ----> 40 260 57 260
================================================================================
NOTES:
# LAST OF SEVERAL OCCURRENCES
COLUMN 17 PEAK WIND IN M.P.H.
PRELIMINARY LOCAL CLIMATOLOGICAL DATA (WS FORM: F-6) , PAGE 2
STATION: ZANESVILLE OH
MONTH: MARCH
YEAR: 2023
LATITUDE: 39 56 N
LONGITUDE: 81 54 W
[TEMPERATURE DATA] [PRECIPITATION DATA] SYMBOLS USED IN COLUMN 16
AVERAGE MONTHLY: 42.0 TOTAL FOR MONTH: 3.29 1 = FOG OR MIST
DPTR FM NORMAL: 0.4 DPTR FM NORMAL: 0.05 2 = FOG REDUCING VISIBILITY
HIGHEST: 74 ON 1 GRTST 24HR 1.31 ON 23-24 TO 1/4 MILE OR LESS
LOWEST: 18 ON 19 3 = THUNDER
SNOW, ICE PELLETS, HAIL 4 = ICE PELLETS
TOTAL MONTH: M 5 = HAIL
GRTST 24HR M ON M 6 = FREEZING RAIN OR DRIZZLE
GRTST DEPTH: M ON M 7 = DUSTSTORM OR SANDSTORM:
VSBY 1/2 MILE OR LESS
8 = SMOKE OR HAZE
[NO. OF DAYS WITH] [WEATHER - DAYS WITH] 9 = BLOWING SNOW
X = TORNADO
MAX 32 OR BELOW: 1 0.01 INCH OR MORE: 12
MAX 90 OR ABOVE: 0 0.10 INCH OR MORE: 8
MIN 32 OR BELOW: 18 0.50 INCH OR MORE: 3
MIN 0 OR BELOW: 0 1.00 INCH OR MORE: 0
[HDD (BASE 65) ]
TOTAL THIS MO. 704 CLEAR (SCALE 0-3) 12
DPTR FM NORMAL -21 PTCLDY (SCALE 4-7) 10
TOTAL FM JUL 1 4193 CLOUDY (SCALE 8-10) 9
DPTR FM NORMAL -526
[CDD (BASE 65) ]
TOTAL THIS MO. 0
DPTR FM NORMAL -1 [PRESSURE DATA]
TOTAL FM JAN 1 0 HIGHEST SLP 30.49 ON 8
DPTR FM NORMAL -1 LOWEST SLP 28.97 ON 3
[REMARKS]
#FINAL-03-23#